000
CDUS43 KDLH 102231
CLIDLH


CLIMATE REPORT
NATIONAL WEATHER SERVICE DULUTH MN
428 PM CST WED JAN 10 2018


...................................

...THE DULUTH CLIMATE SUMMARY FOR JANUARY 10 2018...
VALID TODAY AS OF 0400 PM LOCAL TIME.

CLIMATE NORMAL PERIOD 1981 TO 2010
CLIMATE RECORD PERIOD 1870 TO 2018


WEATHER ITEM   OBSERVED TIME   RECORD YEAR NORMAL DEPARTURE LAST
                VALUE   (LST)  VALUE       VALUE  FROM      YEAR
                                                  NORMAL
..................................................................
TEMPERATURE (F)
 TODAY
  MAXIMUM         35    228 AM  47    2012  19     16       24
  MINIMUM         32   1117 AM -36    1912   1     31       -2
  AVERAGE         34                        10     24       11

PRECIPITATION (IN)
  TODAY            0.00          1.14 1975   0.03  -0.03     0.20
  MONTH TO DATE    0.03                      0.35  -0.32     0.53
  SINCE DEC 1      0.86                      1.56  -0.70     2.60
  SINCE JAN 1      0.03                      0.35  -0.32     0.53

SNOWFALL (IN)
  TODAY            0.0           4.3  1975   0.7   -0.7      3.7
  MONTH TO DATE    0.4                       6.7   -6.3      9.1
  SINCE JUL 1     35.4                      40.5   -5.1     38.5
  SNOW DEPTH       5

DEGREE DAYS
 HEATING
  TODAY           31                        55    -24       54
  MONTH TO DATE  593                       547     46      599
  SINCE DEC 1   2276                      2103    173     2111
  SINCE JUL 1   4422                      4316    106     3593

 COOLING
  TODAY            0                         0      0        0
  MONTH TO DATE    0                         0      0        0
  SINCE DEC 1      0                         0      0        0
  SINCE JAN 1      0                         0      0        0
..................................................................


WIND (MPH)
  HIGHEST WIND SPEED    22   HIGHEST WIND DIRECTION     S (200)
  HIGHEST GUST SPEED    28   HIGHEST GUST DIRECTION     S (200)
  AVERAGE WIND SPEED    12.3


SKY COVER
  AVERAGE SKY COVER 0.6


WEATHER CONDITIONS
 THE FOLLOWING WEATHER WAS RECORDED TODAY.
  FOG


RELATIVE HUMIDITY (PERCENT)
 HIGHEST   100          1000 AM
 LOWEST     61           300 AM
 AVERAGE    81

..........................................................


THE DULUTH CLIMATE NORMALS FOR TOMORROW
                         NORMAL    RECORD    YEAR
 MAXIMUM TEMPERATURE (F)   19        42      1986
 MINIMUM TEMPERATURE (F)    1       -35      1912


SUNRISE AND SUNSET
JANUARY 10 2018.......SUNRISE   752 AM CST   SUNSET   441 PM CST
JANUARY 11 2018.......SUNRISE   752 AM CST   SUNSET   442 PM CST


-  INDICATES NEGATIVE NUMBERS.
R  INDICATES RECORD WAS SET OR TIED.
MM INDICATES DATA IS MISSING.
T  INDICATES TRACE AMOUNT.




$$
