000
CDUS43 KDLH 280637
CLIDLH


CLIMATE REPORT
NATIONAL WEATHER SERVICE DULUTH MN
135 AM CDT MON AUG 28 2017


...................................

...THE DULUTH MN CLIMATE SUMMARY FOR AUGUST 27 2017...

CLIMATE NORMAL PERIOD 1981 TO 2010
CLIMATE RECORD PERIOD 1870 TO 2017


WEATHER ITEM   OBSERVED TIME   RECORD YEAR NORMAL DEPARTURE LAST
                VALUE   (LST)  VALUE       VALUE  FROM      YEAR
                                                  NORMAL
..................................................................
TEMPERATURE (F)
 YESTERDAY
  MAXIMUM         64   1130 AM  92    1984  72     -8       64
  MINIMUM         58   1159 PM  32    1986  53      5       57
  AVERAGE         61                        62     -1       61

PRECIPITATION (IN)
  YESTERDAY        0.16          1.54 2008   0.12   0.04     0.32
  MONTH TO DATE    7.16                      3.20   3.96     3.24
  SINCE JUN 1     16.48                     11.28   5.20    12.09
  SINCE JAN 1     27.62                     20.20   7.42    22.20

SNOWFALL (IN)
  YESTERDAY        0.0           T    1995   0.0    0.0      0.0
  MONTH TO DATE    0.0                       0.0    0.0      0.0
  SINCE JUN 1      T                         0.0    0.0       T
  SINCE JUL 1      T                         0.0    0.0      0.0
  SNOW DEPTH       0

DEGREE DAYS
 HEATING
  YESTERDAY        4                         4      0        4
  MONTH TO DATE  101                        68     33       23
  SINCE JUN 1    285                       310    -25      194
  SINCE JUL 1    154                       131     23       52

 COOLING
  YESTERDAY        0                         1     -1        0
  MONTH TO DATE   17                        63    -46      103
  SINCE JUN 1    100                       183    -83      249
  SINCE JAN 1    100                       187    -87      258
..................................................................


WIND (MPH)
  HIGHEST WIND SPEED    14   HIGHEST WIND DIRECTION    NW (320)
  HIGHEST GUST SPEED    19   HIGHEST GUST DIRECTION     N (340)
  AVERAGE WIND SPEED     7.6


SKY COVER
  AVERAGE SKY COVER 1.0


WEATHER CONDITIONS
 THE FOLLOWING WEATHER WAS RECORDED YESTERDAY.
  LIGHT RAIN
  FOG


RELATIVE HUMIDITY (PERCENT)
 HIGHEST   100          1200 AM
 LOWEST     84          1100 AM
 AVERAGE    92

..........................................................


THE DULUTH MN CLIMATE NORMALS FOR TODAY
                         NORMAL    RECORD    YEAR
 MAXIMUM TEMPERATURE (F)   72        91      1984
 MINIMUM TEMPERATURE (F)   53        34      1982


SUNRISE AND SUNSET
AUGUST 28 2017........SUNRISE   623 AM CDT   SUNSET   755 PM CDT
AUGUST 29 2017........SUNRISE   625 AM CDT   SUNSET   753 PM CDT


-  INDICATES NEGATIVE NUMBERS.
R  INDICATES RECORD WAS SET OR TIED.
MM INDICATES DATA IS MISSING.
T  INDICATES TRACE AMOUNT.




$$
