000
CDUS43 KDLH 040628
CLIDLH


CLIMATE REPORT
NATIONAL WEATHER SERVICE DULUTH MN
127 AM CDT THU MAY 4 2017


...................................

...THE DULUTH MN CLIMATE SUMMARY FOR MAY 3 2017...

CLIMATE NORMAL PERIOD 1981 TO 2010
CLIMATE RECORD PERIOD 1870 TO 2017


WEATHER ITEM   OBSERVED TIME   RECORD YEAR NORMAL DEPARTURE LAST
                VALUE   (LST)  VALUE       VALUE  FROM      YEAR
                                                  NORMAL
..................................................................
TEMPERATURE (F)
 YESTERDAY
  MAXIMUM         66    130 PM  85    1952  58      8       68
  MINIMUM         41    528 AM  16    1907  37      4       45
  AVERAGE         54                        47      7       57

PRECIPITATION (IN)
  YESTERDAY        0.01          1.67 1912   0.10  -0.09      T
  MONTH TO DATE    0.53                      0.30   0.23      T
  SINCE MAR 1      4.60                      4.22   0.38     6.36
  SINCE JAN 1      7.56                      5.99   1.57     8.24

SNOWFALL (IN)
  YESTERDAY        0.0           1.9  1954   0.0    0.0      0.0
  MONTH TO DATE    0.8                       0.1    0.7      0.0
  SINCE MAR 1      8.0                      20.2  -12.2     27.1
  SINCE JUL 1     67.0                      85.8  -18.8     81.3
  SNOW DEPTH       0

DEGREE DAYS
 HEATING
  YESTERDAY       11                        18     -7        8
  MONTH TO DATE   56                        54      2       47
  SINCE MAR 1   1927                      2026    -99     1884
  SINCE JUL 1   7617                      8893  -1276     7721

 COOLING
  YESTERDAY        0                         0      0        0
  MONTH TO DATE    0                         0      0        0
  SINCE MAR 1      0                         0      0        0
  SINCE JAN 1      0                         0      0        0
..................................................................


WIND (MPH)
  HIGHEST WIND SPEED    28   HIGHEST WIND DIRECTION     W (250)
  HIGHEST GUST SPEED    33   HIGHEST GUST DIRECTION    SW (230)
  AVERAGE WIND SPEED    11.2


SKY COVER
  AVERAGE SKY COVER 0.5


WEATHER CONDITIONS
 THE FOLLOWING WEATHER WAS RECORDED YESTERDAY.
  LIGHT RAIN


RELATIVE HUMIDITY (PERCENT)
 HIGHEST    80          1100 PM
 LOWEST     36           300 PM
 AVERAGE    58

..........................................................


THE DULUTH MN CLIMATE NORMALS FOR TODAY
                         NORMAL    RECORD    YEAR
 MAXIMUM TEMPERATURE (F)   58        86      1980
 MINIMUM TEMPERATURE (F)   37        23      1967


SUNRISE AND SUNSET
MAY  4 2017...........SUNRISE   548 AM CDT   SUNSET   823 PM CDT
MAY  5 2017...........SUNRISE   547 AM CDT   SUNSET   824 PM CDT


-  INDICATES NEGATIVE NUMBERS.
R  INDICATES RECORD WAS SET OR TIED.
MM INDICATES DATA IS MISSING.
T  INDICATES TRACE AMOUNT.




$$
