000
CDUS43 KDLH 180618
CLIDLH


CLIMATE REPORT
NATIONAL WEATHER SERVICE DULUTH MN
118 AM CDT MON AUG 18 2014


...................................

...THE DULUTH MN CLIMATE SUMMARY FOR AUGUST 17 2014...

CLIMATE NORMAL PERIOD 1981 TO 2010
CLIMATE RECORD PERIOD 1870 TO 2014


WEATHER ITEM   OBSERVED TIME   RECORD YEAR NORMAL DEPARTURE LAST
                VALUE   (LST)  VALUE       VALUE  FROM      YEAR
                                                  NORMAL
..................................................................
TEMPERATURE (F)
 YESTERDAY
  MAXIMUM         60    129 PM  91    1934  74    -14       82
  MINIMUM         55    753 PM  39    1981  55      0       58
  AVERAGE         58                        64     -6       70

PRECIPITATION (IN)
  YESTERDAY        0.68          1.98 1971   0.12   0.56     0.00
  MONTH TO DATE    2.41                      1.98   0.43     0.55
  SINCE JUN 1     10.30                     10.06   0.24     6.82
  SINCE JAN 1     22.73                     18.98   3.75    20.16

SNOWFALL (IN)
  YESTERDAY        0.0           0.0  2002   0.0    0.0      0.0
                                      2001
  MONTH TO DATE    0.0                       0.0    0.0      0.0
  SINCE JUN 1      T                         0.0    0.0      0.0
  SINCE JUL 1      0.0                       0.0    0.0      0.0
  SNOW DEPTH       0

DEGREE DAYS
 HEATING
  YESTERDAY        7                         3      4        0
  MONTH TO DATE   14                        35    -21       27
  SINCE JUN 1    216                       277    -61      220
  SINCE JUL 1     54                        98    -44       74

 COOLING
  YESTERDAY        0                         2     -2        5
  MONTH TO DATE   30                        44    -14       17
  SINCE JUN 1    144                       164    -20      211
  SINCE JAN 1    162                       168     -6      212
..................................................................


WIND (MPH)
  HIGHEST WIND SPEED    21   HIGHEST WIND DIRECTION     E (100)
  HIGHEST GUST SPEED    27   HIGHEST GUST DIRECTION     E (100)
  AVERAGE WIND SPEED    13.7


SKY COVER
  AVERAGE SKY COVER 0.9


WEATHER CONDITIONS
 THE FOLLOWING WEATHER WAS RECORDED YESTERDAY.
  HEAVY RAIN
  RAIN
  LIGHT RAIN
  FOG
  HAZE


RELATIVE HUMIDITY (PERCENT)
 HIGHEST    93           500 PM
 LOWEST     72          1100 AM
 AVERAGE    83

..........................................................


THE DULUTH MN CLIMATE NORMALS FOR TODAY
                         NORMAL    RECORD    YEAR
 MAXIMUM TEMPERATURE (F)   74        92      1955
                                             1934
 MINIMUM TEMPERATURE (F)   55        38      1975
                                             1950


SUNRISE AND SUNSET
AUGUST 18 2014........SUNRISE   610 AM CDT   SUNSET   814 PM CDT
AUGUST 19 2014........SUNRISE   612 AM CDT   SUNSET   812 PM CDT


-  INDICATES NEGATIVE NUMBERS.
R  INDICATES RECORD WAS SET OR TIED.
MM INDICATES DATA IS MISSING.
T  INDICATES TRACE AMOUNT.




$$
