000
CDUS43 KDLH 140625
CLIDLH


CLIMATE REPORT
NATIONAL WEATHER SERVICE DULUTH MN
1225 AM CST SAT FEB 14 2015


...................................

...THE DULUTH MN CLIMATE SUMMARY FOR FEBRUARY 13 2015...

CLIMATE NORMAL PERIOD 1981 TO 2010
CLIMATE RECORD PERIOD 1870 TO 2015


WEATHER ITEM   OBSERVED TIME   RECORD YEAR NORMAL DEPARTURE LAST
                VALUE   (LST)  VALUE       VALUE  FROM      YEAR
                                                  NORMAL
..................................................................
TEMPERATURE (F)
 YESTERDAY
  MAXIMUM         18    404 PM  47    1947  23     -5       22
  MINIMUM          3   1159 PM -29    1905   5     -2        2
  AVERAGE         11                        14     -3       12

PRECIPITATION (IN)
  YESTERDAY        0.02          0.67 1923   0.03  -0.01     0.27
  MONTH TO DATE    0.27                      0.31  -0.04     0.32
  SINCE DEC 1      1.99                      2.48  -0.49     3.93
  SINCE JAN 1      0.73                      1.27  -0.54     1.05

SNOWFALL (IN)
  YESTERDAY        1.3           5.6  2014   0.4    0.9      5.6
  MONTH TO DATE    5.5                       5.3    0.2      7.5
  SINCE DEC 1     20.7                      42.4  -21.7     56.8
  SINCE JUL 1     37.2                      58.5  -21.3     61.8
  SNOW DEPTH       9

DEGREE DAYS
 HEATING
  YESTERDAY       54                        51      3       53
  MONTH TO DATE  707                       681     26      822
  SINCE DEC 1   3664                      3936   -272     4643
  SINCE JUL 1   5879                      6149   -270     6600

 COOLING
  YESTERDAY        0                         0      0        0
  MONTH TO DATE    0                         0      0        0
  SINCE DEC 1      0                         0      0        0
  SINCE JAN 1      0                         0      0        0
..................................................................


WIND (MPH)
  HIGHEST WIND SPEED    28   HIGHEST WIND DIRECTION    NW (300)
  HIGHEST GUST SPEED    36   HIGHEST GUST DIRECTION    NW (300)
  AVERAGE WIND SPEED    13.4


SKY COVER
  AVERAGE SKY COVER 0.8


WEATHER CONDITIONS
 THE FOLLOWING WEATHER WAS RECORDED YESTERDAY.
  SNOW
  LIGHT SNOW
  FOG
  HAZE
  BLOWING SNOW


RELATIVE HUMIDITY (PERCENT)
 HIGHEST    80           500 AM
 LOWEST     53           500 PM
 AVERAGE    67

..........................................................


THE DULUTH MN CLIMATE NORMALS FOR TODAY
                         NORMAL    RECORD    YEAR
 MAXIMUM TEMPERATURE (F)   24        48      1882
 MINIMUM TEMPERATURE (F)    6       -24      1970
                                             1949
                                             1879


SUNRISE AND SUNSET
FEBRUARY 14 2015......SUNRISE   715 AM CST   SUNSET   532 PM CST
FEBRUARY 15 2015......SUNRISE   713 AM CST   SUNSET   533 PM CST


-  INDICATES NEGATIVE NUMBERS.
R  INDICATES RECORD WAS SET OR TIED.
MM INDICATES DATA IS MISSING.
T  INDICATES TRACE AMOUNT.




$$
