000
CDUS43 KDLH 190628
CLIDLH


CLIMATE REPORT
NATIONAL WEATHER SERVICE DULUTH MN
127 AM CDT WED AUG 19 2015


...................................

...THE DULUTH MN CLIMATE SUMMARY FOR AUGUST 18 2015...

CLIMATE NORMAL PERIOD 1981 TO 2010
CLIMATE RECORD PERIOD 1870 TO 2015


WEATHER ITEM   OBSERVED TIME   RECORD YEAR NORMAL DEPARTURE LAST
                VALUE   (LST)  VALUE       VALUE  FROM      YEAR
                                                  NORMAL
..................................................................
TEMPERATURE (F)
 YESTERDAY
  MAXIMUM         67   1246 PM  92    1955  74     -7       68
                                      1934
  MINIMUM         51    549 AM  38    1975  55     -4       56
                                      1950
  AVERAGE         59                        64     -5       62

PRECIPITATION (IN)
  YESTERDAY        1.33          2.75 1990   0.11   1.22     0.62
  MONTH TO DATE    2.87                      2.09   0.78     3.03
  SINCE JUN 1      9.52                     10.17  -0.65    10.92
  SINCE JAN 1     15.91                     19.09  -3.18    23.35

SNOWFALL (IN)
  YESTERDAY        0.0           0.0  2002   0.0    0.0      0.0
                                      2001
  MONTH TO DATE    0.0                       0.0    0.0      0.0
  SINCE JUN 1      T                         0.0    0.0       T
  SINCE JUL 1      0.0                       0.0    0.0      0.0
  SNOW DEPTH       0

DEGREE DAYS
 HEATING
  YESTERDAY        6                         3      3        3
  MONTH TO DATE   21                        38    -17       17
  SINCE JUN 1    157                       280   -123      219
  SINCE JUL 1     36                       101    -65       57

 COOLING
  YESTERDAY        0                         2     -2        0
  MONTH TO DATE   72                        46     26       30
  SINCE JUN 1    250                       166     84      144
  SINCE JAN 1    254                       170     84      162
..................................................................


WIND (MPH)
  HIGHEST WIND SPEED    25   HIGHEST WIND DIRECTION     E (70)
  HIGHEST GUST SPEED    40   HIGHEST GUST DIRECTION     E (70)
  AVERAGE WIND SPEED    14.4


SKY COVER
  AVERAGE SKY COVER 0.5


WEATHER CONDITIONS
 THE FOLLOWING WEATHER WAS RECORDED YESTERDAY.
  HEAVY RAIN
  RAIN
  LIGHT RAIN
  FOG


RELATIVE HUMIDITY (PERCENT)
 HIGHEST   100           800 PM
 LOWEST     58          1100 AM
 AVERAGE    79

..........................................................


THE DULUTH MN CLIMATE NORMALS FOR TODAY
                         NORMAL    RECORD    YEAR
 MAXIMUM TEMPERATURE (F)   74        94      1976
 MINIMUM TEMPERATURE (F)   54        37      2004


SUNRISE AND SUNSET
AUGUST 19 2015........SUNRISE   611 AM CDT   SUNSET   812 PM CDT
AUGUST 20 2015........SUNRISE   612 AM CDT   SUNSET   810 PM CDT


-  INDICATES NEGATIVE NUMBERS.
R  INDICATES RECORD WAS SET OR TIED.
MM INDICATES DATA IS MISSING.
T  INDICATES TRACE AMOUNT.




$$
