000
CDUS43 KDLH 240619
CLIDLH


CLIMATE REPORT
NATIONAL WEATHER SERVICE DULUTH MN
118 AM CDT THU JUL 24 2014


...................................

...THE DULUTH MN CLIMATE SUMMARY FOR JULY 23 2014...

CLIMATE NORMAL PERIOD 1981 TO 2010
CLIMATE RECORD PERIOD 1870 TO 2014


WEATHER ITEM   OBSERVED TIME   RECORD YEAR NORMAL DEPARTURE LAST
                VALUE   (LST)  VALUE       VALUE  FROM      YEAR
                                                  NORMAL
..................................................................
TEMPERATURE (F)
 YESTERDAY
  MAXIMUM         76    353 PM  93    1945  77     -1       75
  MINIMUM         56    500 AM  39    1962  56      0       53
  AVERAGE         66                        66      0       64

PRECIPITATION (IN)
  YESTERDAY        0.00          2.39 1911   0.10  -0.10     0.00
  MONTH TO DATE    2.77                      2.96  -0.19     0.95
  SINCE JUN 1      7.24                      7.19   0.05     5.49
  SINCE JAN 1     19.67                     16.11   3.56    18.83

SNOWFALL (IN)
  YESTERDAY        0.0                       0.0    0.0      0.0
  MONTH TO DATE    0.0                       0.0    0.0      0.0
  SINCE JUN 1      T                         0.0    0.0      0.0
  SINCE JUL 1      0.0                       0.0    0.0      0.0
  SNOW DEPTH       0

DEGREE DAYS
 HEATING
  YESTERDAY        0                         2     -2        1
  MONTH TO DATE   34                        52    -18       17
  SINCE JUN 1    196                       231    -35      163
  SINCE JUL 1     34                        52    -18       17

 COOLING
  YESTERDAY        1                         3     -2        0
  MONTH TO DATE   70                        66      4      131
  SINCE JUN 1     99                        96      3      184
  SINCE JAN 1    117                       100     17      185
..................................................................


WIND (MPH)
  HIGHEST WIND SPEED    15   HIGHEST WIND DIRECTION     N (350)
  HIGHEST GUST SPEED    20   HIGHEST GUST DIRECTION    NE (30)
  AVERAGE WIND SPEED     5.7


SKY COVER
  AVERAGE SKY COVER 0.2


WEATHER CONDITIONS
 THE FOLLOWING WEATHER WAS RECORDED YESTERDAY.
  NO SIGNIFICANT WEATHER WAS OBSERVED.


RELATIVE HUMIDITY (PERCENT)
 HIGHEST    86           500 AM
 LOWEST     43           300 PM
 AVERAGE    65

..........................................................


THE DULUTH MN CLIMATE NORMALS FOR TODAY
                         NORMAL    RECORD    YEAR
 MAXIMUM TEMPERATURE (F)   77        91      1886
 MINIMUM TEMPERATURE (F)   56        41      2004


SUNRISE AND SUNSET
JULY 24 2014..........SUNRISE   539 AM CDT   SUNSET   851 PM CDT
JULY 25 2014..........SUNRISE   540 AM CDT   SUNSET   849 PM CDT


-  INDICATES NEGATIVE NUMBERS.
R  INDICATES RECORD WAS SET OR TIED.
MM INDICATES DATA IS MISSING.
T  INDICATES TRACE AMOUNT.




$$
