000
CDUS43 KDLH 290624
CLIDLH


CLIMATE REPORT
NATIONAL WEATHER SERVICE DULUTH MN
123 AM CDT MON SEP 29 2014


...................................

...THE DULUTH MN CLIMATE SUMMARY FOR SEPTEMBER 28 2014...

CLIMATE NORMAL PERIOD 1981 TO 2010
CLIMATE RECORD PERIOD 1870 TO 2014


WEATHER ITEM   OBSERVED TIME   RECORD YEAR NORMAL DEPARTURE LAST
                VALUE   (LST)  VALUE       VALUE  FROM      YEAR
                                                  NORMAL
..................................................................
TEMPERATURE (F)
 YESTERDAY
  MAXIMUM         81R   225 PM  79    1956  60     21       70
                                      1898
  MINIMUM         51   1159 PM  24    1961  41     10       43
  AVERAGE         66                        50     16       57

PRECIPITATION (IN)
  YESTERDAY        0.22          1.76 1891   0.12   0.10     0.35
  MONTH TO DATE    1.53                      3.86  -2.33     1.26
  SINCE SEP 1      1.53                      3.86  -2.33     1.26
  SINCE JAN 1     26.48                     24.56   1.92    22.85

SNOWFALL (IN)
  YESTERDAY        0.0           T    1993   0.0    0.0      0.0
  MONTH TO DATE    0.0                       0.1   -0.1      0.0
  SINCE SEP 1      0.0                       0.1   -0.1      0.0
  SINCE JUL 1      0.0                       0.1   -0.1      0.0
  SNOW DEPTH       0

DEGREE DAYS
 HEATING
  YESTERDAY        0                        15    -15        8
  MONTH TO DATE  191                       266    -75      160
  SINCE SEP 1    191                       266    -75      160
  SINCE JUL 1    268                       415   -147      234

 COOLING
  YESTERDAY        1                         0      1        0
  MONTH TO DATE    9                        13     -4       23
  SINCE SEP 1      9                        13     -4       23
  SINCE JAN 1    179                       203    -24      374
..................................................................


WIND (MPH)
  HIGHEST WIND SPEED    20   HIGHEST WIND DIRECTION    SW (220)
  HIGHEST GUST SPEED    26   HIGHEST GUST DIRECTION    SW (230)
  AVERAGE WIND SPEED    10.6


SKY COVER
  AVERAGE SKY COVER 0.2


WEATHER CONDITIONS
 THE FOLLOWING WEATHER WAS RECORDED YESTERDAY.
  RAIN
  LIGHT RAIN
  FOG
  HAZE


RELATIVE HUMIDITY (PERCENT)
 HIGHEST    89          1100 PM
 LOWEST     39           100 PM
 AVERAGE    64

..........................................................


THE DULUTH MN CLIMATE NORMALS FOR TODAY
                         NORMAL    RECORD    YEAR
 MAXIMUM TEMPERATURE (F)   59        83      1892
 MINIMUM TEMPERATURE (F)   41        25      1984


SUNRISE AND SUNSET
SEPTEMBER 29 2014.....SUNRISE   705 AM CDT   SUNSET   652 PM CDT
SEPTEMBER 30 2014.....SUNRISE   706 AM CDT   SUNSET   650 PM CDT


-  INDICATES NEGATIVE NUMBERS.
R  INDICATES RECORD WAS SET OR TIED.
MM INDICATES DATA IS MISSING.
T  INDICATES TRACE AMOUNT.




$$
