000
CDUS43 KDLH 182235
CLIDLH


CLIMATE REPORT
NATIONAL WEATHER SERVICE DULUTH MN
535 PM CDT MON AUG 18 2014


...................................

...THE DULUTH MN CLIMATE SUMMARY FOR AUGUST 18 2014...
VALID TODAY AS OF 0500 PM LOCAL TIME.

CLIMATE NORMAL PERIOD 1981 TO 2010
CLIMATE RECORD PERIOD 1870 TO 2014


WEATHER ITEM   OBSERVED TIME   RECORD YEAR NORMAL DEPARTURE LAST
                VALUE   (LST)  VALUE       VALUE  FROM      YEAR
                                                  NORMAL
..................................................................
TEMPERATURE (F)
 TODAY
  MAXIMUM         68    359 PM  92    1955  74     -6       82
                                      1934
  MINIMUM         56    136 AM  38    1975  55      1       61
                                      1950
  AVERAGE         62                        64     -2       72

PRECIPITATION (IN)
  TODAY            0.45          2.75 1990   0.11   0.34     0.00
  MONTH TO DATE    2.86                      2.09   0.77     0.55
  SINCE JUN 1     10.75                     10.17   0.58     6.82
  SINCE JAN 1     23.18                     19.09   4.09    20.16

SNOWFALL (IN)
  TODAY            0.0           0.0  2002   0.0    0.0      0.0
                                      2001
  MONTH TO DATE    0.0                       0.0    0.0      0.0
  SINCE JUL 1      0.0                       0.0    0.0      0.0
  SNOW DEPTH       0

DEGREE DAYS
 HEATING
  TODAY            3                         3      0        0
  MONTH TO DATE   17                        38    -21       27
  SINCE JUN 1    219                       280    -61      220
  SINCE JUL 1     57                       101    -44       74

 COOLING
  TODAY            0                         2     -2        7
  MONTH TO DATE   30                        46    -16       24
  SINCE JUN 1    144                       166    -22      218
  SINCE JAN 1    162                       170     -8      219
..................................................................


WIND (MPH)
  HIGHEST WIND SPEED    15   HIGHEST WIND DIRECTION     E (100)
  HIGHEST GUST SPEED    18   HIGHEST GUST DIRECTION     E (100)
  AVERAGE WIND SPEED     6.1


SKY COVER
  POSSIBLE SUNSHINE  MM
  AVERAGE SKY COVER 1.0


WEATHER CONDITIONS
 THE FOLLOWING WEATHER WAS RECORDED TODAY.
  HEAVY RAIN
  LIGHT RAIN
  FOG
  FOG W/VISIBILITY <= 1/4 MILE


RELATIVE HUMIDITY (PERCENT)
 HIGHEST    97          1000 AM
 LOWEST     81           300 PM
 AVERAGE    89

..........................................................


THE DULUTH MN CLIMATE NORMALS FOR TOMORROW
                         NORMAL    RECORD    YEAR
 MAXIMUM TEMPERATURE (F)   74        94      1976
 MINIMUM TEMPERATURE (F)   54        37      2004


SUNRISE AND SUNSET
AUGUST 18 2014........SUNRISE   610 AM CDT   SUNSET   814 PM CDT
AUGUST 19 2014........SUNRISE   612 AM CDT   SUNSET   812 PM CDT


-  INDICATES NEGATIVE NUMBERS.
R  INDICATES RECORD WAS SET OR TIED.
MM INDICATES DATA IS MISSING.
T  INDICATES TRACE AMOUNT.




$$
