000
CDUS43 KDLH 220636
CLIDLH


CLIMATE REPORT
NATIONAL WEATHER SERVICE DULUTH MN
1235 AM CST SUN JAN 22 2017


...................................

...THE DULUTH MN CLIMATE SUMMARY FOR JANUARY 21 2017...

CLIMATE NORMAL PERIOD 1981 TO 2010
CLIMATE RECORD PERIOD 1870 TO 2017


WEATHER ITEM   OBSERVED TIME   RECORD YEAR NORMAL DEPARTURE LAST
                VALUE   (LST)  VALUE       VALUE  FROM      YEAR
                                                  NORMAL
..................................................................
TEMPERATURE (F)
 YESTERDAY
  MAXIMUM         35   1159 PM  45    1900  19     16       19
  MINIMUM         34   1104 PM -33    1883   1     33       15
  AVERAGE         35                        10     25       17

PRECIPITATION (IN)
  YESTERDAY        0.01          0.41 2005   0.03  -0.02     0.01
  MONTH TO DATE    0.79                      0.70   0.09     0.50
  SINCE DEC 1      2.86                      1.91   0.95     4.20
  SINCE JAN 1      0.79                      0.70   0.09     0.50

SNOWFALL (IN)
  YESTERDAY        T             7.6  2005   0.6   -0.6       T
  MONTH TO DATE   10.2                      14.0   -3.8      7.9
  SINCE DEC 1     31.5                      31.7   -0.2     32.5
  SINCE JUL 1     39.6                      47.8   -8.2     36.9
  SNOW DEPTH       9

DEGREE DAYS
 HEATING
  YESTERDAY       30                        55    -25       48
  MONTH TO DATE 1110                      1152    -42     1177
  SINCE DEC 1   2622                      2708    -86     2364
  SINCE JUL 1   4104                      4921   -817     4027

 COOLING
  YESTERDAY        0                         0      0        0
  MONTH TO DATE    0                         0      0        0
  SINCE DEC 1      0                         0      0        0
  SINCE JAN 1      0                         0      0        0
..................................................................


WIND (MPH)
  HIGHEST WIND SPEED    15   HIGHEST WIND DIRECTION     E (70)
  HIGHEST GUST SPEED    21   HIGHEST GUST DIRECTION     E (90)
  AVERAGE WIND SPEED     8.3


SKY COVER
  AVERAGE SKY COVER 1.0


WEATHER CONDITIONS
 THE FOLLOWING WEATHER WAS RECORDED YESTERDAY.
  LIGHT RAIN
  FOG
  FOG W/VISIBILITY <= 1/4 MILE


RELATIVE HUMIDITY (PERCENT)
 HIGHEST   100          1200 AM
 LOWEST     92           100 PM
 AVERAGE    96

..........................................................


THE DULUTH MN CLIMATE NORMALS FOR TODAY
                         NORMAL    RECORD    YEAR
 MAXIMUM TEMPERATURE (F)   19        55      1942
 MINIMUM TEMPERATURE (F)    1       -35      1883


SUNRISE AND SUNSET
JANUARY 22 2017.......SUNRISE   744 AM CST   SUNSET   458 PM CST
JANUARY 23 2017.......SUNRISE   743 AM CST   SUNSET   459 PM CST


-  INDICATES NEGATIVE NUMBERS.
R  INDICATES RECORD WAS SET OR TIED.
MM INDICATES DATA IS MISSING.
T  INDICATES TRACE AMOUNT.




$$
