000
CDUS43 KDLH 240630
CLIDLH


CLIMATE REPORT
NATIONAL WEATHER SERVICE DULUTH MN
1229 AM CST FRI NOV 24 2017


...................................

...THE DULUTH MN CLIMATE SUMMARY FOR NOVEMBER 23 2017...

CLIMATE NORMAL PERIOD 1981 TO 2010
CLIMATE RECORD PERIOD 1870 TO 2017


WEATHER ITEM   OBSERVED TIME   RECORD YEAR NORMAL DEPARTURE LAST
                VALUE   (LST)  VALUE       VALUE  FROM      YEAR
                                                  NORMAL
..................................................................
TEMPERATURE (F)
 YESTERDAY
  MAXIMUM         38   1159 PM  51    1907  31      7       34
  MINIMUM         16    615 AM -10    1956  18     -2       31
  AVERAGE         27                        25      2       33

PRECIPITATION (IN)
  YESTERDAY        0.00          1.64 1983   0.06  -0.06     0.43
  MONTH TO DATE    1.24                      1.67  -0.43     1.68
  SINCE SEP 1      8.19                      8.63  -0.44     6.75
  SINCE JAN 1     35.88                     29.33   6.55    30.67

SNOWFALL (IN)
  YESTERDAY        0.0          16.5  1983   0.6   -0.6      3.5
  MONTH TO DATE   10.5                       9.7    0.8      8.1
  SINCE SEP 1     21.6                      12.1    9.5      8.1
  SINCE JUL 1     21.6                      12.1    9.5      8.1
  SNOW DEPTH       2

DEGREE DAYS
 HEATING
  YESTERDAY       38                        40     -2       32
  MONTH TO DATE  942                       791    151      530
  SINCE SEP 1   1748                      1767    -19     1223
  SINCE JUL 1   1918                      1916      2     1277

 COOLING
  YESTERDAY        0                         0      0        0
  MONTH TO DATE    0                         0      0        0
  SINCE SEP 1     26                        14     12       14
  SINCE JAN 1    126                       204    -78      281
..................................................................


WIND (MPH)
  HIGHEST WIND SPEED    20   HIGHEST WIND DIRECTION    SW (220)
  HIGHEST GUST SPEED    26   HIGHEST GUST DIRECTION    SW (220)
  AVERAGE WIND SPEED    10.1


SKY COVER
  AVERAGE SKY COVER 0.5


WEATHER CONDITIONS
 THE FOLLOWING WEATHER WAS RECORDED YESTERDAY.
  FOG
  FOG W/VISIBILITY <= 1/4 MILE


RELATIVE HUMIDITY (PERCENT)
 HIGHEST   100           600 AM
 LOWEST     64           600 PM
 AVERAGE    82

..........................................................


THE DULUTH MN CLIMATE NORMALS FOR TODAY
                         NORMAL    RECORD    YEAR
 MAXIMUM TEMPERATURE (F)   31        53      1984
                                             1890
 MINIMUM TEMPERATURE (F)   17       -17      1884


SUNRISE AND SUNSET
NOVEMBER 24 2017......SUNRISE   725 AM CST   SUNSET   426 PM CST
NOVEMBER 25 2017......SUNRISE   726 AM CST   SUNSET   425 PM CST


-  INDICATES NEGATIVE NUMBERS.
R  INDICATES RECORD WAS SET OR TIED.
MM INDICATES DATA IS MISSING.
T  INDICATES TRACE AMOUNT.




$$
