000
CDUS43 KDLH 170629
CLIDLH


CLIMATE REPORT
NATIONAL WEATHER SERVICE DULUTH MN
127 AM CDT THU APR 17 2014


...................................

...THE DULUTH MN CLIMATE SUMMARY FOR APRIL 16 2014...

CLIMATE NORMAL PERIOD 1981 TO 2010
CLIMATE RECORD PERIOD 1870 TO 2014


WEATHER ITEM   OBSERVED TIME   RECORD YEAR NORMAL DEPARTURE LAST
                VALUE   (LST)  VALUE       VALUE  FROM      YEAR
                                                  NORMAL
..................................................................
TEMPERATURE (F)
 YESTERDAY
  MAXIMUM         27   1159 PM  76    1958  50    -23       42
  MINIMUM         22   1223 AM   4    1875  30     -8       33
  AVERAGE         25                        40    -15       38

PRECIPITATION (IN)
  YESTERDAY        0.53          0.93 1945   0.09   0.44      T
  MONTH TO DATE    1.37                      1.16   0.21     2.41
  SINCE MAR 1      3.28                      2.65   0.63     4.45
  SINCE JAN 1      6.13                      4.42   1.71     7.00

SNOWFALL (IN)
  YESTERDAY        6.4 R         4.6  1939   0.2    6.2      0.1
  MONTH TO DATE   19.8                       4.7   15.1     24.0
  SINCE MAR 1     40.7                      17.9   22.8     49.8
  SINCE JUL 1    124.5                      83.5   41.0    102.6
  SNOW DEPTH       6

DEGREE DAYS
 HEATING
  YESTERDAY       40                        25     15       27
  MONTH TO DATE  508                       459     49      548
  SINCE MAR 1   1947                      1669    278     1881
  SINCE JUL 1   9388                      8536    852     8389

 COOLING
  YESTERDAY        0                         0      0        0
  MONTH TO DATE    0                         0      0        0
  SINCE MAR 1      0                         0      0        0
  SINCE JAN 1      0                         0      0        0
..................................................................


WIND (MPH)
  HIGHEST WIND SPEED    28   HIGHEST WIND DIRECTION     E (70)
  HIGHEST GUST SPEED    34   HIGHEST GUST DIRECTION    NE (60)
  AVERAGE WIND SPEED    15.6


SKY COVER
  AVERAGE SKY COVER 0.9


WEATHER CONDITIONS
 THE FOLLOWING WEATHER WAS RECORDED YESTERDAY.
  SNOW
  LIGHT SNOW
  FOG
  BLOWING SNOW


RELATIVE HUMIDITY (PERCENT)
 HIGHEST    81          1000 AM
 LOWEST     50           700 AM
 AVERAGE    66

..........................................................


THE DULUTH MN CLIMATE NORMALS FOR TODAY
                         NORMAL    RECORD    YEAR
 MAXIMUM TEMPERATURE (F)   50        82      1987
 MINIMUM TEMPERATURE (F)   31         8      1983


SUNRISE AND SUNSET
APRIL 17 2014.........SUNRISE   618 AM CDT   SUNSET   800 PM CDT
APRIL 18 2014.........SUNRISE   616 AM CDT   SUNSET   801 PM CDT


-  INDICATES NEGATIVE NUMBERS.
R  INDICATES RECORD WAS SET OR TIED.
MM INDICATES DATA IS MISSING.
T  INDICATES TRACE AMOUNT.




$$
