000
CDUS43 KDLH 200621
CLIDLH


CLIMATE REPORT
NATIONAL WEATHER SERVICE DULUTH MN
120 AM CDT THU APR 20 2017


...................................

...THE DULUTH MN CLIMATE SUMMARY FOR APRIL 19 2017...

CLIMATE NORMAL PERIOD 1981 TO 2010
CLIMATE RECORD PERIOD 1870 TO 2017


WEATHER ITEM   OBSERVED TIME   RECORD YEAR NORMAL DEPARTURE LAST
                VALUE   (LST)  VALUE       VALUE  FROM      YEAR
                                                  NORMAL
..................................................................
TEMPERATURE (F)
 YESTERDAY
  MAXIMUM         45   1158 AM  79    1923  51     -6       49
  MINIMUM         35    908 PM  14    1897  32      3       36
  AVERAGE         40                        41     -1       43

PRECIPITATION (IN)
  YESTERDAY        0.01          2.61 1948   0.08  -0.07     0.00
  MONTH TO DATE    1.29                      1.41  -0.12     0.71
  SINCE MAR 1      2.34                      2.90  -0.56     4.67
  SINCE JAN 1      5.30                      4.67   0.63     6.55

SNOWFALL (IN)
  YESTERDAY        0.0           5.4  1922   0.2   -0.2      0.0
  MONTH TO DATE    T                         5.4   -5.4      9.8
  SINCE MAR 1      5.3                      18.6  -13.3     27.1
  SINCE JUL 1     64.3                      84.2  -19.9     81.3
  SNOW DEPTH       0

DEGREE DAYS
 HEATING
  YESTERDAY       25                        24      1       22
  MONTH TO DATE  398                       532   -134      554
  SINCE MAR 1   1591                      1742   -151     1582
  SINCE JUL 1   7281                      8609  -1328     7419

 COOLING
  YESTERDAY        0                         0      0        0
  MONTH TO DATE    0                         0      0        0
  SINCE MAR 1      0                         0      0        0
  SINCE JAN 1      0                         0      0        0
..................................................................


WIND (MPH)
  HIGHEST WIND SPEED    23   HIGHEST WIND DIRECTION     E (80)
  HIGHEST GUST SPEED    33   HIGHEST GUST DIRECTION     E (70)
  AVERAGE WIND SPEED    13.1


SKY COVER
  AVERAGE SKY COVER 0.8


WEATHER CONDITIONS
 THE FOLLOWING WEATHER WAS RECORDED YESTERDAY.
  LIGHT RAIN


RELATIVE HUMIDITY (PERCENT)
 HIGHEST    92           500 AM
 LOWEST     70          1200 PM
 AVERAGE    81

..........................................................


THE DULUTH MN CLIMATE NORMALS FOR TODAY
                         NORMAL    RECORD    YEAR
 MAXIMUM TEMPERATURE (F)   52        76      1987
 MINIMUM TEMPERATURE (F)   32        11      2013


SUNRISE AND SUNSET
APRIL 20 2017.........SUNRISE   611 AM CDT   SUNSET   804 PM CDT
APRIL 21 2017.........SUNRISE   610 AM CDT   SUNSET   805 PM CDT


-  INDICATES NEGATIVE NUMBERS.
R  INDICATES RECORD WAS SET OR TIED.
MM INDICATES DATA IS MISSING.
T  INDICATES TRACE AMOUNT.




$$
