000
CDUS43 KDLH 220701
CLIDLH


CLIMATE REPORT
NATIONAL WEATHER SERVICE DULUTH MN
157 AM CDT SAT JUL 22 2017


...................................

...THE DULUTH MN CLIMATE SUMMARY FOR JULY 21 2017...

CLIMATE NORMAL PERIOD 1981 TO 2010
CLIMATE RECORD PERIOD 1870 TO 2017


WEATHER ITEM   OBSERVED TIME   RECORD YEAR NORMAL DEPARTURE LAST
                VALUE   (LST)  VALUE       VALUE  FROM      YEAR
                                                  NORMAL
..................................................................
TEMPERATURE (F)
 YESTERDAY
  MAXIMUM         78    307 PM  93    1960  77      1       89
                                      1893
                                      1892
  MINIMUM         59   1148 PM  38    1973  56      3       66
  AVERAGE         69                        66      3       78

PRECIPITATION (IN)
  YESTERDAY        1.34          5.20 1909   0.11   1.23     0.74
  MONTH TO DATE    4.08                      2.75   1.33     4.32
  SINCE JUN 1      9.29                      6.98   2.31     8.78
  SINCE JAN 1     20.43                     15.90   4.53    18.89

SNOWFALL (IN)
  YESTERDAY        T             0.0  2002   0.0    0.0      0.0
                                      2001
  MONTH TO DATE    T                         0.0    0.0      0.0
  SINCE JUN 1      T                         0.0    0.0       T
  SINCE JUL 1      T                         0.0    0.0      0.0
  SNOW DEPTH       0

DEGREE DAYS
 HEATING
  YESTERDAY        0                         2     -2        0
  MONTH TO DATE   40                        48     -8       21
  SINCE JUN 1    171                       227    -56      163
  SINCE JUL 1     40                        48     -8       21

 COOLING
  YESTERDAY        4                         3      1       13
  MONTH TO DATE   42                        60    -18       60
  SINCE JUN 1     55                        90    -35      103
  SINCE JAN 1     55                        94    -39      112
..................................................................


WIND (MPH)
  HIGHEST WIND SPEED    29   HIGHEST WIND DIRECTION    SE (140)
  HIGHEST GUST SPEED    45   HIGHEST GUST DIRECTION     S (190)
  AVERAGE WIND SPEED     7.0


SKY COVER
  AVERAGE SKY COVER 0.3


WEATHER CONDITIONS
 THE FOLLOWING WEATHER WAS RECORDED YESTERDAY.
  THUNDERSTORM
  MIXED PRECIP
  HEAVY RAIN
  RAIN
  LIGHT RAIN
  HAIL
  FOG
  HAIL


RELATIVE HUMIDITY (PERCENT)
 HIGHEST   100           800 PM
 LOWEST     68           900 AM
 AVERAGE    84

..........................................................


THE DULUTH MN CLIMATE NORMALS FOR TODAY
                         NORMAL    RECORD    YEAR
 MAXIMUM TEMPERATURE (F)   77        95      1941
 MINIMUM TEMPERATURE (F)   56        40      1985


SUNRISE AND SUNSET
JULY 22 2017..........SUNRISE   537 AM CDT   SUNSET   852 PM CDT
JULY 23 2017..........SUNRISE   538 AM CDT   SUNSET   851 PM CDT


-  INDICATES NEGATIVE NUMBERS.
R  INDICATES RECORD WAS SET OR TIED.
MM INDICATES DATA IS MISSING.
T  INDICATES TRACE AMOUNT.




$$
