000
CDUS43 KDLH 280625
CLIDLH


CLIMATE REPORT
NATIONAL WEATHER SERVICE DULUTH MN
124 AM CDT WED SEP 28 2016


...................................

...THE DULUTH MN CLIMATE SUMMARY FOR SEPTEMBER 27 2016...

CLIMATE NORMAL PERIOD 1981 TO 2010
CLIMATE RECORD PERIOD 1870 TO 2016


WEATHER ITEM   OBSERVED TIME   RECORD YEAR NORMAL DEPARTURE LAST
                VALUE   (LST)  VALUE       VALUE  FROM      YEAR
                                                  NORMAL
..................................................................
TEMPERATURE (F)
 YESTERDAY
  MAXIMUM         51   1159 PM  83    1987  60     -9       78
  MINIMUM         47    352 PM  27    1991  42      5       55
                                      1965
  AVERAGE         49                        51     -2       67

PRECIPITATION (IN)
  YESTERDAY        0.12          0.75 1874   0.13  -0.01     0.02
  MONTH TO DATE    3.52                      3.74  -0.22     6.81
  SINCE SEP 1      3.52                      3.74  -0.22     6.81
  SINCE JAN 1     27.44                     24.44   3.00    23.94

SNOWFALL (IN)
  YESTERDAY        0.0           T    2003   0.0    0.0      0.0
                                      1993
  MONTH TO DATE    0.0                       0.1   -0.1      0.0
  SINCE SEP 1      0.0                       0.1   -0.1      0.0
  SINCE JUL 1      0.0                       0.1   -0.1      0.0
  SNOW DEPTH       0

DEGREE DAYS
 HEATING
  YESTERDAY       16                        14      2        0
  MONTH TO DATE  132                       251   -119      109
  SINCE SEP 1    132                       251   -119      109
  SINCE JUL 1    186                       400   -214      205

 COOLING
  YESTERDAY        0                         0      0        2
  MONTH TO DATE   14                        13      1       54
  SINCE SEP 1     14                        13      1       54
  SINCE JAN 1    281                       203     78      332
..................................................................


WIND (MPH)
  HIGHEST WIND SPEED    23   HIGHEST WIND DIRECTION    NW (300)
  HIGHEST GUST SPEED    32   HIGHEST GUST DIRECTION    NW (300)
  AVERAGE WIND SPEED    14.3


SKY COVER
  AVERAGE SKY COVER 1.0


WEATHER CONDITIONS
 THE FOLLOWING WEATHER WAS RECORDED YESTERDAY.
  RAIN
  LIGHT RAIN
  FOG


RELATIVE HUMIDITY (PERCENT)
 HIGHEST    93           200 PM
 LOWEST     77          1200 AM
 AVERAGE    85

..........................................................


THE DULUTH MN CLIMATE NORMALS FOR TODAY
                         NORMAL    RECORD    YEAR
 MAXIMUM TEMPERATURE (F)   60        81      2014
 MINIMUM TEMPERATURE (F)   41        24      1961


SUNRISE AND SUNSET
SEPTEMBER 28 2016.....SUNRISE   704 AM CDT   SUNSET   653 PM CDT
SEPTEMBER 29 2016.....SUNRISE   705 AM CDT   SUNSET   651 PM CDT


-  INDICATES NEGATIVE NUMBERS.
R  INDICATES RECORD WAS SET OR TIED.
MM INDICATES DATA IS MISSING.
T  INDICATES TRACE AMOUNT.




$$
