000
CDUS43 KDLH 251944
CLIDLH


CLIMATE REPORT...CORRECTED
NATIONAL WEATHER SERVICE DULUTH MN
244 PM CDT TUE AUG 25 2015


CORRECTED MINIMUM TEMPERATURE

...................................

...THE DULUTH MN CLIMATE SUMMARY FOR AUGUST 22 2015...

CLIMATE NORMAL PERIOD 1981 TO 2010
CLIMATE RECORD PERIOD 1870 TO 2015


WEATHER ITEM   OBSERVED TIME   RECORD YEAR NORMAL DEPARTURE LAST
                VALUE   (LST)  VALUE       VALUE  FROM      YEAR
                                                  NORMAL
..................................................................
TEMPERATURE (F)
 YESTERDAY
  MAXIMUM         77    347 PM  87    1969  73      4       67
  MINIMUM         60   1159 PM  39    1967  54      6       62
  AVERAGE         69                        64      5       65

PRECIPITATION (IN)
  YESTERDAY        0.69          3.07 1978   0.12   0.57     0.01
  MONTH TO DATE    4.02                      2.58   1.44     3.61
  SINCE JUN 1     10.67                     10.66   0.01    11.50
  SINCE JAN 1     17.06                     19.58  -2.52    23.93

SNOWFALL (IN)
  YESTERDAY        0.0           0.0  2002   0.0    0.0      0.0
                                      2001
  MONTH TO DATE    0.0                       0.0    0.0      0.0
  SINCE JUN 1      T                         0.0    0.0       T
  SINCE JUL 1      0.0                       0.0    0.0      0.0
  SNOW DEPTH       0

DEGREE DAYS
 HEATING
  YESTERDAY        0                         3     -3        0
  MONTH TO DATE   38                        50    -12       18
  SINCE JUN 1    174                       292   -118      220
  SINCE JUL 1     53                       113    -60       58

 COOLING
  YESTERDAY        4                         2      2        0
  MONTH TO DATE   76                        54     22       32
  SINCE JUN 1    254                       174     80      146
  SINCE JAN 1    258                       178     80      164
..................................................................


WIND (MPH)
  HIGHEST WIND SPEED    20   HIGHEST WIND DIRECTION     S (170)
  HIGHEST GUST SPEED    28   HIGHEST GUST DIRECTION     S (170)
  AVERAGE WIND SPEED    13.5


SKY COVER
  AVERAGE SKY COVER 0.6


WEATHER CONDITIONS
 THE FOLLOWING WEATHER WAS RECORDED YESTERDAY.
  THUNDERSTORM
  LIGHT RAIN
  FOG


RELATIVE HUMIDITY (PERCENT)
 HIGHEST   100           200 AM
 LOWEST     68           600 PM
 AVERAGE    84

..........................................................


THE DULUTH MN CLIMATE NORMALS FOR TODAY
                         NORMAL    RECORD    YEAR
 MAXIMUM TEMPERATURE (F)   73        94      1947
 MINIMUM TEMPERATURE (F)   54        36      1977


SUNRISE AND SUNSET
AUGUST 23 2015........SUNRISE   616 AM CDT   SUNSET   805 PM CDT
AUGUST 24 2015........SUNRISE   618 AM CDT   SUNSET   803 PM CDT


-  INDICATES NEGATIVE NUMBERS.
R  INDICATES RECORD WAS SET OR TIED.
MM INDICATES DATA IS MISSING.
T  INDICATES TRACE AMOUNT.




$$

HUYCK
