258
CDUS43 KDLH 270626
CLIDLH


CLIMATE REPORT
NATIONAL WEATHER SERVICE DULUTH MN
126 AM CDT FRI MAY 27 2016


...................................

...THE DULUTH MN CLIMATE SUMMARY FOR MAY 26 2016...

CLIMATE NORMAL PERIOD 1981 TO 2010
CLIMATE RECORD PERIOD 1870 TO 2016


WEATHER ITEM   OBSERVED TIME   RECORD YEAR NORMAL DEPARTURE LAST
                VALUE   (LST)  VALUE       VALUE  FROM      YEAR
                                                  NORMAL
..................................................................
TEMPERATURE (F)
 YESTERDAY
  MAXIMUM         69    310 PM  85    2014  65      4       64
                                      1978
  MINIMUM         43    205 AM  28    1992  43      0       53
  AVERAGE         56                        54      2       59

PRECIPITATION (IN)
  YESTERDAY        0.00          1.28 1959   0.11  -0.11     0.01
  MONTH TO DATE    1.31                      2.68  -1.37     3.71
  SINCE MAR 1      7.67                      6.60   1.07     5.53
  SINCE JAN 1      9.55                      8.37   1.18     6.37

SNOWFALL (IN)
  YESTERDAY        0.0           T    1947   0.0    0.0      0.0
  MONTH TO DATE    0.1                       0.4   -0.3       T
  SINCE MAR 1     27.2                      20.5    6.7      9.3
  SINCE JUL 1     81.4                      86.1   -4.7     49.2
  SNOW DEPTH       0

DEGREE DAYS
 HEATING
  YESTERDAY        9                        11     -2        6
  MONTH TO DATE  331                       375    -44      349
  SINCE MAR 1   2168                      2347   -179     2083
  SINCE JUL 1   8005                      9214  -1209     8922

 COOLING
  YESTERDAY        0                         0      0        0
  MONTH TO DATE    8                         0      8        1
  SINCE MAR 1      8                         0      8        1
  SINCE JAN 1      8                         0      8        1
..................................................................


WIND (MPH)
  HIGHEST WIND SPEED    14   HIGHEST WIND DIRECTION    SE (140)
  HIGHEST GUST SPEED    17   HIGHEST GUST DIRECTION    SE (130)
  AVERAGE WIND SPEED     5.4


SKY COVER
  AVERAGE SKY COVER 0.7


WEATHER CONDITIONS
 THE FOLLOWING WEATHER WAS RECORDED YESTERDAY.
  FOG
  FOG W/VISIBILITY <= 1/4 MILE


RELATIVE HUMIDITY (PERCENT)
 HIGHEST   100          1200 AM
 LOWEST     66           300 PM
 AVERAGE    83

..........................................................


THE DULUTH MN CLIMATE NORMALS FOR TODAY
                         NORMAL    RECORD    YEAR
 MAXIMUM TEMPERATURE (F)   65        86      1969
 MINIMUM TEMPERATURE (F)   44        31      2008
                                             1971
                                             1907


SUNRISE AND SUNSET
MAY 27 2016...........SUNRISE   521 AM CDT   SUNSET   851 PM CDT
MAY 28 2016...........SUNRISE   521 AM CDT   SUNSET   852 PM CDT


-  INDICATES NEGATIVE NUMBERS.
R  INDICATES RECORD WAS SET OR TIED.
MM INDICATES DATA IS MISSING.
T  INDICATES TRACE AMOUNT.




$$
