000
CDUS43 KDLH 172231
CLIDLH


CLIMATE REPORT
NATIONAL WEATHER SERVICE DULUTH MN
527 PM CDT THU AUG 17 2017


...................................

...THE DULUTH MN CLIMATE SUMMARY FOR AUGUST 17 2017...
VALID TODAY AS OF 0500 PM LOCAL TIME.

CLIMATE NORMAL PERIOD 1981 TO 2010
CLIMATE RECORD PERIOD 1870 TO 2017


WEATHER ITEM   OBSERVED TIME   RECORD YEAR NORMAL DEPARTURE LAST
                VALUE   (LST)  VALUE       VALUE  FROM      YEAR
                                                  NORMAL
..................................................................
TEMPERATURE (F)
 TODAY
  MAXIMUM         62    359 PM  91    1934  74    -12       84
  MINIMUM         58    730 AM  39    1981  55      3       61
  AVERAGE         60                        64     -4       73

PRECIPITATION (IN)
  TODAY            0.52          1.98 1971   0.12   0.40     0.00
  MONTH TO DATE    3.98                      1.98   2.00     2.68
  SINCE JUN 1     13.30                     10.06   3.24    11.53
  SINCE JAN 1     24.44                     18.98   5.46    21.64

SNOWFALL (IN)
  TODAY            0.0           0.0  2002   0.0    0.0      0.0
                                      2001
  MONTH TO DATE    0.0                       0.0    0.0      0.0
  SINCE JUL 1      T                         0.0    0.0      0.0
  SNOW DEPTH       0

DEGREE DAYS
 HEATING
  TODAY            5                         3      2        0
  MONTH TO DATE   52                        35     17        6
  SINCE JUN 1    236                       277    -41      177
  SINCE JUL 1    105                        98      7       35

 COOLING
  TODAY            0                         2     -2        8
  MONTH TO DATE   10                        44    -34       72
  SINCE JUN 1     93                       164    -71      218
  SINCE JAN 1     93                       168    -75      227
..................................................................


WIND (MPH)
  HIGHEST WIND SPEED    24   HIGHEST WIND DIRECTION     E (70)
  HIGHEST GUST SPEED    32   HIGHEST GUST DIRECTION    NE (60)
  AVERAGE WIND SPEED    13.6


SKY COVER
  POSSIBLE SUNSHINE  MM
  AVERAGE SKY COVER 1.0


WEATHER CONDITIONS
 THE FOLLOWING WEATHER WAS RECORDED TODAY.
  HEAVY RAIN
  RAIN
  LIGHT RAIN
  FOG


RELATIVE HUMIDITY (PERCENT)
 HIGHEST   100          1200 AM
 LOWEST    100          1200 AM
 AVERAGE   100

..........................................................


THE DULUTH MN CLIMATE NORMALS FOR TOMORROW
                         NORMAL    RECORD    YEAR
 MAXIMUM TEMPERATURE (F)   74        92      1955
                                             1934
 MINIMUM TEMPERATURE (F)   55        38      1975
                                             1950


SUNRISE AND SUNSET
AUGUST 17 2017........SUNRISE   609 AM CDT   SUNSET   815 PM CDT
AUGUST 18 2017........SUNRISE   611 AM CDT   SUNSET   813 PM CDT


-  INDICATES NEGATIVE NUMBERS.
R  INDICATES RECORD WAS SET OR TIED.
MM INDICATES DATA IS MISSING.
T  INDICATES TRACE AMOUNT.




$$
