000
CDUS43 KDLH 180637
CLIDLH


CLIMATE REPORT
NATIONAL WEATHER SERVICE DULUTH MN
136 AM CDT FRI APR 18 2014


...................................

...THE DULUTH MN CLIMATE SUMMARY FOR APRIL 17 2014...

CLIMATE NORMAL PERIOD 1981 TO 2010
CLIMATE RECORD PERIOD 1870 TO 2014


WEATHER ITEM   OBSERVED TIME   RECORD YEAR NORMAL DEPARTURE LAST
                VALUE   (LST)  VALUE       VALUE  FROM      YEAR
                                                  NORMAL
..................................................................
TEMPERATURE (F)
 YESTERDAY
  MAXIMUM         36    519 PM  82    1987  50    -14       36
  MINIMUM         21   1059 PM   8    1983  31    -10       30
  AVERAGE         29                        40    -11       33

PRECIPITATION (IN)
  YESTERDAY        0.07          0.65 1894   0.08  -0.01     0.11
  MONTH TO DATE    1.44                      1.24   0.20     2.52
  SINCE MAR 1      3.35                      2.73   0.62     4.56
  SINCE JAN 1      6.20                      4.50   1.70     7.11

SNOWFALL (IN)
  YESTERDAY        0.8           5.4  1949   0.3    0.5      1.5
  MONTH TO DATE   20.6                       5.0   15.6     25.5
  SINCE MAR 1     41.5                      18.2   23.3     51.3
  SINCE JUL 1    125.3                      83.8   41.5    104.1
  SNOW DEPTH      12

DEGREE DAYS
 HEATING
  YESTERDAY       36                        25     11       32
  MONTH TO DATE  544                       484     60      580
  SINCE MAR 1   1983                      1694    289     1913
  SINCE JUL 1   9424                      8561    863     8421

 COOLING
  YESTERDAY        0                         0      0        0
  MONTH TO DATE    0                         0      0        0
  SINCE MAR 1      0                         0      0        0
  SINCE JAN 1      0                         0      0        0
..................................................................


WIND (MPH)
  HIGHEST WIND SPEED    22   HIGHEST WIND DIRECTION    NE (60)
  HIGHEST GUST SPEED    27   HIGHEST GUST DIRECTION    NE (60)
  AVERAGE WIND SPEED     9.2


SKY COVER
  AVERAGE SKY COVER 0.8


WEATHER CONDITIONS
 THE FOLLOWING WEATHER WAS RECORDED YESTERDAY.
  SNOW
  LIGHT SNOW
  BLOWING SNOW


RELATIVE HUMIDITY (PERCENT)
 HIGHEST    85           100 AM
 LOWEST     52           600 PM
 AVERAGE    69

..........................................................


THE DULUTH MN CLIMATE NORMALS FOR TODAY
                         NORMAL    RECORD    YEAR
 MAXIMUM TEMPERATURE (F)   51        81      1915
 MINIMUM TEMPERATURE (F)   31        12      1983


SUNRISE AND SUNSET
APRIL 18 2014.........SUNRISE   615 AM CDT   SUNSET   801 PM CDT
APRIL 19 2014.........SUNRISE   614 AM CDT   SUNSET   803 PM CDT


-  INDICATES NEGATIVE NUMBERS.
R  INDICATES RECORD WAS SET OR TIED.
MM INDICATES DATA IS MISSING.
T  INDICATES TRACE AMOUNT.




$$
