000
CDUS43 KDLH 262235
CLIDLH


CLIMATE REPORT
NATIONAL WEATHER SERVICE DULUTH MN
534 PM CDT TUE MAY 26 2015


...................................

...THE DULUTH MN CLIMATE SUMMARY FOR MAY 26 2015...
VALID TODAY AS OF 0500 PM LOCAL TIME.

CLIMATE NORMAL PERIOD 1981 TO 2010
CLIMATE RECORD PERIOD 1870 TO 2015


WEATHER ITEM   OBSERVED TIME   RECORD YEAR NORMAL DEPARTURE LAST
                VALUE   (LST)  VALUE       VALUE  FROM      YEAR
                                                  NORMAL
..................................................................
TEMPERATURE (F)
 TODAY
  MAXIMUM         64    350 PM  85    2014  65     -1       85
                                      1978
  MINIMUM         53    606 AM  28    1992  43     10       63
  AVERAGE         59                        54      5       74

PRECIPITATION (IN)
  TODAY            0.01          1.28 1959   0.11  -0.10     0.00
  MONTH TO DATE    3.71                      2.68   1.03     3.06
  SINCE MAR 1      5.53                      6.60  -1.07     8.27
  SINCE JAN 1      6.37                      8.37  -2.00    11.12

SNOWFALL (IN)
  TODAY            0.0           T    1947   0.0    0.0      0.0
  MONTH TO DATE    T                         0.4   -0.4       T
  SINCE JUL 1     49.2                      86.1  -36.9    131.0
  SNOW DEPTH       0

DEGREE DAYS
 HEATING
  TODAY            6                        11     -5        0
  MONTH TO DATE  349                       375    -26      394
  SINCE MAR 1   2083                      2347   -264     2719
  SINCE JUL 1   8922                      9214   -292    10160

 COOLING
  TODAY            0                         0      0        9
  MONTH TO DATE    1                         0      1       18
  SINCE MAR 1      1                         0      1       18
  SINCE JAN 1      1                         0      1       18
..................................................................


WIND (MPH)
  HIGHEST WIND SPEED    16   HIGHEST WIND DIRECTION    NE (60)
  HIGHEST GUST SPEED    22   HIGHEST GUST DIRECTION    NE (50)
  AVERAGE WIND SPEED     8.4


SKY COVER
  POSSIBLE SUNSHINE  MM
  AVERAGE SKY COVER 0.8


WEATHER CONDITIONS
 THE FOLLOWING WEATHER WAS RECORDED TODAY.
  LIGHT RAIN
  FOG


RELATIVE HUMIDITY (PERCENT)
 HIGHEST    93           100 AM
 LOWEST     63           300 PM
 AVERAGE    78

..........................................................


THE DULUTH MN CLIMATE NORMALS FOR TOMORROW
                         NORMAL    RECORD    YEAR
 MAXIMUM TEMPERATURE (F)   65        86      1969
 MINIMUM TEMPERATURE (F)   44        31      2008
                                             1971
                                             1907


SUNRISE AND SUNSET
MAY 26 2015...........SUNRISE   523 AM CDT   SUNSET   849 PM CDT
MAY 27 2015...........SUNRISE   522 AM CDT   SUNSET   850 PM CDT


-  INDICATES NEGATIVE NUMBERS.
R  INDICATES RECORD WAS SET OR TIED.
MM INDICATES DATA IS MISSING.
T  INDICATES TRACE AMOUNT.




$$
