000
CDUS43 KDLH 140637
CLIDLH


CLIMATE REPORT
NATIONAL WEATHER SERVICE DULUTH MN
1236 AM CST SAT JAN 14 2017


...................................

...THE DULUTH MN CLIMATE SUMMARY FOR JANUARY 13 2017...

CLIMATE NORMAL PERIOD 1981 TO 2010
CLIMATE RECORD PERIOD 1870 TO 2017


WEATHER ITEM   OBSERVED TIME   RECORD YEAR NORMAL DEPARTURE LAST
                VALUE   (LST)  VALUE       VALUE  FROM      YEAR
                                                  NORMAL
..................................................................
TEMPERATURE (F)
 YESTERDAY
  MAXIMUM          5   1159 PM  48    1894  19    -14       11
  MINIMUM        -22    841 AM -34    1929   1    -23       -9
  AVERAGE         -8                        10    -18        1

PRECIPITATION (IN)
  YESTERDAY        0.00          0.65 1995   0.03  -0.03     0.02
  MONTH TO DATE    0.60                      0.45   0.15     0.26
  SINCE DEC 1      2.67                      1.66   1.01     3.96
  SINCE JAN 1      0.60                      0.45   0.15     0.26

SNOWFALL (IN)
  YESTERDAY        0.0          10.6  1971   0.7   -0.7      1.0
  MONTH TO DATE   10.1                       8.8    1.3      4.6
  SINCE DEC 1     31.4                      26.5    4.9     29.2
  SINCE JUL 1     39.5                      42.6   -3.1     33.6
  SNOW DEPTH      13

DEGREE DAYS
 HEATING
  YESTERDAY       73                        55     18       64
  MONTH TO DATE  806                       712     94      678
  SINCE DEC 1   2318                      2268     50     1865
  SINCE JUL 1   3800                      4481   -681     3528

 COOLING
  YESTERDAY        0                         0      0        0
  MONTH TO DATE    0                         0      0        0
  SINCE DEC 1      0                         0      0        0
  SINCE JAN 1      0                         0      0        0
..................................................................


WIND (MPH)
  HIGHEST WIND SPEED    16   HIGHEST WIND DIRECTION    NW (310)
  HIGHEST GUST SPEED    22   HIGHEST GUST DIRECTION    NW (320)
  AVERAGE WIND SPEED     7.2


SKY COVER
  AVERAGE SKY COVER 0.3


WEATHER CONDITIONS
 THE FOLLOWING WEATHER WAS RECORDED YESTERDAY.
  NO SIGNIFICANT WEATHER WAS OBSERVED.


RELATIVE HUMIDITY (PERCENT)
 HIGHEST    81           400 AM
 LOWEST     49           100 PM
 AVERAGE    65

..........................................................


THE DULUTH MN CLIMATE NORMALS FOR TODAY
                         NORMAL    RECORD    YEAR
 MAXIMUM TEMPERATURE (F)   19        51      1894
 MINIMUM TEMPERATURE (F)    1       -38      1965


SUNRISE AND SUNSET
JANUARY 14 2017.......SUNRISE   749 AM CST   SUNSET   446 PM CST
JANUARY 15 2017.......SUNRISE   749 AM CST   SUNSET   448 PM CST


-  INDICATES NEGATIVE NUMBERS.
R  INDICATES RECORD WAS SET OR TIED.
MM INDICATES DATA IS MISSING.
T  INDICATES TRACE AMOUNT.




$$
