000
CDUS43 KDLH 280649
CLIDLH


CLIMATE REPORT
NATIONAL WEATHER SERVICE DULUTH MN
147 AM CDT SAT MAY 28 2016


...................................

...THE DULUTH MN CLIMATE SUMMARY FOR MAY 27 2016...

CLIMATE NORMAL PERIOD 1981 TO 2010
CLIMATE RECORD PERIOD 1870 TO 2016


WEATHER ITEM   OBSERVED TIME   RECORD YEAR NORMAL DEPARTURE LAST
                VALUE   (LST)  VALUE       VALUE  FROM      YEAR
                                                  NORMAL
..................................................................
TEMPERATURE (F)
 YESTERDAY
  MAXIMUM         63    139 PM  86    1969  65     -2       83
  MINIMUM         49    254 PM  31    2008  44      5       52
                                      1971
                                      1907
  AVERAGE         56                        54      2       68

PRECIPITATION (IN)
  YESTERDAY        0.17          1.73 1931   0.11   0.06     0.01
  MONTH TO DATE    1.48                      2.79  -1.31     3.72
  SINCE MAR 1      7.84                      6.71   1.13     5.54
  SINCE JAN 1      9.72                      8.48   1.24     6.38

SNOWFALL (IN)
  YESTERDAY       MM             2.0  1932   0.0   MM        0.0
  MONTH TO DATE    0.1                       0.4   -0.3       T
  SINCE MAR 1     27.2                      20.5    6.7      9.3
  SINCE JUL 1     81.4                      86.1   -4.7     49.2
  SNOW DEPTH       0

DEGREE DAYS
 HEATING
  YESTERDAY        9                        11     -2        0
  MONTH TO DATE  340                       386    -46      349
  SINCE MAR 1   2177                      2358   -181     2083
  SINCE JUL 1   8014                      9225  -1211     8922

 COOLING
  YESTERDAY        0                         0      0        3
  MONTH TO DATE    8                         0      8        4
  SINCE MAR 1      8                         0      8        4
  SINCE JAN 1      8                         0      8        4
..................................................................


WIND (MPH)
  HIGHEST WIND SPEED    18   HIGHEST WIND DIRECTION     E (80)
  HIGHEST GUST SPEED    22   HIGHEST GUST DIRECTION     E (90)
  AVERAGE WIND SPEED     6.2


SKY COVER
  AVERAGE SKY COVER 0.7


WEATHER CONDITIONS
 THE FOLLOWING WEATHER WAS RECORDED YESTERDAY.
  RAIN
  LIGHT RAIN
  FOG


RELATIVE HUMIDITY (PERCENT)
 HIGHEST   100           500 PM
 LOWEST     80           700 AM
 AVERAGE    90

..........................................................


THE DULUTH MN CLIMATE NORMALS FOR TODAY
                         NORMAL    RECORD    YEAR
 MAXIMUM TEMPERATURE (F)   66        91      1934
 MINIMUM TEMPERATURE (F)   44        32      1965
                                             1958
                                             1947


SUNRISE AND SUNSET
MAY 28 2016...........SUNRISE   521 AM CDT   SUNSET   852 PM CDT
MAY 29 2016...........SUNRISE   520 AM CDT   SUNSET   853 PM CDT


-  INDICATES NEGATIVE NUMBERS.
R  INDICATES RECORD WAS SET OR TIED.
MM INDICATES DATA IS MISSING.
T  INDICATES TRACE AMOUNT.




$$
