000
CDUS43 KDLH 172232
CLIDLH


CLIMATE REPORT
NATIONAL WEATHER SERVICE DULUTH MN
432 PM CST WED JAN 17 2018


...................................

...THE DULUTH CLIMATE SUMMARY FOR JANUARY 17 2018...
VALID TODAY AS OF 0400 PM LOCAL TIME.

CLIMATE NORMAL PERIOD 1981 TO 2010
CLIMATE RECORD PERIOD 1870 TO 2018


WEATHER ITEM   OBSERVED TIME   RECORD YEAR NORMAL DEPARTURE LAST
                VALUE   (LST)  VALUE       VALUE  FROM      YEAR
                                                  NORMAL
..................................................................
TEMPERATURE (F)
 TODAY
  MAXIMUM         26    359 PM  45    1884  19      7       37
                                      1876
  MINIMUM          2    512 AM -38    1982   1      1       14
  AVERAGE         14                        10      4       26

PRECIPITATION (IN)
  TODAY            0.00          0.49 1950   0.03  -0.03     0.00
  MONTH TO DATE    0.43                      0.58  -0.15     0.60
  SINCE DEC 1      1.26                      1.79  -0.53     2.67
  SINCE JAN 1      0.43                      0.58  -0.15     0.60

SNOWFALL (IN)
  TODAY            0.0           6.3  1996   0.6   -0.6      0.0
  MONTH TO DATE    6.2                      11.4   -5.2     10.1
  SINCE JUL 1     41.2                      45.2   -4.0     39.5
  SNOW DEPTH       8

DEGREE DAYS
 HEATING
  TODAY           51                        55     -4       39
  MONTH TO DATE 1037                       932    105      990
  SINCE DEC 1   2720                      2488    232     2502
  SINCE JUL 1   4866                      4701    165     3984

 COOLING
  TODAY            0                         0      0        0
  MONTH TO DATE    0                         0      0        0
  SINCE DEC 1      0                         0      0        0
  SINCE JAN 1      0                         0      0        0
..................................................................


WIND (MPH)
  HIGHEST WIND SPEED    23   HIGHEST WIND DIRECTION     W (250)
  HIGHEST GUST SPEED    31   HIGHEST GUST DIRECTION     W (250)
  AVERAGE WIND SPEED    16.9


SKY COVER
  AVERAGE SKY COVER 0.2


WEATHER CONDITIONS
 THE FOLLOWING WEATHER WAS RECORDED TODAY.
  NO SIGNIFICANT WEATHER WAS OBSERVED.


RELATIVE HUMIDITY (PERCENT)
 HIGHEST    87           500 AM
 LOWEST     46           400 PM
 AVERAGE    67

..........................................................


THE DULUTH CLIMATE NORMALS FOR TOMORROW
                         NORMAL    RECORD    YEAR
 MAXIMUM TEMPERATURE (F)   19        44      1891
 MINIMUM TEMPERATURE (F)    1       -33      1994


SUNRISE AND SUNSET
JANUARY 17 2018.......SUNRISE   748 AM CST   SUNSET   450 PM CST
JANUARY 18 2018.......SUNRISE   747 AM CST   SUNSET   451 PM CST


-  INDICATES NEGATIVE NUMBERS.
R  INDICATES RECORD WAS SET OR TIED.
MM INDICATES DATA IS MISSING.
T  INDICATES TRACE AMOUNT.




$$
