000
CDUS43 KDLH 292225
CLIDLH


CLIMATE REPORT
NATIONAL WEATHER SERVICE DULUTH MN
523 PM CDT FRI AUG 29 2014


...................................

...THE DULUTH MN CLIMATE SUMMARY FOR AUGUST 29 2014...
VALID TODAY AS OF 0500 PM LOCAL TIME.

CLIMATE NORMAL PERIOD 1981 TO 2010
CLIMATE RECORD PERIOD 1870 TO 2014


WEATHER ITEM   OBSERVED TIME   RECORD YEAR NORMAL DEPARTURE LAST
                VALUE   (LST)  VALUE       VALUE  FROM      YEAR
                                                  NORMAL
..................................................................
TEMPERATURE (F)
 TODAY
  MAXIMUM         65    420 PM  91    1961  72     -7       77
                                      1921
                                      1905
  MINIMUM         60    118 AM  33    1976  52      8       67
  AVERAGE         63                        62      1       72

PRECIPITATION (IN)
  TODAY            0.56          2.40 1941   0.12   0.44     0.41
  MONTH TO DATE    4.62                      3.45   1.17     1.93
  SINCE JUN 1     12.51                     11.53   0.98     8.20
  SINCE JAN 1     24.94                     20.45   4.49    21.54

SNOWFALL (IN)
  TODAY            0.0           0.0  2002   0.0    0.0      0.0
                                      2001
  MONTH TO DATE    0.0                       0.0    0.0      0.0
  SINCE JUL 1      0.0                       0.0    0.0      0.0
  SNOW DEPTH       0

DEGREE DAYS
 HEATING
  TODAY            2                         4     -2        0
  MONTH TO DATE   35                        76    -41       27
  SINCE JUN 1    237                       318    -81      220
  SINCE JUL 1     75                       139    -64       74

 COOLING
  TODAY            0                         1     -1        7
  MONTH TO DATE   38                        65    -27      140
  SINCE JUN 1    152                       185    -33      334
  SINCE JAN 1    170                       189    -19      335
..................................................................


WIND (MPH)
  HIGHEST WIND SPEED    14   HIGHEST WIND DIRECTION     E (100)
  HIGHEST GUST SPEED    17   HIGHEST GUST DIRECTION    SE (120)
  AVERAGE WIND SPEED     5.8


SKY COVER
  POSSIBLE SUNSHINE  MM
  AVERAGE SKY COVER 1.0


WEATHER CONDITIONS
 THE FOLLOWING WEATHER WAS RECORDED TODAY.
  RAIN
  LIGHT RAIN
  FOG
  FOG W/VISIBILITY <= 1/4 MILE


RELATIVE HUMIDITY (PERCENT)
 HIGHEST    97           600 AM
 LOWEST     84          1200 AM
 AVERAGE    91

..........................................................


THE DULUTH MN CLIMATE NORMALS FOR TOMORROW
                         NORMAL    RECORD    YEAR
 MAXIMUM TEMPERATURE (F)   71        95      1961
 MINIMUM TEMPERATURE (F)   52        38      2009


SUNRISE AND SUNSET
AUGUST 29 2014........SUNRISE   624 AM CDT   SUNSET   753 PM CDT
AUGUST 30 2014........SUNRISE   626 AM CDT   SUNSET   752 PM CDT


-  INDICATES NEGATIVE NUMBERS.
R  INDICATES RECORD WAS SET OR TIED.
MM INDICATES DATA IS MISSING.
T  INDICATES TRACE AMOUNT.




$$
