000
CDUS43 KDLH 250624
CLIDLH


CLIMATE REPORT
NATIONAL WEATHER SERVICE DULUTH MN
124 AM CDT SAT JUL 25 2015


...................................

...THE DULUTH MN CLIMATE SUMMARY FOR JULY 24 2015...

CLIMATE NORMAL PERIOD 1981 TO 2010
CLIMATE RECORD PERIOD 1870 TO 2015


WEATHER ITEM   OBSERVED TIME   RECORD YEAR NORMAL DEPARTURE LAST
                VALUE   (LST)  VALUE       VALUE  FROM      YEAR
                                                  NORMAL
..................................................................
TEMPERATURE (F)
 YESTERDAY
  MAXIMUM         81   1154 AM  91    1886  77      4       78
  MINIMUM         67    632 AM  41    2004  56     11       54
  AVERAGE         74                        66      8       66

PRECIPITATION (IN)
  YESTERDAY        0.04          1.23 1949   0.12  -0.08      T
  MONTH TO DATE    3.01                      3.08  -0.07     2.77
  SINCE JUN 1      6.65                      7.31  -0.66     7.24
  SINCE JAN 1     13.04                     16.23  -3.19    19.67

SNOWFALL (IN)
  YESTERDAY        0.0           0.0  2002   0.0    0.0      0.0
                                      2001
  MONTH TO DATE    0.0                       0.0    0.0      0.0
  SINCE JUN 1      T                         0.0    0.0       T
  SINCE JUL 1      0.0                       0.0    0.0      0.0
  SNOW DEPTH       0

DEGREE DAYS
 HEATING
  YESTERDAY        0                         2     -2        0
  MONTH TO DATE   15                        54    -39       34
  SINCE JUN 1    136                       233    -97      196
  SINCE JUL 1     15                        54    -39       34

 COOLING
  YESTERDAY        9                         3      6        1
  MONTH TO DATE  100                        69     31       71
  SINCE JUN 1    122                        99     23      100
  SINCE JAN 1    126                       103     23      118
..................................................................


WIND (MPH)
  HIGHEST WIND SPEED    18   HIGHEST WIND DIRECTION     W (270)
  HIGHEST GUST SPEED    23   HIGHEST GUST DIRECTION     S (190)
  AVERAGE WIND SPEED    10.6


SKY COVER
  AVERAGE SKY COVER 0.5


WEATHER CONDITIONS
 THE FOLLOWING WEATHER WAS RECORDED YESTERDAY.
  LIGHT RAIN
  FOG


RELATIVE HUMIDITY (PERCENT)
 HIGHEST    93           600 AM
 LOWEST     62          1100 AM
 AVERAGE    78

..........................................................


THE DULUTH MN CLIMATE NORMALS FOR TODAY
                         NORMAL    RECORD    YEAR
 MAXIMUM TEMPERATURE (F)   77        89      1989
                                             1892
                                             1874
 MINIMUM TEMPERATURE (F)   56        42      1915


SUNRISE AND SUNSET
JULY 25 2015..........SUNRISE   540 AM CDT   SUNSET   850 PM CDT
JULY 26 2015..........SUNRISE   541 AM CDT   SUNSET   849 PM CDT


-  INDICATES NEGATIVE NUMBERS.
R  INDICATES RECORD WAS SET OR TIED.
MM INDICATES DATA IS MISSING.
T  INDICATES TRACE AMOUNT.




$$
