000
CDUS43 KDLH 140627
CLIDLH


CLIMATE REPORT
NATIONAL WEATHER SERVICE DULUTH MN
126 AM CDT FRI JUL 14 2017


...................................

...THE DULUTH MN CLIMATE SUMMARY FOR JULY 13 2017...

CLIMATE NORMAL PERIOD 1981 TO 2010
CLIMATE RECORD PERIOD 1870 TO 2017


WEATHER ITEM   OBSERVED TIME   RECORD YEAR NORMAL DEPARTURE LAST
                VALUE   (LST)  VALUE       VALUE  FROM      YEAR
                                                  NORMAL
..................................................................
TEMPERATURE (F)
 YESTERDAY
  MAXIMUM         57   1154 AM 106    1936  77    -20       76
  MINIMUM         50    456 AM  39    1990  56     -6       62
  AVERAGE         54                        66    -12       69

PRECIPITATION (IN)
  YESTERDAY        0.03          2.72 1879   0.12  -0.09     0.11
  MONTH TO DATE    2.23                      1.79   0.44     3.24
  SINCE JUN 1      7.44                      6.02   1.42     7.70
  SINCE JAN 1     18.58                     14.94   3.64    17.81

SNOWFALL (IN)
  YESTERDAY        0.0           0.0  2002   0.0    0.0      0.0
                                      2001
  MONTH TO DATE    0.0                       0.0    0.0      0.0
  SINCE JUN 1      T                         0.0    0.0       T
  SINCE JUL 1      0.0                       0.0    0.0      0.0
  SNOW DEPTH       0

DEGREE DAYS
 HEATING
  YESTERDAY       11                         2      9        0
  MONTH TO DATE   31                        32     -1       13
  SINCE JUN 1    162                       211    -49      155
  SINCE JUL 1     31                        32     -1       13

 COOLING
  YESTERDAY        0                         3     -3        4
  MONTH TO DATE   23                        36    -13       28
  SINCE JUN 1     36                        66    -30       71
  SINCE JAN 1     36                        70    -34       80
..................................................................


WIND (MPH)
  HIGHEST WIND SPEED    17   HIGHEST WIND DIRECTION     E (70)
  HIGHEST GUST SPEED    22   HIGHEST GUST DIRECTION    NE (60)
  AVERAGE WIND SPEED     5.8


SKY COVER
  AVERAGE SKY COVER 1.0


WEATHER CONDITIONS
 THE FOLLOWING WEATHER WAS RECORDED YESTERDAY.
  LIGHT RAIN
  FOG


RELATIVE HUMIDITY (PERCENT)
 HIGHEST   100          1200 AM
 LOWEST     80          1000 AM
 AVERAGE    90

..........................................................


THE DULUTH MN CLIMATE NORMALS FOR TODAY
                         NORMAL    RECORD    YEAR
 MAXIMUM TEMPERATURE (F)   77        98      1901
 MINIMUM TEMPERATURE (F)   56        37      1987


SUNRISE AND SUNSET
JULY 14 2017..........SUNRISE   529 AM CDT   SUNSET   900 PM CDT
JULY 15 2017..........SUNRISE   530 AM CDT   SUNSET   859 PM CDT


-  INDICATES NEGATIVE NUMBERS.
R  INDICATES RECORD WAS SET OR TIED.
MM INDICATES DATA IS MISSING.
T  INDICATES TRACE AMOUNT.




$$
