000
CDUS43 KDLH 190620
CLIDLH


CLIMATE REPORT
NATIONAL WEATHER SERVICE DULUTH MN
119 AM CDT TUE JUL 19 2016


...................................

...THE DULUTH MN CLIMATE SUMMARY FOR JULY 18 2016...

CLIMATE NORMAL PERIOD 1981 TO 2010
CLIMATE RECORD PERIOD 1870 TO 2016


WEATHER ITEM   OBSERVED TIME   RECORD YEAR NORMAL DEPARTURE LAST
                VALUE   (LST)  VALUE       VALUE  FROM      YEAR
                                                  NORMAL
..................................................................
TEMPERATURE (F)
 YESTERDAY
  MAXIMUM         78    255 PM  97    1932  77      1       85
  MINIMUM         59    457 AM  43    1984  56      3       62
  AVERAGE         69                        66      3       74

PRECIPITATION (IN)
  YESTERDAY        0.00          2.42 1987   0.11  -0.11     0.02
  MONTH TO DATE    3.58                      2.40   1.18     2.97
  SINCE JUN 1      8.04                      6.63   1.41     6.61
  SINCE JAN 1     18.15                     15.55   2.60    13.00

SNOWFALL (IN)
  YESTERDAY        0.0           0.0  2002   0.0    0.0      0.0
                                      2001
  MONTH TO DATE    0.0                       0.0    0.0      0.0
  SINCE JUN 1      T                         0.0    0.0       T
  SINCE JUL 1      0.0                       0.0    0.0      0.0
  SNOW DEPTH       0

DEGREE DAYS
 HEATING
  YESTERDAY        0                         2     -2        0
  MONTH TO DATE   21                        42    -21       15
  SINCE JUN 1    163                       221    -58      136
  SINCE JUL 1     21                        42    -21       15

 COOLING
  YESTERDAY        4                         3      1        9
  MONTH TO DATE   36                        51    -15       68
  SINCE JUN 1     79                        81     -2       90
  SINCE JAN 1     88                        85      3       94
..................................................................


WIND (MPH)
  HIGHEST WIND SPEED    16   HIGHEST WIND DIRECTION     W (290)
  HIGHEST GUST SPEED    24   HIGHEST GUST DIRECTION     W (290)
  AVERAGE WIND SPEED     6.5


SKY COVER
  AVERAGE SKY COVER 0.2


WEATHER CONDITIONS
 THE FOLLOWING WEATHER WAS RECORDED YESTERDAY.
  NO SIGNIFICANT WEATHER WAS OBSERVED.


RELATIVE HUMIDITY (PERCENT)
 HIGHEST    93           500 AM
 LOWEST     52           300 PM
 AVERAGE    73

..........................................................


THE DULUTH MN CLIMATE NORMALS FOR TODAY
                         NORMAL    RECORD    YEAR
 MAXIMUM TEMPERATURE (F)   77        94      1901
 MINIMUM TEMPERATURE (F)   56        43      1971
                                             1929


SUNRISE AND SUNSET
JULY 19 2016..........SUNRISE   534 AM CDT   SUNSET   855 PM CDT
JULY 20 2016..........SUNRISE   535 AM CDT   SUNSET   854 PM CDT


-  INDICATES NEGATIVE NUMBERS.
R  INDICATES RECORD WAS SET OR TIED.
MM INDICATES DATA IS MISSING.
T  INDICATES TRACE AMOUNT.




$$
