000
CDUS43 KDLH 250623
CLIDLH


CLIMATE REPORT
NATIONAL WEATHER SERVICE DULUTH MN
122 AM CDT TUE AUG 25 2015


...................................

...THE DULUTH MN CLIMATE SUMMARY FOR AUGUST 24 2015...

CLIMATE NORMAL PERIOD 1981 TO 2010
CLIMATE RECORD PERIOD 1870 TO 2015


WEATHER ITEM   OBSERVED TIME   RECORD YEAR NORMAL DEPARTURE LAST
                VALUE   (LST)  VALUE       VALUE  FROM      YEAR
                                                  NORMAL
..................................................................
TEMPERATURE (F)
 YESTERDAY
  MAXIMUM         56    232 PM  94    1948  73    -17       73
  MINIMUM         47    443 AM  35    1977  53     -6       64
  AVERAGE         52                        63    -11       69

PRECIPITATION (IN)
  YESTERDAY        0.01          1.57 1950   0.13  -0.12     0.43
  MONTH TO DATE    4.04                      2.83   1.21     4.04
  SINCE JUN 1     10.69                     10.91  -0.22    11.93
  SINCE JAN 1     17.08                     19.83  -2.75    24.36

SNOWFALL (IN)
  YESTERDAY        0.0           0.0  2002   0.0    0.0      0.0
                                      2001
  MONTH TO DATE    0.0                       0.0    0.0      0.0
  SINCE JUN 1      T                         0.0    0.0       T
  SINCE JUL 1      0.0                       0.0    0.0      0.0
  SNOW DEPTH       0

DEGREE DAYS
 HEATING
  YESTERDAY       13                         3     10        0
  MONTH TO DATE   60                        56      4       20
  SINCE JUN 1    196                       298   -102      222
  SINCE JUL 1     75                       119    -44       60

 COOLING
  YESTERDAY        0                         2     -2        4
  MONTH TO DATE   77                        58     19       36
  SINCE JUN 1    255                       178     77      150
  SINCE JAN 1    259                       182     77      168
..................................................................


WIND (MPH)
  HIGHEST WIND SPEED    25   HIGHEST WIND DIRECTION    NW (310)
  HIGHEST GUST SPEED    36   HIGHEST GUST DIRECTION    NW (330)
  AVERAGE WIND SPEED    15.1


SKY COVER
  AVERAGE SKY COVER 0.8


WEATHER CONDITIONS
 THE FOLLOWING WEATHER WAS RECORDED YESTERDAY.
  LIGHT RAIN
  FOG


RELATIVE HUMIDITY (PERCENT)
 HIGHEST    93           300 AM
 LOWEST     66           200 PM
 AVERAGE    80

..........................................................


THE DULUTH MN CLIMATE NORMALS FOR TODAY
                         NORMAL    RECORD    YEAR
 MAXIMUM TEMPERATURE (F)   73        95      1888
 MINIMUM TEMPERATURE (F)   53        40      1950


SUNRISE AND SUNSET
AUGUST 25 2015........SUNRISE   619 AM CDT   SUNSET   801 PM CDT
AUGUST 26 2015........SUNRISE   620 AM CDT   SUNSET   800 PM CDT


-  INDICATES NEGATIVE NUMBERS.
R  INDICATES RECORD WAS SET OR TIED.
MM INDICATES DATA IS MISSING.
T  INDICATES TRACE AMOUNT.




$$
