000
CDUS43 KDLH 200643
CLIDLH


CLIMATE REPORT
NATIONAL WEATHER SERVICE DULUTH MN
140 AM CDT SAT AUG 20 2016


...................................

...THE DULUTH MN CLIMATE SUMMARY FOR AUGUST 19 2016...

CLIMATE NORMAL PERIOD 1981 TO 2010
CLIMATE RECORD PERIOD 1870 TO 2016


WEATHER ITEM   OBSERVED TIME   RECORD YEAR NORMAL DEPARTURE LAST
                VALUE   (LST)  VALUE       VALUE  FROM      YEAR
                                                  NORMAL
..................................................................
TEMPERATURE (F)
 YESTERDAY
  MAXIMUM         77    331 PM  94    1976  74      3       62
  MINIMUM         64   1159 PM  37    2004  54     10       52
  AVERAGE         71                        64      7       57

PRECIPITATION (IN)
  YESTERDAY        0.01          2.89 2009   0.13  -0.12     0.44
  MONTH TO DATE    2.91                      2.22   0.69     3.31
  SINCE JUN 1     11.76                     10.30   1.46     9.96
  SINCE JAN 1     21.87                     19.22   2.65    16.35

SNOWFALL (IN)
  YESTERDAY        0.0           0.0  2002   0.0    0.0      0.0
                                      2001
  MONTH TO DATE    0.0                       0.0    0.0      0.0
  SINCE JUN 1      T                         0.0    0.0       T
  SINCE JUL 1      0.0                       0.0    0.0      0.0
  SNOW DEPTH       0

DEGREE DAYS
 HEATING
  YESTERDAY        0                         3     -3        8
  MONTH TO DATE    6                        41    -35       29
  SINCE JUN 1    177                       283   -106      165
  SINCE JUL 1     35                       104    -69       44

 COOLING
  YESTERDAY        6                         2      4        0
  MONTH TO DATE   84                        48     36       72
  SINCE JUN 1    230                       168     62      250
  SINCE JAN 1    239                       172     67      254
..................................................................


WIND (MPH)
  HIGHEST WIND SPEED    13   HIGHEST WIND DIRECTION     N (10)
  HIGHEST GUST SPEED    17   HIGHEST GUST DIRECTION     N (360)
  AVERAGE WIND SPEED     6.6


SKY COVER
  AVERAGE SKY COVER 0.5


WEATHER CONDITIONS
 THE FOLLOWING WEATHER WAS RECORDED YESTERDAY.
  LIGHT RAIN


RELATIVE HUMIDITY (PERCENT)
 HIGHEST   100          1200 AM
 LOWEST     50          1200 PM
 AVERAGE    75

..........................................................


THE DULUTH MN CLIMATE NORMALS FOR TODAY
                         NORMAL    RECORD    YEAR
 MAXIMUM TEMPERATURE (F)   74        91      2013
 MINIMUM TEMPERATURE (F)   54        36      2004


SUNRISE AND SUNSET
AUGUST 20 2016........SUNRISE   614 AM CDT   SUNSET   809 PM CDT
AUGUST 21 2016........SUNRISE   615 AM CDT   SUNSET   808 PM CDT


-  INDICATES NEGATIVE NUMBERS.
R  INDICATES RECORD WAS SET OR TIED.
MM INDICATES DATA IS MISSING.
T  INDICATES TRACE AMOUNT.




$$
