000
CDUS43 KDLH 240628
CLIDLH


CLIMATE REPORT
NATIONAL WEATHER SERVICE DULUTH MN
125 AM CDT FRI MAR 24 2017


...................................

...THE DULUTH MN CLIMATE SUMMARY FOR MARCH 23 2017...

CLIMATE NORMAL PERIOD 1981 TO 2010
CLIMATE RECORD PERIOD 1870 TO 2017


WEATHER ITEM   OBSERVED TIME   RECORD YEAR NORMAL DEPARTURE LAST
                VALUE   (LST)  VALUE       VALUE  FROM      YEAR
                                                  NORMAL
..................................................................
TEMPERATURE (F)
 YESTERDAY
  MAXIMUM         36    125 PM  68    1939  37     -1       30
  MINIMUM         28    555 AM -17    1974  20      8       21
  AVERAGE         32                        29      3       26

PRECIPITATION (IN)
  YESTERDAY        0.22          1.35 2009   0.05   0.17     0.00
  MONTH TO DATE    0.98                      1.06  -0.08     3.11
  SINCE MAR 1      0.98                      1.06  -0.08     3.11
  SINCE JAN 1      3.94                      2.83   1.11     4.99

SNOWFALL (IN)
  YESTERDAY        0.2           7.0  1893   0.4   -0.2      0.0
  MONTH TO DATE    5.3                      10.7   -5.4     13.1
  SINCE MAR 1      5.3                      10.7   -5.4     13.1
  SINCE JUL 1     64.3                      76.3  -12.0     67.3
  SNOW DEPTH       1

DEGREE DAYS
 HEATING
  YESTERDAY       33                        36     -3       39
  MONTH TO DATE  974                       937     37      783
  SINCE MAR 1    974                       937     37      783
  SINCE JUL 1   6664                      7804  -1140     6620

 COOLING
  YESTERDAY        0                         0      0        0
  MONTH TO DATE    0                         0      0        0
  SINCE MAR 1      0                         0      0        0
  SINCE JAN 1      0                         0      0        0
..................................................................


WIND (MPH)
  HIGHEST WIND SPEED    17   HIGHEST WIND DIRECTION    SE (150)
  HIGHEST GUST SPEED    21   HIGHEST GUST DIRECTION     S (160)
  AVERAGE WIND SPEED     9.3


SKY COVER
  AVERAGE SKY COVER 1.0


WEATHER CONDITIONS
 THE FOLLOWING WEATHER WAS RECORDED YESTERDAY.
  THUNDERSTORM
  RAIN
  LIGHT RAIN
  LT FREEZING RAIN
  LIGHT SNOW
  SLEET
  FOG


RELATIVE HUMIDITY (PERCENT)
 HIGHEST    92           500 AM
 LOWEST     63           200 AM
 AVERAGE    78

..........................................................


THE DULUTH MN CLIMATE NORMALS FOR TODAY
                         NORMAL    RECORD    YEAR
 MAXIMUM TEMPERATURE (F)   38        70      2012
 MINIMUM TEMPERATURE (F)   21       -21      1974


SUNRISE AND SUNSET
MARCH 24 2017.........SUNRISE   703 AM CDT   SUNSET   727 PM CDT
MARCH 25 2017.........SUNRISE   701 AM CDT   SUNSET   728 PM CDT


-  INDICATES NEGATIVE NUMBERS.
R  INDICATES RECORD WAS SET OR TIED.
MM INDICATES DATA IS MISSING.
T  INDICATES TRACE AMOUNT.




$$
