000
CDUS43 KDLH 142238
CLIDLH


CLIMATE REPORT
NATIONAL WEATHER SERVICE DULUTH MN
437 PM CST SUN JAN 14 2018


...................................

...THE DULUTH CLIMATE SUMMARY FOR JANUARY 14 2018...
VALID TODAY AS OF 0400 PM LOCAL TIME.

CLIMATE NORMAL PERIOD 1981 TO 2010
CLIMATE RECORD PERIOD 1870 TO 2018


WEATHER ITEM   OBSERVED TIME   RECORD YEAR NORMAL DEPARTURE LAST
                VALUE   (LST)  VALUE       VALUE  FROM      YEAR
                                                  NORMAL
..................................................................
TEMPERATURE (F)
 TODAY
  MAXIMUM          2    359 PM  51    1894  19    -17       20
  MINIMUM        -13    134 AM -38    1965   1    -14        2
  AVERAGE         -5                        10    -15       11

PRECIPITATION (IN)
  TODAY            0.05          0.48 1928   0.04   0.01     0.00
  MONTH TO DATE    0.35                      0.49  -0.14     0.60
  SINCE DEC 1      1.18                      1.70  -0.52     2.67
  SINCE JAN 1      0.35                      0.49  -0.14     0.60

SNOWFALL (IN)
  TODAY            1.1           6.7  1923   0.6    0.5      0.0
  MONTH TO DATE    4.7                       9.4   -4.7     10.1
  SINCE JUL 1     39.7                      43.2   -3.5     39.5
  SNOW DEPTH       8

DEGREE DAYS
 HEATING
  TODAY           70                        55     15       54
  MONTH TO DATE  864                       767     97      860
  SINCE DEC 1   2547                      2323    224     2372
  SINCE JUL 1   4693                      4536    157     3854

 COOLING
  TODAY            0                         0      0        0
  MONTH TO DATE    0                         0      0        0
  SINCE DEC 1      0                         0      0        0
  SINCE JAN 1      0                         0      0        0
..................................................................


WIND (MPH)
  HIGHEST WIND SPEED    15   HIGHEST WIND DIRECTION     S (180)
  HIGHEST GUST SPEED    19   HIGHEST GUST DIRECTION     S (180)
  AVERAGE WIND SPEED     9.5


SKY COVER
  AVERAGE SKY COVER 0.5


WEATHER CONDITIONS
 THE FOLLOWING WEATHER WAS RECORDED TODAY.
  SNOW
  LIGHT SNOW
  FOG
  HAZE


RELATIVE HUMIDITY (PERCENT)
 HIGHEST    95           400 PM
 LOWEST     74           200 AM
 AVERAGE    85

..........................................................


THE DULUTH CLIMATE NORMALS FOR TOMORROW
                         NORMAL    RECORD    YEAR
 MAXIMUM TEMPERATURE (F)   19        42      1933
 MINIMUM TEMPERATURE (F)    1       -39      1972


SUNRISE AND SUNSET
JANUARY 14 2018.......SUNRISE   750 AM CST   SUNSET   446 PM CST
JANUARY 15 2018.......SUNRISE   749 AM CST   SUNSET   447 PM CST


-  INDICATES NEGATIVE NUMBERS.
R  INDICATES RECORD WAS SET OR TIED.
MM INDICATES DATA IS MISSING.
T  INDICATES TRACE AMOUNT.




$$
