000
CDUS43 KDLH 210622
CLIDLH


CLIMATE REPORT
NATIONAL WEATHER SERVICE DULUTH MN
121 AM CDT WED SEP 21 2016


...................................

...THE DULUTH MN CLIMATE SUMMARY FOR SEPTEMBER 20 2016...

CLIMATE NORMAL PERIOD 1981 TO 2010
CLIMATE RECORD PERIOD 1870 TO 2016


WEATHER ITEM   OBSERVED TIME   RECORD YEAR NORMAL DEPARTURE LAST
                VALUE   (LST)  VALUE       VALUE  FROM      YEAR
                                                  NORMAL
..................................................................
TEMPERATURE (F)
 YESTERDAY
  MAXIMUM         72    943 AM  87    1891  63      9       70
  MINIMUM         46    500 AM  23    1962  44      2       48
  AVERAGE         59                        54      5       59

PRECIPITATION (IN)
  YESTERDAY        T             3.77 1972   0.14  -0.14     0.00
  MONTH TO DATE    2.51                      2.80  -0.29     5.19
  SINCE SEP 1      2.51                      2.80  -0.29     5.19
  SINCE JAN 1     26.43                     23.50   2.93    22.32

SNOWFALL (IN)
  YESTERDAY        0.0           0.0  2002   0.0    0.0      0.0
                                      2001
  MONTH TO DATE    0.0                       0.0    0.0      0.0
  SINCE SEP 1      0.0                       0.0    0.0      0.0
  SINCE JUL 1      0.0                       0.0    0.0      0.0
  SNOW DEPTH       0

DEGREE DAYS
 HEATING
  YESTERDAY        6                        11     -5        6
  MONTH TO DATE   73                       160    -87       69
  SINCE SEP 1     73                       160    -87       69
  SINCE JUL 1    127                       309   -182      165

 COOLING
  YESTERDAY        0                         0      0        0
  MONTH TO DATE   14                        13      1       51
  SINCE SEP 1     14                        13      1       51
  SINCE JAN 1    281                       203     78      329
..................................................................


WIND (MPH)
  HIGHEST WIND SPEED    18   HIGHEST WIND DIRECTION     W (260)
  HIGHEST GUST SPEED    23   HIGHEST GUST DIRECTION     W (260)
  AVERAGE WIND SPEED     6.8


SKY COVER
  AVERAGE SKY COVER 0.5


WEATHER CONDITIONS
 THE FOLLOWING WEATHER WAS RECORDED YESTERDAY.
  LIGHT RAIN


RELATIVE HUMIDITY (PERCENT)
 HIGHEST    93           900 PM
 LOWEST     44          1000 AM
 AVERAGE    69

..........................................................


THE DULUTH MN CLIMATE NORMALS FOR TODAY
                         NORMAL    RECORD    YEAR
 MAXIMUM TEMPERATURE (F)   63        88      1908
 MINIMUM TEMPERATURE (F)   44        28      1974


SUNRISE AND SUNSET
SEPTEMBER 21 2016.....SUNRISE   655 AM CDT   SUNSET   707 PM CDT
SEPTEMBER 22 2016.....SUNRISE   656 AM CDT   SUNSET   705 PM CDT


-  INDICATES NEGATIVE NUMBERS.
R  INDICATES RECORD WAS SET OR TIED.
MM INDICATES DATA IS MISSING.
T  INDICATES TRACE AMOUNT.




$$
