000
CDUS43 KDLH 150642
CLIDLH


CLIMATE REPORT
NATIONAL WEATHER SERVICE DULUTH MN
138 AM CDT TUE APR 15 2014


...................................

...THE DULUTH MN CLIMATE SUMMARY FOR APRIL 14 2014...

CLIMATE NORMAL PERIOD 1981 TO 2010
CLIMATE RECORD PERIOD 1870 TO 2014


WEATHER ITEM   OBSERVED TIME   RECORD YEAR NORMAL DEPARTURE LAST
                VALUE   (LST)  VALUE       VALUE  FROM      YEAR
                                                  NORMAL
..................................................................
TEMPERATURE (F)
 YESTERDAY
  MAXIMUM         30    441 PM  82    1908  49    -19       37
  MINIMUM         20   1159 PM   8    2013  29     -9        8
                                      1926
  AVERAGE         25                        39    -14       23

PRECIPITATION (IN)
  YESTERDAY        T             1.61 1886   0.09  -0.09     0.36
  MONTH TO DATE    0.84                      0.99  -0.15     2.34
  SINCE MAR 1      2.75                      2.48   0.27     4.38
  SINCE JAN 1      5.60                      4.25   1.35     6.93

SNOWFALL (IN)
  YESTERDAY        T            11.6  1983   0.2   -0.2      4.1
  MONTH TO DATE   13.4                       4.2    9.2     23.9
  SINCE MAR 1     34.3                      17.4   16.9     49.7
  SINCE JUL 1    118.1                      83.0   35.1    102.5
  SNOW DEPTH       7

DEGREE DAYS
 HEATING
  YESTERDAY       40                        26     14       42
  MONTH TO DATE  425                       408     17      491
  SINCE MAR 1   1864                      1618    246     1824
  SINCE JUL 1   9305                      8485    820     8332

 COOLING
  YESTERDAY        0                         0      0        0
  MONTH TO DATE    0                         0      0        0
  SINCE MAR 1      0                         0      0        0
  SINCE JAN 1      0                         0      0        0
..................................................................


WIND (MPH)
  HIGHEST WIND SPEED    25   HIGHEST WIND DIRECTION     N (350)
  HIGHEST GUST SPEED    35   HIGHEST GUST DIRECTION     N (340)
  AVERAGE WIND SPEED    13.9


SKY COVER
  AVERAGE SKY COVER 0.5


WEATHER CONDITIONS
 THE FOLLOWING WEATHER WAS RECORDED YESTERDAY.
  LIGHT SNOW
  HAZE


RELATIVE HUMIDITY (PERCENT)
 HIGHEST    67          1100 PM
 LOWEST     35           200 PM
 AVERAGE    51

..........................................................


THE DULUTH MN CLIMATE NORMALS FOR TODAY
                         NORMAL    RECORD    YEAR
 MAXIMUM TEMPERATURE (F)   49        79      1913
 MINIMUM TEMPERATURE (F)   30        11      1935


SUNRISE AND SUNSET
APRIL 15 2014.........SUNRISE   621 AM CDT   SUNSET   757 PM CDT
APRIL 16 2014.........SUNRISE   619 AM CDT   SUNSET   759 PM CDT


-  INDICATES NEGATIVE NUMBERS.
R  INDICATES RECORD WAS SET OR TIED.
MM INDICATES DATA IS MISSING.
T  INDICATES TRACE AMOUNT.




$$
