000
CDUS43 KDLH 152239
CLIDLH


CLIMATE REPORT
NATIONAL WEATHER SERVICE DULUTH MN
439 PM CST MON JAN 15 2018


...................................

...THE DULUTH CLIMATE SUMMARY FOR JANUARY 15 2018...
VALID TODAY AS OF 0400 PM LOCAL TIME.

CLIMATE NORMAL PERIOD 1981 TO 2010
CLIMATE RECORD PERIOD 1870 TO 2018


WEATHER ITEM   OBSERVED TIME   RECORD YEAR NORMAL DEPARTURE LAST
                VALUE   (LST)  VALUE       VALUE  FROM      YEAR
                                                  NORMAL
..................................................................
TEMPERATURE (F)
 TODAY
  MAXIMUM          8    312 PM  42    1933  19    -11       28
  MINIMUM          0   1010 AM -39    1972   1     -1        2
  AVERAGE          4                        10     -6       15

PRECIPITATION (IN)
  TODAY            0.01          0.73 1969   0.03  -0.02     0.00
  MONTH TO DATE    0.42                      0.52  -0.10     0.60
  SINCE DEC 1      1.25                      1.73  -0.48     2.67
  SINCE JAN 1      0.42                      0.52  -0.10     0.60

SNOWFALL (IN)
  TODAY            0.6           5.2  1953   0.7   -0.1      0.0
  MONTH TO DATE    6.0                      10.1   -4.1     10.1
  SINCE JUL 1     41.0                      43.9   -2.9     39.5
  SNOW DEPTH       9

DEGREE DAYS
 HEATING
  TODAY           61                        55      6       50
  MONTH TO DATE  924                       822    102      910
  SINCE DEC 1   2607                      2378    229     2422
  SINCE JUL 1   4753                      4591    162     3904

 COOLING
  TODAY            0                         0      0        0
  MONTH TO DATE    0                         0      0        0
  SINCE DEC 1      0                         0      0        0
  SINCE JAN 1      0                         0      0        0
..................................................................


WIND (MPH)
  HIGHEST WIND SPEED    22   HIGHEST WIND DIRECTION     N (350)
  HIGHEST GUST SPEED    29   HIGHEST GUST DIRECTION     N (340)
  AVERAGE WIND SPEED    14.7


SKY COVER
  AVERAGE SKY COVER 1.0


WEATHER CONDITIONS
 THE FOLLOWING WEATHER WAS RECORDED TODAY.
  LIGHT SNOW
  FOG
  HAZE
  BLOWING SNOW


RELATIVE HUMIDITY (PERCENT)
 HIGHEST    88           400 PM
 LOWEST     79           800 AM
 AVERAGE    84

..........................................................


THE DULUTH CLIMATE NORMALS FOR TOMORROW
                         NORMAL    RECORD    YEAR
 MAXIMUM TEMPERATURE (F)   19        42      1942
 MINIMUM TEMPERATURE (F)    1       -31      1982


SUNRISE AND SUNSET
JANUARY 15 2018.......SUNRISE   749 AM CST   SUNSET   447 PM CST
JANUARY 16 2018.......SUNRISE   749 AM CST   SUNSET   449 PM CST


-  INDICATES NEGATIVE NUMBERS.
R  INDICATES RECORD WAS SET OR TIED.
MM INDICATES DATA IS MISSING.
T  INDICATES TRACE AMOUNT.




$$
