000
CDUS43 KDLH 242220
CLIDLH


CLIMATE REPORT
NATIONAL WEATHER SERVICE DULUTH MN
520 PM CDT SUN MAY 24 2015


...................................

...THE DULUTH MN CLIMATE SUMMARY FOR MAY 24 2015...
VALID TODAY AS OF 0500 PM LOCAL TIME.

CLIMATE NORMAL PERIOD 1981 TO 2010
CLIMATE RECORD PERIOD 1870 TO 2015


WEATHER ITEM   OBSERVED TIME   RECORD YEAR NORMAL DEPARTURE LAST
                VALUE   (LST)  VALUE       VALUE  FROM      YEAR
                                                  NORMAL
..................................................................
TEMPERATURE (F)
 TODAY
  MAXIMUM         71    335 PM  84    2014  65      6       84
                                      1875
  MINIMUM         46    407 AM  31    1949  43      3       49
  AVERAGE         59                        54      5       67

PRECIPITATION (IN)
  TODAY            T             1.81 1989   0.10  -0.10     0.00
  MONTH TO DATE    2.87                      2.46   0.41     3.06
  SINCE MAR 1      4.69                      6.38  -1.69     8.27
  SINCE JAN 1      5.53                      8.15  -2.62    11.12

SNOWFALL (IN)
  TODAY            0.0           T    2002   0.0    0.0      0.0
                                      1949
  MONTH TO DATE    T                         0.4   -0.4       T
  SINCE JUL 1     49.2                      86.1  -36.9    131.0
  SNOW DEPTH       0

DEGREE DAYS
 HEATING
  TODAY            6                        11     -5        0
  MONTH TO DATE  332                       353    -21      394
  SINCE MAR 1   2066                      2325   -259     2719
  SINCE JUL 1   8905                      9192   -287    10160

 COOLING
  TODAY            0                         0      0        2
  MONTH TO DATE    1                         0      1        2
  SINCE MAR 1      1                         0      1        2
  SINCE JAN 1      1                         0      1        2
..................................................................


WIND (MPH)
  HIGHEST WIND SPEED    10   HIGHEST WIND DIRECTION    SE (130)
  HIGHEST GUST SPEED    12   HIGHEST GUST DIRECTION    NE (50)
  AVERAGE WIND SPEED     3.7


SKY COVER
  POSSIBLE SUNSHINE  MM
  AVERAGE SKY COVER 0.7


WEATHER CONDITIONS
 THE FOLLOWING WEATHER WAS RECORDED TODAY.
  NO SIGNIFICANT WEATHER WAS OBSERVED.


RELATIVE HUMIDITY (PERCENT)
 HIGHEST    86           400 AM
 LOWEST     37          1100 AM
 AVERAGE    62

..........................................................


THE DULUTH MN CLIMATE NORMALS FOR TOMORROW
                         NORMAL    RECORD    YEAR
 MAXIMUM TEMPERATURE (F)   65        86      2010
 MINIMUM TEMPERATURE (F)   43        30      1992
                                             1988


SUNRISE AND SUNSET
MAY 24 2015...........SUNRISE   525 AM CDT   SUNSET   847 PM CDT
MAY 25 2015...........SUNRISE   524 AM CDT   SUNSET   848 PM CDT


-  INDICATES NEGATIVE NUMBERS.
R  INDICATES RECORD WAS SET OR TIED.
MM INDICATES DATA IS MISSING.
T  INDICATES TRACE AMOUNT.




$$
