000
CDUS43 KDLH 190633
CLIDLH


CLIMATE REPORT
NATIONAL WEATHER SERVICE DULUTH MN
133 AM CDT THU MAY 19 2016


...................................

...THE DULUTH MN CLIMATE SUMMARY FOR MAY 18 2016...

CLIMATE NORMAL PERIOD 1981 TO 2010
CLIMATE RECORD PERIOD 1870 TO 2016


WEATHER ITEM   OBSERVED TIME   RECORD YEAR NORMAL DEPARTURE LAST
                VALUE   (LST)  VALUE       VALUE  FROM      YEAR
                                                  NORMAL
..................................................................
TEMPERATURE (F)
 YESTERDAY
  MAXIMUM         68    417 PM  87    2012  63      5       51
  MINIMUM         38    129 AM  27    1915  41     -3       33
  AVERAGE         53                        52      1       42

PRECIPITATION (IN)
  YESTERDAY        0.00          1.31 1883   0.11  -0.11     0.04
  MONTH TO DATE    0.86                      1.83  -0.97     2.87
  SINCE MAR 1      7.22                      5.75   1.47     4.69
  SINCE JAN 1      9.10                      7.52   1.58     5.53

SNOWFALL (IN)
  YESTERDAY        0.0           0.1  1968   0.0    0.0       T
  MONTH TO DATE    0.1                       0.4   -0.3       T
  SINCE MAR 1     27.2                      20.5    6.7      9.3
  SINCE JUL 1     81.4                      86.1   -4.7     49.2
  SNOW DEPTH       0

DEGREE DAYS
 HEATING
  YESTERDAY       12                        13     -1       23
  MONTH TO DATE  284                       280      4      273
  SINCE MAR 1   2121                      2252   -131     2007
  SINCE JUL 1   7958                      9119  -1161     8846

 COOLING
  YESTERDAY        0                         0      0        0
  MONTH TO DATE    7                         0      7        0
  SINCE MAR 1      7                         0      7        0
  SINCE JAN 1      7                         0      7        0
..................................................................


WIND (MPH)
  HIGHEST WIND SPEED    15   HIGHEST WIND DIRECTION    SE (130)
  HIGHEST GUST SPEED    21   HIGHEST GUST DIRECTION    SE (130)
  AVERAGE WIND SPEED     5.4


SKY COVER
  AVERAGE SKY COVER 0.1


WEATHER CONDITIONS
 THE FOLLOWING WEATHER WAS RECORDED YESTERDAY.
  NO SIGNIFICANT WEATHER WAS OBSERVED.


RELATIVE HUMIDITY (PERCENT)
 HIGHEST    64           100 AM
 LOWEST     22           200 PM
 AVERAGE    43

..........................................................


THE DULUTH MN CLIMATE NORMALS FOR TODAY
                         NORMAL    RECORD    YEAR
 MAXIMUM TEMPERATURE (F)   63        85      1972
                                             1941
                                             1925
 MINIMUM TEMPERATURE (F)   42        26      1929


SUNRISE AND SUNSET
MAY 19 2016...........SUNRISE   529 AM CDT   SUNSET   842 PM CDT
MAY 20 2016...........SUNRISE   528 AM CDT   SUNSET   844 PM CDT


-  INDICATES NEGATIVE NUMBERS.
R  INDICATES RECORD WAS SET OR TIED.
MM INDICATES DATA IS MISSING.
T  INDICATES TRACE AMOUNT.




$$
