000
CDUS43 KDLH 280634
CLIDLH


CLIMATE REPORT
NATIONAL WEATHER SERVICE DULUTH MN
133 AM CDT TUE MAR 28 2017


...................................

...THE DULUTH MN CLIMATE SUMMARY FOR MARCH 27 2017...

CLIMATE NORMAL PERIOD 1981 TO 2010
CLIMATE RECORD PERIOD 1870 TO 2017


WEATHER ITEM   OBSERVED TIME   RECORD YEAR NORMAL DEPARTURE LAST
                VALUE   (LST)  VALUE       VALUE  FROM      YEAR
                                                  NORMAL
..................................................................
TEMPERATURE (F)
 YESTERDAY
  MAXIMUM         51    301 PM  79    1946  39     12       36
  MINIMUM         29   1146 PM  -8    1982  22      7       25
  AVERAGE         40                        30     10       31

PRECIPITATION (IN)
  YESTERDAY        0.00          1.69 1961   0.05  -0.05     0.16
  MONTH TO DATE    1.05                      1.27  -0.22     3.57
  SINCE MAR 1      1.05                      1.27  -0.22     3.57
  SINCE JAN 1      4.01                      3.04   0.97     5.45

SNOWFALL (IN)
  YESTERDAY        0.0          10.8  1975   0.3   -0.3      1.3
  MONTH TO DATE    5.3                      12.0   -6.7     17.3
  SINCE MAR 1      5.3                      12.0   -6.7     17.3
  SINCE JUL 1     64.3                      77.6  -13.3     71.5
  SNOW DEPTH       T

DEGREE DAYS
 HEATING
  YESTERDAY       25                        35    -10       34
  MONTH TO DATE 1091                      1078     13      920
  SINCE MAR 1   1091                      1078     13      920
  SINCE JUL 1   6781                      7945  -1164     6757

 COOLING
  YESTERDAY        0                         0      0        0
  MONTH TO DATE    0                         0      0        0
  SINCE MAR 1      0                         0      0        0
  SINCE JAN 1      0                         0      0        0
..................................................................


WIND (MPH)
  HIGHEST WIND SPEED     9   HIGHEST WIND DIRECTION     N (350)
  HIGHEST GUST SPEED    11   HIGHEST GUST DIRECTION     N (340)
  AVERAGE WIND SPEED     4.6


SKY COVER
  AVERAGE SKY COVER 0.7


WEATHER CONDITIONS
 THE FOLLOWING WEATHER WAS RECORDED YESTERDAY.
  FOG
  FOG W/VISIBILITY <= 1/4 MILE


RELATIVE HUMIDITY (PERCENT)
 HIGHEST   100           200 AM
 LOWEST     50           300 PM
 AVERAGE    75

..........................................................


THE DULUTH MN CLIMATE NORMALS FOR TODAY
                         NORMAL    RECORD    YEAR
 MAXIMUM TEMPERATURE (F)   40        81      1946
 MINIMUM TEMPERATURE (F)   22       -14      1923


SUNRISE AND SUNSET
MARCH 28 2017.........SUNRISE   655 AM CDT   SUNSET   733 PM CDT
MARCH 29 2017.........SUNRISE   653 AM CDT   SUNSET   734 PM CDT


-  INDICATES NEGATIVE NUMBERS.
R  INDICATES RECORD WAS SET OR TIED.
MM INDICATES DATA IS MISSING.
T  INDICATES TRACE AMOUNT.




$$
