000
CDUS43 KDLH 202232
CLIDLH


CLIMATE REPORT
NATIONAL WEATHER SERVICE DULUTH MN
431 PM CST MON NOV 20 2017


...................................

...THE DULUTH CLIMATE SUMMARY FOR NOVEMBER 20 2017...
VALID TODAY AS OF 0400 PM LOCAL TIME.

CLIMATE NORMAL PERIOD 1981 TO 2010
CLIMATE RECORD PERIOD 1870 TO 2017


WEATHER ITEM   OBSERVED TIME   RECORD YEAR NORMAL DEPARTURE LAST
                VALUE   (LST)  VALUE       VALUE  FROM      YEAR
                                                  NORMAL
..................................................................
TEMPERATURE (F)
 TODAY
  MAXIMUM         33    317 PM  61    1925  33      0       27
  MINIMUM         18    123 AM -11    1921  20     -2       10
  AVERAGE         26                        26      0       19

PRECIPITATION (IN)
  TODAY            0.00          1.56 1930   0.07  -0.07     0.00
  MONTH TO DATE    1.22                      1.48  -0.26     1.15
  SINCE SEP 1      8.17                      8.44  -0.27     6.22
  SINCE JAN 1     35.86                     29.14   6.72    30.14

SNOWFALL (IN)
  TODAY            0.0          12.0  1975   0.5   -0.5      0.0
  MONTH TO DATE   10.2                       8.0    2.2      3.5
  SINCE JUL 1     21.3                      10.4   10.9      3.5
  SNOW DEPTH       2

DEGREE DAYS
 HEATING
  TODAY           39                        39      0       46
  MONTH TO DATE  815                       672    143      423
  SINCE SEP 1   1621                      1648    -27     1116
  SINCE JUL 1   1791                      1797     -6     1170

 COOLING
  TODAY            0                         0      0        0
  MONTH TO DATE    0                         0      0        0
  SINCE SEP 1     26                        14     12       14
  SINCE JAN 1    126                       204    -78      281
..................................................................


WIND (MPH)
  HIGHEST WIND SPEED    13   HIGHEST WIND DIRECTION     S (160)
  HIGHEST GUST SPEED    14   HIGHEST GUST DIRECTION     S (170)
  AVERAGE WIND SPEED     6.6


SKY COVER
  AVERAGE SKY COVER 0.3


WEATHER CONDITIONS
 THE FOLLOWING WEATHER WAS RECORDED TODAY.
  FOG


RELATIVE HUMIDITY (PERCENT)
 HIGHEST   100           300 AM
 LOWEST     78           100 PM
 AVERAGE    89

..........................................................


THE DULUTH CLIMATE NORMALS FOR TOMORROW
                         NORMAL    RECORD    YEAR
 MAXIMUM TEMPERATURE (F)   32        64      1990
 MINIMUM TEMPERATURE (F)   19       -13      1880


SUNRISE AND SUNSET
NOVEMBER 20 2017......SUNRISE   719 AM CST   SUNSET   429 PM CST
NOVEMBER 21 2017......SUNRISE   720 AM CST   SUNSET   428 PM CST


-  INDICATES NEGATIVE NUMBERS.
R  INDICATES RECORD WAS SET OR TIED.
MM INDICATES DATA IS MISSING.
T  INDICATES TRACE AMOUNT.




$$
