000
CDUS43 KDLH 070619
CLIDLH


CLIMATE REPORT
NATIONAL WEATHER SERVICE DULUTH MN
118 AM CDT MON JUL 7 2014


...................................

...THE DULUTH MN CLIMATE SUMMARY FOR JULY 6 2014...

CLIMATE NORMAL PERIOD 1981 TO 2010
CLIMATE RECORD PERIOD 1870 TO 2014


WEATHER ITEM   OBSERVED TIME   RECORD YEAR NORMAL DEPARTURE LAST
                VALUE   (LST)  VALUE       VALUE  FROM      YEAR
                                                  NORMAL
..................................................................
TEMPERATURE (F)
 YESTERDAY
  MAXIMUM         83   1258 PM  95    1988  76      7       82
  MINIMUM         64   1159 PM  41    1969  55      9       66
                                      1965
  AVERAGE         74                        65      9       74

PRECIPITATION (IN)
  YESTERDAY        0.86          2.63 1996   0.14   0.72     0.34
  MONTH TO DATE    0.87                      0.89  -0.02     0.34
  SINCE JUN 1      5.34                      5.12   0.22     4.88
  SINCE JAN 1     17.77                     14.04   3.73    18.22

SNOWFALL (IN)
  YESTERDAY        0.0                       0.0    0.0      0.0
  MONTH TO DATE    0.0                       0.0    0.0      0.0
  SINCE JUN 1      T                         0.0    0.0      0.0
  SINCE JUL 1      0.0                       0.0    0.0      0.0
  SNOW DEPTH       0

DEGREE DAYS
 HEATING
  YESTERDAY        0                         3     -3        0
  MONTH TO DATE    6                        18    -12        4
  SINCE JUN 1    168                       197    -29      150
  SINCE JUL 1      6                        18    -12        4

 COOLING
  YESTERDAY        9                         3      6        9
  MONTH TO DATE   17                        15      2       28
  SINCE JUN 1     46                        45      1       81
  SINCE JAN 1     64                        49     15       82
..................................................................


WIND (MPH)
  HIGHEST WIND SPEED    23   HIGHEST WIND DIRECTION    SW (240)
  HIGHEST GUST SPEED    40   HIGHEST GUST DIRECTION    NW (310)
  AVERAGE WIND SPEED    11.8


SKY COVER
  AVERAGE SKY COVER 0.4


WEATHER CONDITIONS
 THE FOLLOWING WEATHER WAS RECORDED YESTERDAY.
  THUNDERSTORM
  HEAVY RAIN
  RAIN
  LIGHT RAIN
  FOG
  HAZE


RELATIVE HUMIDITY (PERCENT)
 HIGHEST    97           700 AM
 LOWEST     47           700 PM
 AVERAGE    72

..........................................................


THE DULUTH MN CLIMATE NORMALS FOR TODAY
                         NORMAL    RECORD    YEAR
 MAXIMUM TEMPERATURE (F)   76       100      1936
 MINIMUM TEMPERATURE (F)   55        38      1984
                                             1972


SUNRISE AND SUNSET
JULY  7 2014..........SUNRISE   523 AM CDT   SUNSET   904 PM CDT
JULY  8 2014..........SUNRISE   523 AM CDT   SUNSET   904 PM CDT


-  INDICATES NEGATIVE NUMBERS.
R  INDICATES RECORD WAS SET OR TIED.
MM INDICATES DATA IS MISSING.
T  INDICATES TRACE AMOUNT.




$$
