000
CDUS43 KDLH 152230
CLIDLH


CLIMATE REPORT
NATIONAL WEATHER SERVICE DULUTH MN
525 PM CDT MON MAY 15 2017


...................................

...THE DULUTH MN CLIMATE SUMMARY FOR MAY 15 2017...
VALID TODAY AS OF 0500 PM LOCAL TIME.

CLIMATE NORMAL PERIOD 1981 TO 2010
CLIMATE RECORD PERIOD 1870 TO 2017


WEATHER ITEM   OBSERVED TIME   RECORD YEAR NORMAL DEPARTURE LAST
                VALUE   (LST)  VALUE       VALUE  FROM      YEAR
                                                  NORMAL
..................................................................
TEMPERATURE (F)
 TODAY
  MAXIMUM         60   1245 PM  88    1931  62     -2       60
  MINIMUM         42    334 AM  26    2004  40      2       28
  AVERAGE         51                        51      0       44

PRECIPITATION (IN)
  TODAY            0.08          1.28 1915   0.10  -0.02     0.03
  MONTH TO DATE    0.61                      1.51  -0.90     0.86
  SINCE MAR 1      4.68                      5.43  -0.75     7.22
  SINCE JAN 1      7.64                      7.20   0.44     9.10

SNOWFALL (IN)
  TODAY            0.0           2.0  1907   0.0    0.0      0.0
  MONTH TO DATE    0.8                       0.4    0.4      0.1
  SINCE JUL 1     67.0                      86.1  -19.1     81.4
  SNOW DEPTH       0

DEGREE DAYS
 HEATING
  TODAY           14                        14      0       21
  MONTH TO DATE  234                       240     -6      237
  SINCE MAR 1   2105                      2212   -107     2074
  SINCE JUL 1   7795                      9079  -1284     7911

 COOLING
  TODAY            0                         0      0        0
  MONTH TO DATE    0                         0      0        7
  SINCE MAR 1      0                         0      0        7
  SINCE JAN 1      0                         0      0        7
..................................................................


WIND (MPH)
  HIGHEST WIND SPEED    21   HIGHEST WIND DIRECTION    SE (130)
  HIGHEST GUST SPEED    23   HIGHEST GUST DIRECTION    SE (130)
  AVERAGE WIND SPEED     7.9


SKY COVER
  POSSIBLE SUNSHINE  MM
  AVERAGE SKY COVER 0.7


WEATHER CONDITIONS
 THE FOLLOWING WEATHER WAS RECORDED TODAY.
  THUNDERSTORM
  LIGHT RAIN


RELATIVE HUMIDITY (PERCENT)
 HIGHEST    82           300 AM
 LOWEST     59          1000 AM
 AVERAGE    71

..........................................................


THE DULUTH MN CLIMATE NORMALS FOR TOMORROW
                         NORMAL    RECORD    YEAR
 MAXIMUM TEMPERATURE (F)   62        84      1962
 MINIMUM TEMPERATURE (F)   41        20      1929


SUNRISE AND SUNSET
MAY 15 2017...........SUNRISE   533 AM CDT   SUNSET   837 PM CDT
MAY 16 2017...........SUNRISE   532 AM CDT   SUNSET   838 PM CDT


-  INDICATES NEGATIVE NUMBERS.
R  INDICATES RECORD WAS SET OR TIED.
MM INDICATES DATA IS MISSING.
T  INDICATES TRACE AMOUNT.




$$
