000
CDUS43 KDLH 170621
CLIDLH


CLIMATE REPORT
NATIONAL WEATHER SERVICE DULUTH MN
120 AM CDT TUE MAY 17 2016


...................................

...THE DULUTH MN CLIMATE SUMMARY FOR MAY 16 2016...

CLIMATE NORMAL PERIOD 1981 TO 2010
CLIMATE RECORD PERIOD 1870 TO 2016


WEATHER ITEM   OBSERVED TIME   RECORD YEAR NORMAL DEPARTURE LAST
                VALUE   (LST)  VALUE       VALUE  FROM      YEAR
                                                  NORMAL
..................................................................
TEMPERATURE (F)
 YESTERDAY
  MAXIMUM         56    303 PM  84    1962  62     -6       64
  MINIMUM         37   1159 PM  20    1929  41     -4       40
  AVERAGE         47                        52     -5       52

PRECIPITATION (IN)
  YESTERDAY        T             0.86 1872   0.11  -0.11     0.02
  MONTH TO DATE    0.86                      1.62  -0.76     2.51
  SINCE MAR 1      7.22                      5.54   1.68     4.33
  SINCE JAN 1      9.10                      7.31   1.79     5.17

SNOWFALL (IN)
  YESTERDAY        0.0           1.7  1950   0.0    0.0      0.0
  MONTH TO DATE    0.1                       0.4   -0.3       T
  SINCE MAR 1     27.2                      20.5    6.7      9.3
  SINCE JUL 1     81.4                      86.1   -4.7     49.2
  SNOW DEPTH       0

DEGREE DAYS
 HEATING
  YESTERDAY       18                        14      4       13
  MONTH TO DATE  255                       254      1      239
  SINCE MAR 1   2092                      2226   -134     1973
  SINCE JUL 1   7929                      9093  -1164     8812

 COOLING
  YESTERDAY        0                         0      0        0
  MONTH TO DATE    7                         0      7        0
  SINCE MAR 1      7                         0      7        0
  SINCE JAN 1      7                         0      7        0
..................................................................


WIND (MPH)
  HIGHEST WIND SPEED    16   HIGHEST WIND DIRECTION    NE (60)
  HIGHEST GUST SPEED    22   HIGHEST GUST DIRECTION    NE (30)
  AVERAGE WIND SPEED     7.2


SKY COVER
  AVERAGE SKY COVER 0.5


WEATHER CONDITIONS
 THE FOLLOWING WEATHER WAS RECORDED YESTERDAY.
  LIGHT RAIN


RELATIVE HUMIDITY (PERCENT)
 HIGHEST    93           200 AM
 LOWEST     44           600 PM
 AVERAGE    69

..........................................................


THE DULUTH MN CLIMATE NORMALS FOR TODAY
                         NORMAL    RECORD    YEAR
 MAXIMUM TEMPERATURE (F)   63        87      1972
                                             1897
 MINIMUM TEMPERATURE (F)   41        26      1988


SUNRISE AND SUNSET
MAY 17 2016...........SUNRISE   531 AM CDT   SUNSET   840 PM CDT
MAY 18 2016...........SUNRISE   530 AM CDT   SUNSET   841 PM CDT


-  INDICATES NEGATIVE NUMBERS.
R  INDICATES RECORD WAS SET OR TIED.
MM INDICATES DATA IS MISSING.
T  INDICATES TRACE AMOUNT.




$$
