000
CDUS43 KDLH 180637
CLIDLH


CLIMATE REPORT
NATIONAL WEATHER SERVICE DULUTH MN
135 AM CDT SUN JUN 18 2017


...................................

...THE DULUTH MN CLIMATE SUMMARY FOR JUNE 17 2017...

CLIMATE NORMAL PERIOD 1981 TO 2010
CLIMATE RECORD PERIOD 1870 TO 2017


WEATHER ITEM   OBSERVED TIME   RECORD YEAR NORMAL DEPARTURE LAST
                VALUE   (LST)  VALUE       VALUE  FROM      YEAR
                                                  NORMAL
..................................................................
TEMPERATURE (F)
 YESTERDAY
  MAXIMUM         75   1115 AM  93    1995  71      4       78
  MINIMUM         57   1159 PM  35    2000  50      7       52
                                      1972
  AVERAGE         66                        61      5       65

PRECIPITATION (IN)
  YESTERDAY        0.10          1.53 2006   0.15  -0.05      T
  MONTH TO DATE    2.50                      2.24   0.26     3.26
  SINCE JUN 1      2.50                      2.24   0.26     3.26
  SINCE JAN 1     13.64                     11.16   2.48    13.37

SNOWFALL (IN)
  YESTERDAY        0.0           0.0  2002   0.0    0.0      0.0
                                      2001
  MONTH TO DATE    T                         0.0    0.0       T
  SINCE JUN 1      T                         0.0    0.0       T
  SINCE JUL 1     67.0                      86.1  -19.1     81.4
  SNOW DEPTH       0

DEGREE DAYS
 HEATING
  YESTERDAY        0                         5     -5        0
  MONTH TO DATE   50                       125    -75      124
  SINCE JUN 1     50                       125    -75      124
  SINCE JUL 1   8057                      9390  -1333     8168

 COOLING
  YESTERDAY        1                         1      0        0
  MONTH TO DATE   13                         8      5        5
  SINCE JUN 1     13                         8      5        5
  SINCE JAN 1     13                        12      1       14
..................................................................


WIND (MPH)
  HIGHEST WIND SPEED    18   HIGHEST WIND DIRECTION     W (280)
  HIGHEST GUST SPEED    23   HIGHEST GUST DIRECTION     W (280)
  AVERAGE WIND SPEED     6.7


SKY COVER
  AVERAGE SKY COVER 0.6


WEATHER CONDITIONS
 THE FOLLOWING WEATHER WAS RECORDED YESTERDAY.
  LIGHT RAIN


RELATIVE HUMIDITY (PERCENT)
 HIGHEST   100           400 AM
 LOWEST     53          1100 AM
 AVERAGE    77

..........................................................


THE DULUTH MN CLIMATE NORMALS FOR TODAY
                         NORMAL    RECORD    YEAR
 MAXIMUM TEMPERATURE (F)   72        94      1995
 MINIMUM TEMPERATURE (F)   50        36      1876


SUNRISE AND SUNSET
JUNE 18 2017..........SUNRISE   514 AM CDT   SUNSET   906 PM CDT
JUNE 19 2017..........SUNRISE   514 AM CDT   SUNSET   906 PM CDT


-  INDICATES NEGATIVE NUMBERS.
R  INDICATES RECORD WAS SET OR TIED.
MM INDICATES DATA IS MISSING.
T  INDICATES TRACE AMOUNT.




$$
