373
CDUS43 KDLH 030623
CLIDLH


CLIMATE REPORT
NATIONAL WEATHER SERVICE DULUTH MN
1223 AM CST SAT DEC 3 2016


...................................

...THE DULUTH MN CLIMATE SUMMARY FOR DECEMBER 2 2016...

CLIMATE NORMAL PERIOD 1981 TO 2010
CLIMATE RECORD PERIOD 1870 TO 2016


WEATHER ITEM   OBSERVED TIME   RECORD YEAR NORMAL DEPARTURE LAST
                VALUE   (LST)  VALUE       VALUE  FROM      YEAR
                                                  NORMAL
..................................................................
TEMPERATURE (F)
 YESTERDAY
  MAXIMUM         29    817 PM  54    1962  27      2       36
  MINIMUM         26    731 AM -23    1976  13     13       31
  AVERAGE         28                        20      8       34

PRECIPITATION (IN)
  YESTERDAY        T             0.61 2013   0.05  -0.05     0.02
  MONTH TO DATE    0.01                      0.10  -0.09     0.99
  SINCE DEC 1      0.01                      0.10  -0.09     0.99
  SINCE JAN 1     31.60                     29.85   1.75    29.58

SNOWFALL (IN)
  YESTERDAY        T             7.5  2013   0.5   -0.5      0.2
  MONTH TO DATE    0.1                       1.0   -0.9      5.4
  SINCE DEC 1      0.1                       1.0   -0.9      5.4
  SINCE JUL 1      8.2                      17.1   -8.9      9.8
  SNOW DEPTH       0

DEGREE DAYS
 HEATING
  YESTERDAY       37                        45     -8       31
  MONTH TO DATE   71                        90    -19       63
  SINCE DEC 1     71                        90    -19       63
  SINCE JUL 1   1553                      2303   -750     1726

 COOLING
  YESTERDAY        0                         0      0        0
  MONTH TO DATE    0                         0      0        0
  SINCE DEC 1      0                         0      0        0
  SINCE JAN 1    281                       204     77      336
..................................................................


WIND (MPH)
  HIGHEST WIND SPEED    15   HIGHEST WIND DIRECTION    NW (310)
  HIGHEST GUST SPEED    19   HIGHEST GUST DIRECTION    NW (320)
  AVERAGE WIND SPEED     8.4


SKY COVER
  AVERAGE SKY COVER 1.0


WEATHER CONDITIONS
 THE FOLLOWING WEATHER WAS RECORDED YESTERDAY.
  LIGHT SNOW


RELATIVE HUMIDITY (PERCENT)
 HIGHEST    85           600 PM
 LOWEST     75          1200 AM
 AVERAGE    80

..........................................................


THE DULUTH MN CLIMATE NORMALS FOR TODAY
                         NORMAL    RECORD    YEAR
 MAXIMUM TEMPERATURE (F)   26        55      1962
 MINIMUM TEMPERATURE (F)   13       -20      1985


SUNRISE AND SUNSET
DECEMBER  3 2016......SUNRISE   736 AM CST   SUNSET   421 PM CST
DECEMBER  4 2016......SUNRISE   737 AM CST   SUNSET   421 PM CST


-  INDICATES NEGATIVE NUMBERS.
R  INDICATES RECORD WAS SET OR TIED.
MM INDICATES DATA IS MISSING.
T  INDICATES TRACE AMOUNT.




$$
