000
CDUS43 KDLH 160621
CLIDLH


CLIMATE REPORT
NATIONAL WEATHER SERVICE DULUTH MN
120 AM CDT TUE SEP 16 2014


...................................

...THE DULUTH MN CLIMATE SUMMARY FOR SEPTEMBER 15 2014...

CLIMATE NORMAL PERIOD 1981 TO 2010
CLIMATE RECORD PERIOD 1870 TO 2014


WEATHER ITEM   OBSERVED TIME   RECORD YEAR NORMAL DEPARTURE LAST
                VALUE   (LST)  VALUE       VALUE  FROM      YEAR
                                                  NORMAL
..................................................................
TEMPERATURE (F)
 YESTERDAY
  MAXIMUM         59    313 PM  89    1939  65     -6       57
  MINIMUM         40    349 AM  27    1964  46     -6       38
  AVERAGE         50                        56     -6       48

PRECIPITATION (IN)
  YESTERDAY        0.00          1.99 1897   0.15  -0.15     0.08
  MONTH TO DATE    0.68                      2.10  -1.42     0.58
  SINCE SEP 1      0.68                      2.10  -1.42     0.58
  SINCE JAN 1     25.63                     22.80   2.83    22.17

SNOWFALL (IN)
  YESTERDAY        0.0           T    1995   0.0    0.0      0.0
  MONTH TO DATE    0.0                       0.0    0.0      0.0
  SINCE SEP 1      0.0                       0.0    0.0      0.0
  SINCE JUL 1      0.0                       0.0    0.0      0.0
  SNOW DEPTH       0

DEGREE DAYS
 HEATING
  YESTERDAY       15                        10      5       17
  MONTH TO DATE  119                       107     12       68
  SINCE SEP 1    119                       107     12       68
  SINCE JUL 1    196                       256    -60      142

 COOLING
  YESTERDAY        0                         0      0        0
  MONTH TO DATE    5                        13     -8       22
  SINCE SEP 1      5                        13     -8       22
  SINCE JAN 1    175                       203    -28      373
..................................................................


WIND (MPH)
  HIGHEST WIND SPEED    18   HIGHEST WIND DIRECTION    NW (300)
  HIGHEST GUST SPEED    25   HIGHEST GUST DIRECTION    NW (330)
  AVERAGE WIND SPEED     9.3


SKY COVER
  AVERAGE SKY COVER 0.3


WEATHER CONDITIONS
 THE FOLLOWING WEATHER WAS RECORDED YESTERDAY.
  FOG


RELATIVE HUMIDITY (PERCENT)
 HIGHEST    89          1200 AM
 LOWEST     38          1200 PM
 AVERAGE    64

..........................................................


THE DULUTH MN CLIMATE NORMALS FOR TODAY
                         NORMAL    RECORD    YEAR
 MAXIMUM TEMPERATURE (F)   65        89      1948
 MINIMUM TEMPERATURE (F)   46        30      1959


SUNRISE AND SUNSET
SEPTEMBER 16 2014.....SUNRISE   648 AM CDT   SUNSET   718 PM CDT
SEPTEMBER 17 2014.....SUNRISE   649 AM CDT   SUNSET   716 PM CDT


-  INDICATES NEGATIVE NUMBERS.
R  INDICATES RECORD WAS SET OR TIED.
MM INDICATES DATA IS MISSING.
T  INDICATES TRACE AMOUNT.




$$
