000
CDUS43 KDLH 260625
CLIDLH


CLIMATE REPORT
NATIONAL WEATHER SERVICE DULUTH MN
125 AM CDT FRI SEP 26 2014


...................................

...THE DULUTH MN CLIMATE SUMMARY FOR SEPTEMBER 25 2014...

CLIMATE NORMAL PERIOD 1981 TO 2010
CLIMATE RECORD PERIOD 1870 TO 2014


WEATHER ITEM   OBSERVED TIME   RECORD YEAR NORMAL DEPARTURE LAST
                VALUE   (LST)  VALUE       VALUE  FROM      YEAR
                                                  NORMAL
..................................................................
TEMPERATURE (F)
 YESTERDAY
  MAXIMUM         65    343 PM  88    1920  61      4       69
  MINIMUM         53   1131 PM  25    1926  42     11       48
  AVERAGE         59                        52      7       59

PRECIPITATION (IN)
  YESTERDAY        0.00          1.90 1886   0.13  -0.13     0.00
  MONTH TO DATE    1.31                      3.48  -2.17     0.90
  SINCE SEP 1      1.31                      3.48  -2.17     0.90
  SINCE JAN 1     26.26                     24.18   2.08    22.49

SNOWFALL (IN)
  YESTERDAY        0.0           T    1984   0.0    0.0      0.0
  MONTH TO DATE    0.0                       0.1   -0.1      0.0
  SINCE SEP 1      0.0                       0.1   -0.1      0.0
  SINCE JUL 1      0.0                       0.1   -0.1      0.0
  SNOW DEPTH       0

DEGREE DAYS
 HEATING
  YESTERDAY        6                        13     -7        6
  MONTH TO DATE  189                       223    -34      147
  SINCE SEP 1    189                       223    -34      147
  SINCE JUL 1    266                       372   -106      221

 COOLING
  YESTERDAY        0                         0      0        0
  MONTH TO DATE    5                        13     -8       23
  SINCE SEP 1      5                        13     -8       23
  SINCE JAN 1    175                       203    -28      374
..................................................................


WIND (MPH)
  HIGHEST WIND SPEED    12   HIGHEST WIND DIRECTION     E (110)
  HIGHEST GUST SPEED    14   HIGHEST GUST DIRECTION    SE (120)
  AVERAGE WIND SPEED     5.5


SKY COVER
  AVERAGE SKY COVER 0.8


WEATHER CONDITIONS
 THE FOLLOWING WEATHER WAS RECORDED YESTERDAY.
  FOG


RELATIVE HUMIDITY (PERCENT)
 HIGHEST    89          1100 PM
 LOWEST     75          1200 AM
 AVERAGE    82

..........................................................


THE DULUTH MN CLIMATE NORMALS FOR TODAY
                         NORMAL    RECORD    YEAR
 MAXIMUM TEMPERATURE (F)   61        80      1923
 MINIMUM TEMPERATURE (F)   42        23      1965


SUNRISE AND SUNSET
SEPTEMBER 26 2014.....SUNRISE   701 AM CDT   SUNSET   658 PM CDT
SEPTEMBER 27 2014.....SUNRISE   702 AM CDT   SUNSET   656 PM CDT


-  INDICATES NEGATIVE NUMBERS.
R  INDICATES RECORD WAS SET OR TIED.
MM INDICATES DATA IS MISSING.
T  INDICATES TRACE AMOUNT.




$$
