000
CDUS43 KDLH 210630
CLIDLH


CLIMATE REPORT
NATIONAL WEATHER SERVICE DULUTH MN
129 AM CDT SAT MAY 21 2016


...................................

...THE DULUTH MN CLIMATE SUMMARY FOR MAY 20 2016...

CLIMATE NORMAL PERIOD 1981 TO 2010
CLIMATE RECORD PERIOD 1870 TO 2016


WEATHER ITEM   OBSERVED TIME   RECORD YEAR NORMAL DEPARTURE LAST
                VALUE   (LST)  VALUE       VALUE  FROM      YEAR
                                                  NORMAL
..................................................................
TEMPERATURE (F)
 YESTERDAY
  MAXIMUM         73    319 PM  88    2009  64      9       65
  MINIMUM         44    406 AM  26    1986  42      2       32
  AVERAGE         59                        53      6       49

PRECIPITATION (IN)
  YESTERDAY        0.00          1.74 1891   0.10  -0.10     0.00
  MONTH TO DATE    0.86                      2.04  -1.18     2.87
  SINCE MAR 1      7.22                      5.96   1.26     4.69
  SINCE JAN 1      9.10                      7.73   1.37     5.53

SNOWFALL (IN)
  YESTERDAY        0.0           T    1971   0.0    0.0      0.0
  MONTH TO DATE    0.1                       0.4   -0.3       T
  SINCE MAR 1     27.2                      20.5    6.7      9.3
  SINCE JUL 1     81.4                      86.1   -4.7     49.2
  SNOW DEPTH       0

DEGREE DAYS
 HEATING
  YESTERDAY        6                        13     -7       16
  MONTH TO DATE  300                       306     -6      309
  SINCE MAR 1   2137                      2278   -141     2043
  SINCE JUL 1   7974                      9145  -1171     8882

 COOLING
  YESTERDAY        0                         0      0        0
  MONTH TO DATE    7                         0      7        0
  SINCE MAR 1      7                         0      7        0
  SINCE JAN 1      7                         0      7        0
..................................................................


WIND (MPH)
  HIGHEST WIND SPEED    15   HIGHEST WIND DIRECTION    SE (150)
  HIGHEST GUST SPEED    25   HIGHEST GUST DIRECTION     S (160)
  AVERAGE WIND SPEED     5.5


SKY COVER
  AVERAGE SKY COVER 0.3


WEATHER CONDITIONS
 THE FOLLOWING WEATHER WAS RECORDED YESTERDAY.
  NO SIGNIFICANT WEATHER WAS OBSERVED.


RELATIVE HUMIDITY (PERCENT)
 HIGHEST    66          1100 PM
 LOWEST     27          1100 AM
 AVERAGE    47

..........................................................


THE DULUTH MN CLIMATE NORMALS FOR TODAY
                         NORMAL    RECORD    YEAR
 MAXIMUM TEMPERATURE (F)   64        88      1964
 MINIMUM TEMPERATURE (F)   42        28      1971


SUNRISE AND SUNSET
MAY 21 2016...........SUNRISE   527 AM CDT   SUNSET   845 PM CDT
MAY 22 2016...........SUNRISE   526 AM CDT   SUNSET   846 PM CDT


-  INDICATES NEGATIVE NUMBERS.
R  INDICATES RECORD WAS SET OR TIED.
MM INDICATES DATA IS MISSING.
T  INDICATES TRACE AMOUNT.




$$
