000
CDUS43 KDLH 180645
CLIDLH


CLIMATE REPORT
NATIONAL WEATHER SERVICE DULUTH MN
145 AM CDT SAT OCT 18 2014


...................................

...THE DULUTH MN CLIMATE SUMMARY FOR OCTOBER 17 2014...

CLIMATE NORMAL PERIOD 1981 TO 2010
CLIMATE RECORD PERIOD 1870 TO 2014


WEATHER ITEM   OBSERVED TIME   RECORD YEAR NORMAL DEPARTURE LAST
                VALUE   (LST)  VALUE       VALUE  FROM      YEAR
                                                  NORMAL
..................................................................
TEMPERATURE (F)
 YESTERDAY
  MAXIMUM         50    340 PM  80    1961  51     -1       48
  MINIMUM         41   1159 PM  12    1952  35      6       36
  AVERAGE         46                        43      3       42

PRECIPITATION (IN)
  YESTERDAY        0.26          1.16 1990   0.09   0.17     0.27
  MONTH TO DATE    1.60                      1.73  -0.13     3.41
  SINCE SEP 1      3.24                      5.84  -2.60     4.67
  SINCE JAN 1     28.19                     26.54   1.65    26.26

SNOWFALL (IN)
  YESTERDAY        0.0           3.2  1990   0.1   -0.1      0.0
  MONTH TO DATE    T                         0.7   -0.7      0.0
  SINCE SEP 1      T                         0.8   -0.8      0.0
  SINCE JUL 1      T                         0.8   -0.8      0.0
  SNOW DEPTH       0

DEGREE DAYS
 HEATING
  YESTERDAY       19                        22     -3       23
  MONTH TO DATE  335                       324     11      206
  SINCE SEP 1    562                       622    -60      374
  SINCE JUL 1    639                       771   -132      448

 COOLING
  YESTERDAY        0                         0      0        0
  MONTH TO DATE    0                         0      0        0
  SINCE SEP 1      9                        14     -5       24
  SINCE JAN 1    179                       204    -25      375
..................................................................


WIND (MPH)
  HIGHEST WIND SPEED    21   HIGHEST WIND DIRECTION     N (340)
  HIGHEST GUST SPEED    27   HIGHEST GUST DIRECTION     N (340)
  AVERAGE WIND SPEED    11.4


SKY COVER
  AVERAGE SKY COVER 1.0


WEATHER CONDITIONS
 THE FOLLOWING WEATHER WAS RECORDED YESTERDAY.
  RAIN
  LIGHT RAIN
  FOG


RELATIVE HUMIDITY (PERCENT)
 HIGHEST    93           200 AM
 LOWEST     66           300 PM
 AVERAGE    80

..........................................................


THE DULUTH MN CLIMATE NORMALS FOR TODAY
                         NORMAL    RECORD    YEAR
 MAXIMUM TEMPERATURE (F)   51        79      1945
 MINIMUM TEMPERATURE (F)   34        16      1972


SUNRISE AND SUNSET
OCTOBER 18 2014.......SUNRISE   731 AM CDT   SUNSET   616 PM CDT
OCTOBER 19 2014.......SUNRISE   732 AM CDT   SUNSET   614 PM CDT


-  INDICATES NEGATIVE NUMBERS.
R  INDICATES RECORD WAS SET OR TIED.
MM INDICATES DATA IS MISSING.
T  INDICATES TRACE AMOUNT.




$$
