000
CDUS43 KDLH 200623
CLIDLH


CLIMATE REPORT
NATIONAL WEATHER SERVICE DULUTH MN
121 AM CDT SUN JUL 20 2014


...................................

...THE DULUTH MN CLIMATE SUMMARY FOR JULY 19 2014...

CLIMATE NORMAL PERIOD 1981 TO 2010
CLIMATE RECORD PERIOD 1870 TO 2014


WEATHER ITEM   OBSERVED TIME   RECORD YEAR NORMAL DEPARTURE LAST
                VALUE   (LST)  VALUE       VALUE  FROM      YEAR
                                                  NORMAL
..................................................................
TEMPERATURE (F)
 YESTERDAY
  MAXIMUM         77    430 PM  94    1901  77      0       81
  MINIMUM         64    533 AM  43    1971  56      8       65
                                      1929
  AVERAGE         71                        66      5       73

PRECIPITATION (IN)
  YESTERDAY        0.00          2.47 1957   0.12  -0.12      T
  MONTH TO DATE    2.46                      2.52  -0.06     0.91
  SINCE JUN 1      6.93                      6.75   0.18     5.45
  SINCE JAN 1     19.36                     15.67   3.69    18.79

SNOWFALL (IN)
  YESTERDAY        0.0           0.0  2002   0.0    0.0      0.0
                                      2001
  MONTH TO DATE    0.0                       0.0    0.0      0.0
  SINCE JUN 1      T                         0.0    0.0      0.0
  SINCE JUL 1      0.0                       0.0    0.0      0.0
  SNOW DEPTH       0

DEGREE DAYS
 HEATING
  YESTERDAY        0                         2     -2        0
  MONTH TO DATE   34                        44    -10        9
  SINCE JUN 1    196                       223    -27      155
  SINCE JUL 1     34                        44    -10        9

 COOLING
  YESTERDAY        6                         3      3        8
  MONTH TO DATE   39                        54    -15      126
  SINCE JUN 1     68                        84    -16      179
  SINCE JAN 1     86                        88     -2      180
..................................................................


WIND (MPH)
  HIGHEST WIND SPEED    20   HIGHEST WIND DIRECTION    SW (230)
  HIGHEST GUST SPEED    25   HIGHEST GUST DIRECTION    SW (220)
  AVERAGE WIND SPEED    11.9


SKY COVER
  AVERAGE SKY COVER 0.7


WEATHER CONDITIONS
 THE FOLLOWING WEATHER WAS RECORDED YESTERDAY.
  NO SIGNIFICANT WEATHER WAS OBSERVED.


RELATIVE HUMIDITY (PERCENT)
 HIGHEST    87          1100 PM
 LOWEST     64           400 PM
 AVERAGE    76

..........................................................


THE DULUTH MN CLIMATE NORMALS FOR TODAY
                         NORMAL    RECORD    YEAR
 MAXIMUM TEMPERATURE (F)   77        98      1901
 MINIMUM TEMPERATURE (F)   56        42      1966


SUNRISE AND SUNSET
JULY 20 2014..........SUNRISE   535 AM CDT   SUNSET   855 PM CDT
JULY 21 2014..........SUNRISE   536 AM CDT   SUNSET   854 PM CDT


-  INDICATES NEGATIVE NUMBERS.
R  INDICATES RECORD WAS SET OR TIED.
MM INDICATES DATA IS MISSING.
T  INDICATES TRACE AMOUNT.




$$
