000
CDUS43 KDLH 250639
CLIDLH


CLIMATE REPORT
NATIONAL WEATHER SERVICE DULUTH MN
138 AM CDT THU SEP 25 2014


...................................

...THE DULUTH MN CLIMATE SUMMARY FOR SEPTEMBER 24 2014...

CLIMATE NORMAL PERIOD 1981 TO 2010
CLIMATE RECORD PERIOD 1870 TO 2014


WEATHER ITEM   OBSERVED TIME   RECORD YEAR NORMAL DEPARTURE LAST
                VALUE   (LST)  VALUE       VALUE  FROM      YEAR
                                                  NORMAL
..................................................................
TEMPERATURE (F)
 YESTERDAY
  MAXIMUM         68    206 PM  85    1892  61      7       71
  MINIMUM         56    635 AM  26    2000  43     13       49
  AVERAGE         62                        52     10       60

PRECIPITATION (IN)
  YESTERDAY        T             2.96 1873   0.14  -0.14     0.00
  MONTH TO DATE    1.31                      3.35  -2.04     0.90
  SINCE SEP 1      1.31                      3.35  -2.04     0.90
  SINCE JAN 1     26.26                     24.05   2.21    22.49

SNOWFALL (IN)
  YESTERDAY        0.0           0.0  2002   0.0    0.0      0.0
                                      2001
  MONTH TO DATE    0.0                       0.1   -0.1      0.0
  SINCE SEP 1      0.0                       0.1   -0.1      0.0
  SINCE JUL 1      0.0                       0.1   -0.1      0.0
  SNOW DEPTH       0

DEGREE DAYS
 HEATING
  YESTERDAY        3                        13    -10        5
  MONTH TO DATE  183                       210    -27      141
  SINCE SEP 1    183                       210    -27      141
  SINCE JUL 1    260                       359    -99      215

 COOLING
  YESTERDAY        0                         0      0        0
  MONTH TO DATE    5                        13     -8       23
  SINCE SEP 1      5                        13     -8       23
  SINCE JAN 1    175                       203    -28      374
..................................................................


WIND (MPH)
  HIGHEST WIND SPEED    20   HIGHEST WIND DIRECTION     S (180)
  HIGHEST GUST SPEED    26   HIGHEST GUST DIRECTION     S (180)
  AVERAGE WIND SPEED     9.8


SKY COVER
  AVERAGE SKY COVER 0.7


WEATHER CONDITIONS
 THE FOLLOWING WEATHER WAS RECORDED YESTERDAY.
  NO SIGNIFICANT WEATHER WAS OBSERVED.


RELATIVE HUMIDITY (PERCENT)
 HIGHEST    80           400 AM
 LOWEST     55           200 PM
 AVERAGE    68

..........................................................


THE DULUTH MN CLIMATE NORMALS FOR TODAY
                         NORMAL    RECORD    YEAR
 MAXIMUM TEMPERATURE (F)   61        88      1920
 MINIMUM TEMPERATURE (F)   42        25      1926


SUNRISE AND SUNSET
SEPTEMBER 25 2014.....SUNRISE   659 AM CDT   SUNSET   700 PM CDT
SEPTEMBER 26 2014.....SUNRISE   701 AM CDT   SUNSET   658 PM CDT


-  INDICATES NEGATIVE NUMBERS.
R  INDICATES RECORD WAS SET OR TIED.
MM INDICATES DATA IS MISSING.
T  INDICATES TRACE AMOUNT.




$$
