000
CDUS43 KDLH 090652
CLIDLH


CLIMATE REPORT
NATIONAL WEATHER SERVICE DULUTH MN
152 AM CDT WED AUG 9 2017


...................................

...THE DULUTH MN CLIMATE SUMMARY FOR AUGUST 8 2017...

CLIMATE NORMAL PERIOD 1981 TO 2010
CLIMATE RECORD PERIOD 1870 TO 2017


WEATHER ITEM   OBSERVED TIME   RECORD YEAR NORMAL DEPARTURE LAST
                VALUE   (LST)  VALUE       VALUE  FROM      YEAR
                                                  NORMAL
..................................................................
TEMPERATURE (F)
 YESTERDAY
  MAXIMUM         80    406 PM  94    1887  76      4       79
  MINIMUM         56    422 AM  42    1964  56      0       54
                                      1927
  AVERAGE         68                        66      2       67

PRECIPITATION (IN)
  YESTERDAY        0.14          3.22 1939   0.12   0.02     0.00
  MONTH TO DATE    1.45                      0.91   0.54     1.48
  SINCE JUN 1     10.77                      8.99   1.78    10.33
  SINCE JAN 1     21.91                     17.91   4.00    20.44

SNOWFALL (IN)
  YESTERDAY        0.0           T    1950   0.0    0.0      0.0
  MONTH TO DATE    0.0                       0.0    0.0      0.0
  SINCE JUN 1      T                         0.0    0.0       T
  SINCE JUL 1      T                         0.0    0.0      0.0
  SNOW DEPTH       0

DEGREE DAYS
 HEATING
  YESTERDAY        0                         2     -2        0
  MONTH TO DATE   27                        16     11        2
  SINCE JUN 1    211                       258    -47      173
  SINCE JUL 1     80                        79      1       31

 COOLING
  YESTERDAY        3                         3      0        2
  MONTH TO DATE   10                        24    -14       36
  SINCE JUN 1     93                       144    -51      182
  SINCE JAN 1     93                       148    -55      191
..................................................................


WIND (MPH)
  HIGHEST WIND SPEED    18   HIGHEST WIND DIRECTION     W (280)
  HIGHEST GUST SPEED    23   HIGHEST GUST DIRECTION     W (260)
  AVERAGE WIND SPEED     9.6


SKY COVER
  AVERAGE SKY COVER 0.3


WEATHER CONDITIONS
 THE FOLLOWING WEATHER WAS RECORDED YESTERDAY.
  THUNDERSTORM
  LIGHT RAIN
  FOG


RELATIVE HUMIDITY (PERCENT)
 HIGHEST    97          1000 PM
 LOWEST     42           300 PM
 AVERAGE    70

..........................................................


THE DULUTH MN CLIMATE NORMALS FOR TODAY
                         NORMAL    RECORD    YEAR
 MAXIMUM TEMPERATURE (F)   76        92      1958
 MINIMUM TEMPERATURE (F)   55        42      1972


SUNRISE AND SUNSET
AUGUST  9 2017........SUNRISE   559 AM CDT   SUNSET   828 PM CDT
AUGUST 10 2017........SUNRISE   600 AM CDT   SUNSET   826 PM CDT


-  INDICATES NEGATIVE NUMBERS.
R  INDICATES RECORD WAS SET OR TIED.
MM INDICATES DATA IS MISSING.
T  INDICATES TRACE AMOUNT.




$$
