000
CDUS43 KDLH 190626
CLIDLH


CLIMATE REPORT
NATIONAL WEATHER SERVICE DULUTH MN
122 AM CDT MON SEP 19 2016


...................................

...THE DULUTH MN CLIMATE SUMMARY FOR SEPTEMBER 18 2016...

CLIMATE NORMAL PERIOD 1981 TO 2010
CLIMATE RECORD PERIOD 1870 TO 2016


WEATHER ITEM   OBSERVED TIME   RECORD YEAR NORMAL DEPARTURE LAST
                VALUE   (LST)  VALUE       VALUE  FROM      YEAR
                                                  NORMAL
..................................................................
TEMPERATURE (F)
 YESTERDAY
  MAXIMUM         71   1240 PM  84    2000  64      7       62
                                      1984
  MINIMUM         44    558 AM  29    1929  45     -1       49
  AVERAGE         58                        55      3       56

PRECIPITATION (IN)
  YESTERDAY        0.04          1.75 1905   0.14  -0.10      T
  MONTH TO DATE    2.51                      2.52  -0.01     5.19
  SINCE SEP 1      2.51                      2.52  -0.01     5.19
  SINCE JAN 1     26.43                     23.22   3.21    22.32

SNOWFALL (IN)
  YESTERDAY        0.0           2.4  1991   0.0    0.0      0.0
  MONTH TO DATE    0.0                       0.0    0.0      0.0
  SINCE SEP 1      0.0                       0.0    0.0      0.0
  SINCE JUL 1      0.0                       0.0    0.0      0.0
  SNOW DEPTH       0

DEGREE DAYS
 HEATING
  YESTERDAY        7                        11     -4        9
  MONTH TO DATE   64                       138    -74       55
  SINCE SEP 1     64                       138    -74       55
  SINCE JUL 1    118                       287   -169      151

 COOLING
  YESTERDAY        0                         0      0        0
  MONTH TO DATE   14                        13      1       51
  SINCE SEP 1     14                        13      1       51
  SINCE JAN 1    281                       203     78      329
..................................................................


WIND (MPH)
  HIGHEST WIND SPEED    17   HIGHEST WIND DIRECTION    NW (310)
  HIGHEST GUST SPEED    22   HIGHEST GUST DIRECTION    NW (310)
  AVERAGE WIND SPEED     6.5


SKY COVER
  AVERAGE SKY COVER 0.4


WEATHER CONDITIONS
 THE FOLLOWING WEATHER WAS RECORDED YESTERDAY.
  THUNDERSTORM
  LIGHT RAIN
  FOG
  FOG W/VISIBILITY <= 1/4 MILE


RELATIVE HUMIDITY (PERCENT)
 HIGHEST   100          1200 AM
 LOWEST     61          1200 PM
 AVERAGE    81

..........................................................


THE DULUTH MN CLIMATE NORMALS FOR TODAY
                         NORMAL    RECORD    YEAR
 MAXIMUM TEMPERATURE (F)   64        90      1984
 MINIMUM TEMPERATURE (F)   45        27      1962


SUNRISE AND SUNSET
SEPTEMBER 19 2016.....SUNRISE   652 AM CDT   SUNSET   711 PM CDT
SEPTEMBER 20 2016.....SUNRISE   653 AM CDT   SUNSET   709 PM CDT


-  INDICATES NEGATIVE NUMBERS.
R  INDICATES RECORD WAS SET OR TIED.
MM INDICATES DATA IS MISSING.
T  INDICATES TRACE AMOUNT.




$$
