000
CDUS43 KDLH 230625
CLIDLH


CLIMATE REPORT
NATIONAL WEATHER SERVICE DULUTH MN
1224 AM CST FRI JAN 23 2015


...................................

...THE DULUTH MN CLIMATE SUMMARY FOR JANUARY 22 2015...

CLIMATE NORMAL PERIOD 1981 TO 2010
CLIMATE RECORD PERIOD 1870 TO 2015


WEATHER ITEM   OBSERVED TIME   RECORD YEAR NORMAL DEPARTURE LAST
                VALUE   (LST)  VALUE       VALUE  FROM      YEAR
                                                  NORMAL
..................................................................
TEMPERATURE (F)
 YESTERDAY
  MAXIMUM         28   1159 PM  55    1942  19      9       -1
  MINIMUM         16    700 AM -35    1883   1     15      -10
  AVERAGE         22                        10     12       -5

PRECIPITATION (IN)
  YESTERDAY        T             0.81 1982   0.02  -0.02      T
  MONTH TO DATE    0.30                      0.72  -0.42     0.59
  SINCE DEC 1      1.56                      1.93  -0.37     3.47
  SINCE JAN 1      0.30                      0.72  -0.42     0.59

SNOWFALL (IN)
  YESTERDAY        T            12.0  1982   0.6   -0.6      0.1
  MONTH TO DATE    4.8                      14.6   -9.8      6.6
  SINCE DEC 1     13.4                      32.3  -18.9     46.5
  SINCE JUL 1     29.9                      48.4  -18.5     51.5
  SNOW DEPTH       7

DEGREE DAYS
 HEATING
  YESTERDAY       43                        55    -12       70
  MONTH TO DATE 1229                      1207     22     1350
  SINCE DEC 1   2570                      2763   -193     3216
  SINCE JUL 1   4785                      4976   -191     5173

 COOLING
  YESTERDAY        0                         0      0        0
  MONTH TO DATE    0                         0      0        0
  SINCE DEC 1      0                         0      0        0
  SINCE JAN 1      0                         0      0        0
..................................................................


WIND (MPH)
  HIGHEST WIND SPEED    28   HIGHEST WIND DIRECTION    SW (230)
  HIGHEST GUST SPEED    34   HIGHEST GUST DIRECTION    SW (230)
  AVERAGE WIND SPEED    14.8


SKY COVER
  AVERAGE SKY COVER 0.8


WEATHER CONDITIONS
 THE FOLLOWING WEATHER WAS RECORDED YESTERDAY.
  LIGHT SNOW
  FOG


RELATIVE HUMIDITY (PERCENT)
 HIGHEST    92          1000 AM
 LOWEST     58           300 PM
 AVERAGE    75

..........................................................


THE DULUTH MN CLIMATE NORMALS FOR TODAY
                         NORMAL    RECORD    YEAR
 MAXIMUM TEMPERATURE (F)   19        55      1942
 MINIMUM TEMPERATURE (F)    1       -38      1935


SUNRISE AND SUNSET
JANUARY 23 2015.......SUNRISE   743 AM CST   SUNSET   458 PM CST
JANUARY 24 2015.......SUNRISE   742 AM CST   SUNSET   500 PM CST


-  INDICATES NEGATIVE NUMBERS.
R  INDICATES RECORD WAS SET OR TIED.
MM INDICATES DATA IS MISSING.
T  INDICATES TRACE AMOUNT.




$$
