000
CDUS43 KDLH 080634
CLIDLH


CLIMATE REPORT
NATIONAL WEATHER SERVICE DULUTH MN
132 AM CDT TUE AUG 8 2017


...................................

...THE DULUTH MN CLIMATE SUMMARY FOR AUGUST 7 2017...

CLIMATE NORMAL PERIOD 1981 TO 2010
CLIMATE RECORD PERIOD 1870 TO 2017


WEATHER ITEM   OBSERVED TIME   RECORD YEAR NORMAL DEPARTURE LAST
                VALUE   (LST)  VALUE       VALUE  FROM      YEAR
                                                  NORMAL
..................................................................
TEMPERATURE (F)
 YESTERDAY
  MAXIMUM         78    251 PM  95    1949  76      2       76
  MINIMUM         48    137 AM  38    1972  56     -8       50
  AVERAGE         63                        66     -3       63

PRECIPITATION (IN)
  YESTERDAY        0.00          1.84 1931   0.12  -0.12     0.00
  MONTH TO DATE    1.31                      0.79   0.52     1.48
  SINCE JUN 1     10.63                      8.87   1.76    10.33
  SINCE JAN 1     21.77                     17.79   3.98    20.44

SNOWFALL (IN)
  YESTERDAY        0.0           0.0  2002   0.0    0.0      0.0
                                      2001
  MONTH TO DATE    0.0                       0.0    0.0      0.0
  SINCE JUN 1      T                         0.0    0.0       T
  SINCE JUL 1      T                         0.0    0.0      0.0
  SNOW DEPTH       0

DEGREE DAYS
 HEATING
  YESTERDAY        2                         2      0        2
  MONTH TO DATE   27                        14     13        2
  SINCE JUN 1    211                       256    -45      173
  SINCE JUL 1     80                        77      3       31

 COOLING
  YESTERDAY        0                         3     -3        0
  MONTH TO DATE    7                        21    -14       34
  SINCE JUN 1     90                       141    -51      180
  SINCE JAN 1     90                       145    -55      189
..................................................................


WIND (MPH)
  HIGHEST WIND SPEED    16   HIGHEST WIND DIRECTION     W (280)
  HIGHEST GUST SPEED    20   HIGHEST GUST DIRECTION     W (290)
  AVERAGE WIND SPEED     7.4


SKY COVER
  AVERAGE SKY COVER 0.1


WEATHER CONDITIONS
 THE FOLLOWING WEATHER WAS RECORDED YESTERDAY.
  NO SIGNIFICANT WEATHER WAS OBSERVED.


RELATIVE HUMIDITY (PERCENT)
 HIGHEST   100           200 AM
 LOWEST     40           200 PM
 AVERAGE    70

..........................................................


THE DULUTH MN CLIMATE NORMALS FOR TODAY
                         NORMAL    RECORD    YEAR
 MAXIMUM TEMPERATURE (F)   76        94      1887
 MINIMUM TEMPERATURE (F)   56        42      1964
                                             1927


SUNRISE AND SUNSET
AUGUST  8 2017........SUNRISE   558 AM CDT   SUNSET   830 PM CDT
AUGUST  9 2017........SUNRISE   559 AM CDT   SUNSET   828 PM CDT


-  INDICATES NEGATIVE NUMBERS.
R  INDICATES RECORD WAS SET OR TIED.
MM INDICATES DATA IS MISSING.
T  INDICATES TRACE AMOUNT.




$$
