000
CDUS43 KDLH 150626
CLIDLH


CLIMATE REPORT
NATIONAL WEATHER SERVICE DULUTH MN
126 AM CDT FRI AUG 15 2014


...................................

...THE DULUTH MN CLIMATE SUMMARY FOR AUGUST 14 2014...

CLIMATE NORMAL PERIOD 1981 TO 2010
CLIMATE RECORD PERIOD 1870 TO 2014


WEATHER ITEM   OBSERVED TIME   RECORD YEAR NORMAL DEPARTURE LAST
                VALUE   (LST)  VALUE       VALUE  FROM      YEAR
                                                  NORMAL
..................................................................
TEMPERATURE (F)
 YESTERDAY
  MAXIMUM         72    452 PM  93    1961  75     -3       75
                                      1938
  MINIMUM         51    456 AM  36    1964  55     -4       43
  AVERAGE         62                        65     -3       59

PRECIPITATION (IN)
  YESTERDAY        0.00          1.64 2000   0.12  -0.12     0.00
  MONTH TO DATE    1.69                      1.63   0.06     0.55
  SINCE JUN 1      9.58                      9.71  -0.13     6.82
  SINCE JAN 1     22.01                     18.63   3.38    20.16

SNOWFALL (IN)
  YESTERDAY        0.0           0.0  2002   0.0    0.0      0.0
                                      2001
  MONTH TO DATE    0.0                       0.0    0.0      0.0
  SINCE JUN 1      T                         0.0    0.0      0.0
  SINCE JUL 1      0.0                       0.0    0.0      0.0
  SNOW DEPTH       0

DEGREE DAYS
 HEATING
  YESTERDAY        3                         2      1        6
  MONTH TO DATE    7                        28    -21       27
  SINCE JUN 1    209                       270    -61      220
  SINCE JUL 1     47                        91    -44       74

 COOLING
  YESTERDAY        0                         2     -2        0
  MONTH TO DATE   24                        38    -14        9
  SINCE JUN 1    138                       158    -20      203
  SINCE JAN 1    156                       162     -6      204
..................................................................


WIND (MPH)
  HIGHEST WIND SPEED    13   HIGHEST WIND DIRECTION     S (180)
  HIGHEST GUST SPEED    16   HIGHEST GUST DIRECTION    SE (150)
  AVERAGE WIND SPEED     4.5


SKY COVER
  AVERAGE SKY COVER 0.2


WEATHER CONDITIONS
 THE FOLLOWING WEATHER WAS RECORDED YESTERDAY.
  FOG
  FOG W/VISIBILITY <= 1/4 MILE


RELATIVE HUMIDITY (PERCENT)
 HIGHEST    96           500 AM
 LOWEST     49           200 PM
 AVERAGE    73

..........................................................


THE DULUTH MN CLIMATE NORMALS FOR TODAY
                         NORMAL    RECORD    YEAR
 MAXIMUM TEMPERATURE (F)   75        92      1930
                                             1922
 MINIMUM TEMPERATURE (F)   55        35      1976


SUNRISE AND SUNSET
AUGUST 15 2014........SUNRISE   606 AM CDT   SUNSET   819 PM CDT
AUGUST 16 2014........SUNRISE   608 AM CDT   SUNSET   817 PM CDT


-  INDICATES NEGATIVE NUMBERS.
R  INDICATES RECORD WAS SET OR TIED.
MM INDICATES DATA IS MISSING.
T  INDICATES TRACE AMOUNT.




$$
