000
CDUS43 KDLH 080626
CLIDLH


CLIMATE REPORT
NATIONAL WEATHER SERVICE DULUTH MN
1223 AM CST MON JAN 8 2018


...................................

...THE DULUTH MN CLIMATE SUMMARY FOR JANUARY 7 2018...

CLIMATE NORMAL PERIOD 1981 TO 2010
CLIMATE RECORD PERIOD 1870 TO 2018


WEATHER ITEM   OBSERVED TIME   RECORD YEAR NORMAL DEPARTURE LAST
                VALUE   (LST)  VALUE       VALUE  FROM      YEAR
                                                  NORMAL
..................................................................
TEMPERATURE (F)
 YESTERDAY
  MAXIMUM         27   1159 PM  46    2003  19      8        3
  MINIMUM         10    115 AM -36    1912   2      8       -9
  AVERAGE         19                        10      9       -3

PRECIPITATION (IN)
  YESTERDAY        0.01          0.70 1989   0.03  -0.02      T
  MONTH TO DATE    0.03                      0.25  -0.22     0.16
  SINCE DEC 1      0.86                      1.46  -0.60     2.23
  SINCE JAN 1      0.03                      0.25  -0.22     0.16

SNOWFALL (IN)
  YESTERDAY        T            11.6  1989   0.7   -0.7       T
  MONTH TO DATE    0.4                       4.7   -4.3      1.8
  SINCE DEC 1     13.8                      22.4   -8.6     23.1
  SINCE JUL 1     35.4                      38.5   -3.1     31.2
  SNOW DEPTH       5

DEGREE DAYS
 HEATING
  YESTERDAY       46                        55     -9       68
  MONTH TO DATE  472                       382     90      428
  SINCE DEC 1   2155                      1938    217     1940
  SINCE JUL 1   4301                      4151    150     3422

 COOLING
  YESTERDAY        0                         0      0        0
  MONTH TO DATE    0                         0      0        0
  SINCE DEC 1      0                         0      0        0
  SINCE JAN 1      0                         0      0        0
..................................................................


WIND (MPH)
  HIGHEST WIND SPEED    28   HIGHEST WIND DIRECTION    SW (240)
  HIGHEST GUST SPEED    36   HIGHEST GUST DIRECTION    SW (220)
  AVERAGE WIND SPEED    15.0


SKY COVER
  AVERAGE SKY COVER 0.9


WEATHER CONDITIONS
 THE FOLLOWING WEATHER WAS RECORDED YESTERDAY.
  LIGHT SNOW
  FOG


RELATIVE HUMIDITY (PERCENT)
 HIGHEST    84          1100 PM
 LOWEST     63          1200 AM
 AVERAGE    74

..........................................................


THE DULUTH MN CLIMATE NORMALS FOR TODAY
                         NORMAL    RECORD    YEAR
 MAXIMUM TEMPERATURE (F)   19        48      2003
 MINIMUM TEMPERATURE (F)    2       -31      1974


SUNRISE AND SUNSET
JANUARY  8 2018.......SUNRISE   753 AM CST   SUNSET   439 PM CST
JANUARY  9 2018.......SUNRISE   752 AM CST   SUNSET   440 PM CST


-  INDICATES NEGATIVE NUMBERS.
R  INDICATES RECORD WAS SET OR TIED.
MM INDICATES DATA IS MISSING.
T  INDICATES TRACE AMOUNT.




$$
