000
CDUS43 KDLH 170643
CLIDLH


CLIMATE REPORT
NATIONAL WEATHER SERVICE DULUTH MN
1240 AM CST MON NOV 17 2014


...................................

...THE DULUTH MN CLIMATE SUMMARY FOR NOVEMBER 16 2014...

CLIMATE NORMAL PERIOD 1981 TO 2010
CLIMATE RECORD PERIOD 1870 TO 2014


WEATHER ITEM   OBSERVED TIME   RECORD YEAR NORMAL DEPARTURE LAST
                VALUE   (LST)  VALUE       VALUE  FROM      YEAR
                                                  NORMAL
..................................................................
TEMPERATURE (F)
 YESTERDAY
  MAXIMUM         56   1003 PM  64    1931  35     21       46
  MINIMUM          7   1025 PM -10    1933  22    -15       41
  AVERAGE         32                        28      4       44

PRECIPITATION (IN)
  YESTERDAY        T             1.57 1996   0.07  -0.07     0.25
  MONTH TO DATE    0.70                      1.19  -0.49     0.66
  SINCE SEP 1      4.14                      8.15  -4.01     5.85
  SINCE JAN 1     29.09                     28.85   0.24    27.44

SNOWFALL (IN)
  YESTERDAY        T             6.6  1909   0.6   -0.6      0.0
  MONTH TO DATE   10.2                       5.9    4.3      1.1
  SINCE SEP 1     10.3                       8.3    2.0      1.4
  SINCE JUL 1     10.3                       8.3    2.0      1.4
  SNOW DEPTH       5

DEGREE DAYS
 HEATING
  YESTERDAY       33                        36     -3       21
  MONTH TO DATE  582                       520     62      507
  SINCE SEP 1   1431                      1496    -65     1285
  SINCE JUL 1   1508                      1645   -137     1359

 COOLING
  YESTERDAY        0                         0      0        0
  MONTH TO DATE    0                         0      0        0
  SINCE SEP 1      9                        14     -5       24
  SINCE JAN 1    179                       204    -25      375
..................................................................


WIND (MPH)
  HIGHEST WIND SPEED    22   HIGHEST WIND DIRECTION     W (260)
  HIGHEST GUST SPEED    28   HIGHEST GUST DIRECTION     W (260)
  AVERAGE WIND SPEED    12.8


SKY COVER
  AVERAGE SKY COVER 0.4


WEATHER CONDITIONS
 THE FOLLOWING WEATHER WAS RECORDED YESTERDAY.
  LIGHT SNOW
  FOG
  HAZE


RELATIVE HUMIDITY (PERCENT)
 HIGHEST    92           300 AM
 LOWEST     59          1200 PM
 AVERAGE    76

..........................................................


THE DULUTH MN CLIMATE NORMALS FOR TODAY
                         NORMAL    RECORD    YEAR
 MAXIMUM TEMPERATURE (F)   35        68      1953
 MINIMUM TEMPERATURE (F)   21        -9      1959


SUNRISE AND SUNSET
NOVEMBER 17 2014......SUNRISE   714 AM CST   SUNSET   432 PM CST
NOVEMBER 18 2014......SUNRISE   715 AM CST   SUNSET   431 PM CST


-  INDICATES NEGATIVE NUMBERS.
R  INDICATES RECORD WAS SET OR TIED.
MM INDICATES DATA IS MISSING.
T  INDICATES TRACE AMOUNT.




$$
