000
CDUS43 KDLH 220653
CLIDLH


CLIMATE REPORT
NATIONAL WEATHER SERVICE DULUTH MN
151 AM CDT SUN MAR 22 2015


...................................

...THE DULUTH MN CLIMATE SUMMARY FOR MARCH 21 2015...

CLIMATE NORMAL PERIOD 1981 TO 2010
CLIMATE RECORD PERIOD 1870 TO 2015


WEATHER ITEM   OBSERVED TIME   RECORD YEAR NORMAL DEPARTURE LAST
                VALUE   (LST)  VALUE       VALUE  FROM      YEAR
                                                  NORMAL
..................................................................
TEMPERATURE (F)
 YESTERDAY
  MAXIMUM         32    410 PM  68    1910  36     -4       33
  MINIMUM         14    715 AM -14    1885  20     -6       13
  AVERAGE         23                        28     -5       23

PRECIPITATION (IN)
  YESTERDAY        0.00          0.89 1894   0.05  -0.05     0.57
  MONTH TO DATE    0.55                      0.96  -0.41     0.91
  SINCE MAR 1      0.55                      0.96  -0.41     0.91
  SINCE JAN 1      1.39                      2.73  -1.34     3.76

SNOWFALL (IN)
  YESTERDAY        0.0           6.9  2014   0.4   -0.4      6.9
  MONTH TO DATE    5.9                       9.9   -4.0     14.9
  SINCE MAR 1      5.9                       9.9   -4.0     14.9
  SINCE JUL 1     45.8                      75.5  -29.7     98.7
  SNOW DEPTH       0

DEGREE DAYS
 HEATING
  YESTERDAY       42                        37      5       42
  MONTH TO DATE  731                       864   -133      992
  SINCE MAR 1    731                       864   -133      992
  SINCE JUL 1   7570                      7731   -161     8433

 COOLING
  YESTERDAY        0                         0      0        0
  MONTH TO DATE    0                         0      0        0
  SINCE MAR 1      0                         0      0        0
  SINCE JAN 1      0                         0      0        0
..................................................................


WIND (MPH)
  HIGHEST WIND SPEED    20   HIGHEST WIND DIRECTION    NW (320)
  HIGHEST GUST SPEED    27   HIGHEST GUST DIRECTION    NW (320)
  AVERAGE WIND SPEED     9.8


SKY COVER
  AVERAGE SKY COVER 0.3


WEATHER CONDITIONS
 THE FOLLOWING WEATHER WAS RECORDED YESTERDAY.
  NO SIGNIFICANT WEATHER WAS OBSERVED.


RELATIVE HUMIDITY (PERCENT)
 HIGHEST    55           600 AM
 LOWEST     30           400 PM
 AVERAGE    43

..........................................................


THE DULUTH MN CLIMATE NORMALS FOR TODAY
                         NORMAL    RECORD    YEAR
 MAXIMUM TEMPERATURE (F)   37        72      1945
 MINIMUM TEMPERATURE (F)   20       -13      1888


SUNRISE AND SUNSET
MARCH 22 2015.........SUNRISE   708 AM CDT   SUNSET   724 PM CDT
MARCH 23 2015.........SUNRISE   706 AM CDT   SUNSET   725 PM CDT


-  INDICATES NEGATIVE NUMBERS.
R  INDICATES RECORD WAS SET OR TIED.
MM INDICATES DATA IS MISSING.
T  INDICATES TRACE AMOUNT.




$$
