000
CDUS43 KDLH 110627
CLIDLH


CLIMATE REPORT
NATIONAL WEATHER SERVICE DULUTH MN
1226 AM CST WED JAN 11 2017


...................................

...THE DULUTH MN CLIMATE SUMMARY FOR JANUARY 10 2017...

CLIMATE NORMAL PERIOD 1981 TO 2010
CLIMATE RECORD PERIOD 1870 TO 2017


WEATHER ITEM   OBSERVED TIME   RECORD YEAR NORMAL DEPARTURE LAST
                VALUE   (LST)  VALUE       VALUE  FROM      YEAR
                                                  NORMAL
..................................................................
TEMPERATURE (F)
 YESTERDAY
  MAXIMUM         24   1219 PM  47    2012  19      5        0
  MINIMUM         -2   1159 PM -36    1912   1     -3      -18
  AVERAGE         11                        10      1       -9

PRECIPITATION (IN)
  YESTERDAY        0.20          1.14 1975   0.03   0.17      T
  MONTH TO DATE    0.53                      0.35   0.18     0.18
  SINCE DEC 1      2.60                      1.56   1.04     3.88
  SINCE JAN 1      0.53                      0.35   0.18     0.18

SNOWFALL (IN)
  YESTERDAY        3.7           4.3  1975   0.7    3.0       T
  MONTH TO DATE    9.1                       6.7    2.4      3.0
  SINCE DEC 1     30.4                      24.4    6.0     27.6
  SINCE JUL 1     38.5                      40.5   -2.0     32.0
  SNOW DEPTH      11

DEGREE DAYS
 HEATING
  YESTERDAY       54                        55     -1       74
  MONTH TO DATE  599                       547     52      468
  SINCE DEC 1   2111                      2103      8     1655
  SINCE JUL 1   3593                      4316   -723     3318

 COOLING
  YESTERDAY        0                         0      0        0
  MONTH TO DATE    0                         0      0        0
  SINCE DEC 1      0                         0      0        0
  SINCE JAN 1      0                         0      0        0
..................................................................


WIND (MPH)
  HIGHEST WIND SPEED    28   HIGHEST WIND DIRECTION     W (290)
  HIGHEST GUST SPEED    38   HIGHEST GUST DIRECTION    NW (300)
  AVERAGE WIND SPEED    12.6


SKY COVER
  AVERAGE SKY COVER 0.9


WEATHER CONDITIONS
 THE FOLLOWING WEATHER WAS RECORDED YESTERDAY.
  HEAVY SNOW
  SNOW
  LIGHT SNOW
  FOG
  FOG W/VISIBILITY <= 1/4 MILE
  HAZE
  BLOWING SNOW


RELATIVE HUMIDITY (PERCENT)
 HIGHEST   100           200 AM
 LOWEST     72          1100 PM
 AVERAGE    86

..........................................................


THE DULUTH MN CLIMATE NORMALS FOR TODAY
                         NORMAL    RECORD    YEAR
 MAXIMUM TEMPERATURE (F)   19        42      1986
 MINIMUM TEMPERATURE (F)    1       -35      1912


SUNRISE AND SUNSET
JANUARY 11 2017.......SUNRISE   751 AM CST   SUNSET   442 PM CST
JANUARY 12 2017.......SUNRISE   751 AM CST   SUNSET   444 PM CST


-  INDICATES NEGATIVE NUMBERS.
R  INDICATES RECORD WAS SET OR TIED.
MM INDICATES DATA IS MISSING.
T  INDICATES TRACE AMOUNT.




$$
