000
CDUS43 KDLH 300621
CLIDLH


CLIMATE REPORT
NATIONAL WEATHER SERVICE DULUTH MN
121 AM CDT THU JUL 30 2015


...................................

...THE DULUTH MN CLIMATE SUMMARY FOR JULY 29 2015...

CLIMATE NORMAL PERIOD 1981 TO 2010
CLIMATE RECORD PERIOD 1870 TO 2015


WEATHER ITEM   OBSERVED TIME   RECORD YEAR NORMAL DEPARTURE LAST
                VALUE   (LST)  VALUE       VALUE  FROM      YEAR
                                                  NORMAL
..................................................................
TEMPERATURE (F)
 YESTERDAY
  MAXIMUM         78    505 PM  96    1916  77      1       78
  MINIMUM         61   1130 PM  42    1971  56      5       53
                                      1925
  AVERAGE         70                        66      4       66

PRECIPITATION (IN)
  YESTERDAY        0.00          1.40 1955   0.11  -0.11     0.39
  MONTH TO DATE    3.01                      3.62  -0.61     3.42
  SINCE JUN 1      6.65                      7.85  -1.20     7.89
  SINCE JAN 1     13.04                     16.77  -3.73    20.32

SNOWFALL (IN)
  YESTERDAY        0.0           0.0  2002   0.0    0.0      0.0
                                      2001
  MONTH TO DATE    0.0                       0.0    0.0      0.0
  SINCE JUN 1      T                         0.0    0.0       T
  SINCE JUL 1      0.0                       0.0    0.0      0.0
  SNOW DEPTH       0

DEGREE DAYS
 HEATING
  YESTERDAY        0                         2     -2        0
  MONTH TO DATE   15                        64    -49       39
  SINCE JUN 1    136                       243   -107      201
  SINCE JUL 1     15                        64    -49       39

 COOLING
  YESTERDAY        5                         3      2        1
  MONTH TO DATE  146                        84     62       82
  SINCE JUN 1    168                       114     54      111
  SINCE JAN 1    172                       118     54      129
..................................................................


WIND (MPH)
  HIGHEST WIND SPEED    31   HIGHEST WIND DIRECTION     W (280)
  HIGHEST GUST SPEED    41   HIGHEST GUST DIRECTION     W (270)
  AVERAGE WIND SPEED    17.2


SKY COVER
  AVERAGE SKY COVER 0.5


WEATHER CONDITIONS
 THE FOLLOWING WEATHER WAS RECORDED YESTERDAY.
  NO SIGNIFICANT WEATHER WAS OBSERVED.


RELATIVE HUMIDITY (PERCENT)
 HIGHEST    72          1100 PM
 LOWEST     42           500 PM
 AVERAGE    57

..........................................................


THE DULUTH MN CLIMATE NORMALS FOR TODAY
                         NORMAL    RECORD    YEAR
 MAXIMUM TEMPERATURE (F)   77        94      1995
                                             1885
 MINIMUM TEMPERATURE (F)   56        42      1992
                                             1971


SUNRISE AND SUNSET
JULY 30 2015..........SUNRISE   546 AM CDT   SUNSET   843 PM CDT
JULY 31 2015..........SUNRISE   547 AM CDT   SUNSET   842 PM CDT


-  INDICATES NEGATIVE NUMBERS.
R  INDICATES RECORD WAS SET OR TIED.
MM INDICATES DATA IS MISSING.
T  INDICATES TRACE AMOUNT.




$$
