252
CDUS43 KDLH 220640
CLIDLH


CLIMATE REPORT
NATIONAL WEATHER SERVICE DULUTH MN
138 AM CDT FRI JUL 22 2016


...................................

...THE DULUTH MN CLIMATE SUMMARY FOR JULY 21 2016...

CLIMATE NORMAL PERIOD 1981 TO 2010
CLIMATE RECORD PERIOD 1870 TO 2016


WEATHER ITEM   OBSERVED TIME   RECORD YEAR NORMAL DEPARTURE LAST
                VALUE   (LST)  VALUE       VALUE  FROM      YEAR
                                                  NORMAL
..................................................................
TEMPERATURE (F)
 YESTERDAY
  MAXIMUM         89    300 PM  93    1960  77     12       78
                                      1893
                                      1892
  MINIMUM         66    401 AM  38    1973  56     10       55
  AVERAGE         78                        66     12       67

PRECIPITATION (IN)
  YESTERDAY        0.74          5.20 1909   0.11   0.63     0.00
  MONTH TO DATE    4.32                      2.75   1.57     2.97
  SINCE JUN 1      8.78                      6.98   1.80     6.61
  SINCE JAN 1     18.89                     15.90   2.99    13.00

SNOWFALL (IN)
  YESTERDAY        0.0           0.0  2002   0.0    0.0      0.0
                                      2001
  MONTH TO DATE    0.0                       0.0    0.0      0.0
  SINCE JUN 1      T                         0.0    0.0       T
  SINCE JUL 1      0.0                       0.0    0.0      0.0
  SNOW DEPTH       0

DEGREE DAYS
 HEATING
  YESTERDAY        0                         2     -2        0
  MONTH TO DATE   21                        48    -27       15
  SINCE JUN 1    163                       227    -64      136
  SINCE JUL 1     21                        48    -27       15

 COOLING
  YESTERDAY       13                         3     10        2
  MONTH TO DATE   60                        60      0       78
  SINCE JUN 1    103                        90     13      100
  SINCE JAN 1    112                        94     18      104
..................................................................


WIND (MPH)
  HIGHEST WIND SPEED    43   HIGHEST WIND DIRECTION    NW (320)
  HIGHEST GUST SPEED    69   HIGHEST GUST DIRECTION     W (290)
  AVERAGE WIND SPEED    10.1


SKY COVER
  AVERAGE SKY COVER 0.3


WEATHER CONDITIONS
 THE FOLLOWING WEATHER WAS RECORDED YESTERDAY.
  THUNDERSTORM
  HEAVY RAIN
  LIGHT RAIN
  FOG


RELATIVE HUMIDITY (PERCENT)
 HIGHEST    94           200 AM
 LOWEST     31           500 PM
 AVERAGE    63

..........................................................


THE DULUTH MN CLIMATE NORMALS FOR TODAY
                         NORMAL    RECORD    YEAR
 MAXIMUM TEMPERATURE (F)   77        95      1941
 MINIMUM TEMPERATURE (F)   56        40      1985


SUNRISE AND SUNSET
JULY 22 2016..........SUNRISE   538 AM CDT   SUNSET   852 PM CDT
JULY 23 2016..........SUNRISE   539 AM CDT   SUNSET   851 PM CDT


-  INDICATES NEGATIVE NUMBERS.
R  INDICATES RECORD WAS SET OR TIED.
MM INDICATES DATA IS MISSING.
T  INDICATES TRACE AMOUNT.




$$
