000
CDUS43 KDLH 200626
CLIDLH


CLIMATE REPORT
NATIONAL WEATHER SERVICE DULUTH MN
1226 AM CST TUE JAN 20 2015


...................................

...THE DULUTH MN CLIMATE SUMMARY FOR JANUARY 19 2015...

CLIMATE NORMAL PERIOD 1981 TO 2010
CLIMATE RECORD PERIOD 1870 TO 2015


WEATHER ITEM   OBSERVED TIME   RECORD YEAR NORMAL DEPARTURE LAST
                VALUE   (LST)  VALUE       VALUE  FROM      YEAR
                                                  NORMAL
..................................................................
TEMPERATURE (F)
 YESTERDAY
  MAXIMUM         25    356 PM  44    1900  19      6       29
  MINIMUM         18   1202 AM -32    1994   1     17       13
  AVERAGE         22                        10     12       21

PRECIPITATION (IN)
  YESTERDAY        T             0.40 1917   0.03  -0.03      T
  MONTH TO DATE    0.30                      0.64  -0.34     0.54
  SINCE DEC 1      1.56                      1.85  -0.29     3.42
  SINCE JAN 1      0.30                      0.64  -0.34     0.54

SNOWFALL (IN)
  YESTERDAY        T             3.0  1979   0.6   -0.6       T
  MONTH TO DATE    4.8                      12.7   -7.9      5.2
  SINCE DEC 1     13.4                      30.4  -17.0     45.1
  SINCE JUL 1     29.9                      46.5  -16.6     50.1
  SNOW DEPTH       7

DEGREE DAYS
 HEATING
  YESTERDAY       43                        55    -12       44
  MONTH TO DATE 1104                      1042     62     1140
  SINCE DEC 1   2445                      2598   -153     3006
  SINCE JUL 1   4660                      4811   -151     4963

 COOLING
  YESTERDAY        0                         0      0        0
  MONTH TO DATE    0                         0      0        0
  SINCE DEC 1      0                         0      0        0
  SINCE JAN 1      0                         0      0        0
..................................................................


WIND (MPH)
  HIGHEST WIND SPEED    18   HIGHEST WIND DIRECTION     E (100)
  HIGHEST GUST SPEED    22   HIGHEST GUST DIRECTION     E (100)
  AVERAGE WIND SPEED    11.3


SKY COVER
  AVERAGE SKY COVER 1.0


WEATHER CONDITIONS
 THE FOLLOWING WEATHER WAS RECORDED YESTERDAY.
  LIGHT SNOW
  FOG


RELATIVE HUMIDITY (PERCENT)
 HIGHEST    88           400 AM
 LOWEST     74          1200 AM
 AVERAGE    81

..........................................................


THE DULUTH MN CLIMATE NORMALS FOR TODAY
                         NORMAL    RECORD    YEAR
 MAXIMUM TEMPERATURE (F)   19        46      1908
                                             1891
 MINIMUM TEMPERATURE (F)    1       -35      1996


SUNRISE AND SUNSET
JANUARY 20 2015.......SUNRISE   746 AM CST   SUNSET   454 PM CST
JANUARY 21 2015.......SUNRISE   745 AM CST   SUNSET   455 PM CST


-  INDICATES NEGATIVE NUMBERS.
R  INDICATES RECORD WAS SET OR TIED.
MM INDICATES DATA IS MISSING.
T  INDICATES TRACE AMOUNT.




$$
