000
CDUS43 KDLH 160643
CLIDLH


CLIMATE REPORT
NATIONAL WEATHER SERVICE DULUTH MN
1240 AM CST THU NOV 16 2017


...................................

...THE DULUTH MN CLIMATE SUMMARY FOR NOVEMBER 15 2017...

CLIMATE NORMAL PERIOD 1981 TO 2010
CLIMATE RECORD PERIOD 1870 TO 2017


WEATHER ITEM   OBSERVED TIME   RECORD YEAR NORMAL DEPARTURE LAST
                VALUE   (LST)  VALUE       VALUE  FROM      YEAR
                                                  NORMAL
..................................................................
TEMPERATURE (F)
 YESTERDAY
  MAXIMUM         36    728 AM  64    1939  36      0       54
  MINIMUM         23   1159 PM  -4    1933  22      1       34
                                      1932
  AVERAGE         30                        29      1       44

PRECIPITATION (IN)
  YESTERDAY        0.03          0.99 1988   0.08  -0.05     0.09
  MONTH TO DATE    1.12                      1.12   0.00     0.10
  SINCE SEP 1      8.07                      8.08  -0.01     5.17
  SINCE JAN 1     35.76                     28.78   6.98    29.09

SNOWFALL (IN)
  YESTERDAY        T            11.1  1956   0.5   -0.5      0.0
  MONTH TO DATE    9.4                       5.3    4.1      0.0
  SINCE SEP 1     20.5                       7.7   12.8       T
  SINCE JUL 1     20.5                       7.7   12.8       T
  SNOW DEPTH       2

DEGREE DAYS
 HEATING
  YESTERDAY       35                        36     -1       21
  MONTH TO DATE  609                       484    125      255
  SINCE SEP 1   1415                      1460    -45      948
  SINCE JUL 1   1585                      1609    -24     1002

 COOLING
  YESTERDAY        0                         0      0        0
  MONTH TO DATE    0                         0      0        0
  SINCE SEP 1     26                        14     12       14
  SINCE JAN 1    126                       204    -78      281
..................................................................


WIND (MPH)
  HIGHEST WIND SPEED    24   HIGHEST WIND DIRECTION    NW (330)
  HIGHEST GUST SPEED    37   HIGHEST GUST DIRECTION    SW (220)
  AVERAGE WIND SPEED    13.8


SKY COVER
  AVERAGE SKY COVER 1.0


WEATHER CONDITIONS
 THE FOLLOWING WEATHER WAS RECORDED YESTERDAY.
  LIGHT RAIN
  FREEZING RAIN
  LT FREEZING RAIN
  SNOW
  LIGHT SNOW
  FOG
  FOG W/VISIBILITY <= 1/4 MILE


RELATIVE HUMIDITY (PERCENT)
 HIGHEST   100          1200 AM
 LOWEST     81           900 PM
 AVERAGE    91

..........................................................


THE DULUTH MN CLIMATE NORMALS FOR TODAY
                         NORMAL    RECORD    YEAR
 MAXIMUM TEMPERATURE (F)   35        64      1931
 MINIMUM TEMPERATURE (F)   22       -10      1933


SUNRISE AND SUNSET
NOVEMBER 16 2017......SUNRISE   713 AM CST   SUNSET   433 PM CST
NOVEMBER 17 2017......SUNRISE   715 AM CST   SUNSET   432 PM CST


-  INDICATES NEGATIVE NUMBERS.
R  INDICATES RECORD WAS SET OR TIED.
MM INDICATES DATA IS MISSING.
T  INDICATES TRACE AMOUNT.




$$
