000
CDUS43 KDLH 100623
CLIDLH


CLIMATE REPORT
NATIONAL WEATHER SERVICE DULUTH MN
1222 AM CST TUE JAN 10 2017


...................................

...THE DULUTH MN CLIMATE SUMMARY FOR JANUARY 9 2017...

CLIMATE NORMAL PERIOD 1981 TO 2010
CLIMATE RECORD PERIOD 1870 TO 2017


WEATHER ITEM   OBSERVED TIME   RECORD YEAR NORMAL DEPARTURE LAST
                VALUE   (LST)  VALUE       VALUE  FROM      YEAR
                                                  NORMAL
..................................................................
TEMPERATURE (F)
 YESTERDAY
  MAXIMUM         20   1159 PM  45    2012  19      1       16
  MINIMUM          8    804 AM -38    1875   2      6      -11
  AVERAGE         14                        10      4        3

PRECIPITATION (IN)
  YESTERDAY        0.04          0.60 1939   0.04   0.00      T
  MONTH TO DATE    0.33                      0.32   0.01     0.18
  SINCE DEC 1      2.40                      1.53   0.87     3.88
  SINCE JAN 1      0.33                      0.32   0.01     0.18

SNOWFALL (IN)
  YESTERDAY        0.5           5.1  1998   0.6   -0.1      0.2
  MONTH TO DATE    5.4                       6.0   -0.6      3.0
  SINCE DEC 1     26.7                      23.7    3.0     27.6
  SINCE JUL 1     34.8                      39.8   -5.0     32.0
  SNOW DEPTH      11

DEGREE DAYS
 HEATING
  YESTERDAY       51                        55     -4       62
  MONTH TO DATE  545                       492     53      394
  SINCE DEC 1   2057                      2048      9     1581
  SINCE JUL 1   3539                      4261   -722     3244

 COOLING
  YESTERDAY        0                         0      0        0
  MONTH TO DATE    0                         0      0        0
  SINCE DEC 1      0                         0      0        0
  SINCE JAN 1      0                         0      0        0
..................................................................


WIND (MPH)
  HIGHEST WIND SPEED    20   HIGHEST WIND DIRECTION    SE (130)
  HIGHEST GUST SPEED    24   HIGHEST GUST DIRECTION    SE (130)
  AVERAGE WIND SPEED     9.3


SKY COVER
  AVERAGE SKY COVER 1.0


WEATHER CONDITIONS
 THE FOLLOWING WEATHER WAS RECORDED YESTERDAY.
  LIGHT SNOW
  FOG


RELATIVE HUMIDITY (PERCENT)
 HIGHEST    92           700 PM
 LOWEST     80           300 PM
 AVERAGE    86

..........................................................


THE DULUTH MN CLIMATE NORMALS FOR TODAY
                         NORMAL    RECORD    YEAR
 MAXIMUM TEMPERATURE (F)   19        47      2012
 MINIMUM TEMPERATURE (F)    1       -36      1912


SUNRISE AND SUNSET
JANUARY 10 2017.......SUNRISE   752 AM CST   SUNSET   441 PM CST
JANUARY 11 2017.......SUNRISE   751 AM CST   SUNSET   442 PM CST


-  INDICATES NEGATIVE NUMBERS.
R  INDICATES RECORD WAS SET OR TIED.
MM INDICATES DATA IS MISSING.
T  INDICATES TRACE AMOUNT.




$$
