000
CDUS43 KDLH 200628
CLIDLH


CLIMATE REPORT
NATIONAL WEATHER SERVICE DULUTH MN
1227 AM CST SAT DEC 20 2014


...................................

...THE DULUTH MN CLIMATE SUMMARY FOR DECEMBER 19 2014...

CLIMATE NORMAL PERIOD 1981 TO 2010
CLIMATE RECORD PERIOD 1870 TO 2014


WEATHER ITEM   OBSERVED TIME   RECORD YEAR NORMAL DEPARTURE LAST
                VALUE   (LST)  VALUE       VALUE  FROM      YEAR
                                                  NORMAL
..................................................................
TEMPERATURE (F)
 YESTERDAY
  MAXIMUM         25   1159 PM  51    1923  21      4       14
  MINIMUM         20    631 AM -30    1983   6     14        4
                                      1955
  AVERAGE         23                        13     10        9

PRECIPITATION (IN)
  YESTERDAY        T             0.42 1951   0.03  -0.03     0.06
  MONTH TO DATE    0.89                      0.76   0.13     2.51
  SINCE DEC 1      0.89                      0.76   0.13     2.51
  SINCE JAN 1     30.26                     30.51  -0.25    30.11

SNOWFALL (IN)
  YESTERDAY        0.2           7.3  2008   0.6   -0.4      0.3
  MONTH TO DATE    5.3                      10.4   -5.1     30.1
  SINCE DEC 1      5.3                      10.4   -5.1     30.1
  SINCE JUL 1     21.8                      26.5   -4.7     35.1
  SNOW DEPTH       3

DEGREE DAYS
 HEATING
  YESTERDAY       42                        52    -10       56
  MONTH TO DATE  806                       921   -115     1127
  SINCE DEC 1    806                       921   -115     1127
  SINCE JUL 1   3021                      3134   -113     3084

 COOLING
  YESTERDAY        0                         0      0        0
  MONTH TO DATE    0                         0      0        0
  SINCE DEC 1      0                         0      0        0
  SINCE JAN 1    179                       204    -25      375
..................................................................


WIND (MPH)
  HIGHEST WIND SPEED    12   HIGHEST WIND DIRECTION    SW (240)
  HIGHEST GUST SPEED    14   HIGHEST GUST DIRECTION    SE (140)
  AVERAGE WIND SPEED     7.2


SKY COVER
  AVERAGE SKY COVER 0.8


WEATHER CONDITIONS
 THE FOLLOWING WEATHER WAS RECORDED YESTERDAY.
  LIGHT SNOW
  FOG
  HAZE


RELATIVE HUMIDITY (PERCENT)
 HIGHEST    92          1000 AM
 LOWEST     81          1200 PM
 AVERAGE    87

..........................................................


THE DULUTH MN CLIMATE NORMALS FOR TODAY
                         NORMAL    RECORD    YEAR
 MAXIMUM TEMPERATURE (F)   21        43      1923
                                             1890
 MINIMUM TEMPERATURE (F)    6       -34      1983


SUNRISE AND SUNSET
DECEMBER 20 2014......SUNRISE   750 AM CST   SUNSET   422 PM CST
DECEMBER 21 2014......SUNRISE   750 AM CST   SUNSET   423 PM CST


-  INDICATES NEGATIVE NUMBERS.
R  INDICATES RECORD WAS SET OR TIED.
MM INDICATES DATA IS MISSING.
T  INDICATES TRACE AMOUNT.




$$
