000
CDUS43 KDLH 050619
CLIDLH


CLIMATE REPORT
NATIONAL WEATHER SERVICE DULUTH MN
118 AM CDT SAT APR 5 2014


...................................

...THE DULUTH MN CLIMATE SUMMARY FOR APRIL 4 2014...

CLIMATE NORMAL PERIOD 1981 TO 2010
CLIMATE RECORD PERIOD 1870 TO 2014


WEATHER ITEM   OBSERVED TIME   RECORD YEAR NORMAL DEPARTURE LAST
                VALUE   (LST)  VALUE       VALUE  FROM      YEAR
                                                  NORMAL
..................................................................
TEMPERATURE (F)
 YESTERDAY
  MAXIMUM         39    422 PM  69    1991  43     -4       42
  MINIMUM         22   1142 PM  -5    1975  25     -3       28
  AVERAGE         31                        34     -3       35

PRECIPITATION (IN)
  YESTERDAY        0.34          0.90 1927   0.07   0.27     0.00
  MONTH TO DATE    0.76                      0.25   0.51      T
  SINCE MAR 1      2.67                      1.74   0.93     2.04
  SINCE JAN 1      5.52                      3.51   2.01     4.59

SNOWFALL (IN)
  YESTERDAY        3.1           8.5  2003   0.3    2.8      0.0
  MONTH TO DATE   12.9                       1.3   11.6      0.0
  SINCE MAR 1     33.8                      14.5   19.3     25.8
  SINCE JUL 1    117.6                      80.1   37.5     78.6
  SNOW DEPTH      34

DEGREE DAYS
 HEATING
  YESTERDAY       34                        31      3       30
  MONTH TO DATE  153                       126     27      147
  SINCE MAR 1   1592                      1336    256     1480
  SINCE JUL 1   9033                      8203    830     7988

 COOLING
  YESTERDAY        0                         0      0        0
  MONTH TO DATE    0                         0      0        0
  SINCE MAR 1      0                         0      0        0
  SINCE JAN 1      0                         0      0        0
..................................................................


WIND (MPH)
  HIGHEST WIND SPEED    22   HIGHEST WIND DIRECTION     N (350)
  HIGHEST GUST SPEED    30   HIGHEST GUST DIRECTION     N (350)
  AVERAGE WIND SPEED    11.9


SKY COVER
  AVERAGE SKY COVER 0.6


WEATHER CONDITIONS
 THE FOLLOWING WEATHER WAS RECORDED YESTERDAY.
  HEAVY SNOW
  SNOW
  LIGHT SNOW
  FOG
  FOG W/VISIBILITY <= 1/4 MILE


RELATIVE HUMIDITY (PERCENT)
 HIGHEST    88          1200 AM
 LOWEST     48           400 PM
 AVERAGE    68

..........................................................


THE DULUTH MN CLIMATE NORMALS FOR TODAY
                         NORMAL    RECORD    YEAR
 MAXIMUM TEMPERATURE (F)   44        79      1991
 MINIMUM TEMPERATURE (F)   26         2      1971


SUNRISE AND SUNSET
APRIL  5 2014.........SUNRISE   640 AM CDT   SUNSET   743 PM CDT
APRIL  6 2014.........SUNRISE   638 AM CDT   SUNSET   745 PM CDT


-  INDICATES NEGATIVE NUMBERS.
R  INDICATES RECORD WAS SET OR TIED.
MM INDICATES DATA IS MISSING.
T  INDICATES TRACE AMOUNT.




$$
