000
CDUS43 KDLH 090638
CLIDLH


CLIMATE REPORT
NATIONAL WEATHER SERVICE DULUTH MN
1235 AM CST MON JAN 9 2017


...................................

...THE DULUTH MN CLIMATE SUMMARY FOR JANUARY 8 2017...

CLIMATE NORMAL PERIOD 1981 TO 2010
CLIMATE RECORD PERIOD 1870 TO 2017


WEATHER ITEM   OBSERVED TIME   RECORD YEAR NORMAL DEPARTURE LAST
                VALUE   (LST)  VALUE       VALUE  FROM      YEAR
                                                  NORMAL
..................................................................
TEMPERATURE (F)
 YESTERDAY
  MAXIMUM         10    513 PM  48    2003  19     -9       32
  MINIMUM        -13    727 AM -31    1974   2    -15       16
  AVERAGE         -1                        10    -11       24

PRECIPITATION (IN)
  YESTERDAY        0.13          0.69 1969   0.03   0.10     0.07
  MONTH TO DATE    0.29                      0.28   0.01     0.18
  SINCE DEC 1      2.36                      1.49   0.87     3.88
  SINCE JAN 1      0.29                      0.28   0.01     0.18

SNOWFALL (IN)
  YESTERDAY        3.1           9.9  1969   0.7    2.4      0.8
  MONTH TO DATE    4.9                       5.4   -0.5      2.8
  SINCE DEC 1     26.2                      23.1    3.1     27.4
  SINCE JUL 1     34.3                      39.2   -4.9     31.8
  SNOW DEPTH       9

DEGREE DAYS
 HEATING
  YESTERDAY       66                        55     11       41
  MONTH TO DATE  494                       437     57      332
  SINCE DEC 1   2006                      1993     13     1519
  SINCE JUL 1   3488                      4206   -718     3182

 COOLING
  YESTERDAY        0                         0      0        0
  MONTH TO DATE    0                         0      0        0
  SINCE DEC 1      0                         0      0        0
  SINCE JAN 1      0                         0      0        0
..................................................................


WIND (MPH)
  HIGHEST WIND SPEED    16   HIGHEST WIND DIRECTION     S (190)
  HIGHEST GUST SPEED    20   HIGHEST GUST DIRECTION    SW (210)
  AVERAGE WIND SPEED     7.9


SKY COVER
  AVERAGE SKY COVER 0.4


WEATHER CONDITIONS
 THE FOLLOWING WEATHER WAS RECORDED YESTERDAY.
  SNOW
  LIGHT SNOW
  FOG


RELATIVE HUMIDITY (PERCENT)
 HIGHEST    83           200 AM
 LOWEST     57           300 PM
 AVERAGE    70

..........................................................


THE DULUTH MN CLIMATE NORMALS FOR TODAY
                         NORMAL    RECORD    YEAR
 MAXIMUM TEMPERATURE (F)   19        45      2012
 MINIMUM TEMPERATURE (F)    2       -38      1875


SUNRISE AND SUNSET
JANUARY  9 2017.......SUNRISE   752 AM CST   SUNSET   440 PM CST
JANUARY 10 2017.......SUNRISE   752 AM CST   SUNSET   441 PM CST


-  INDICATES NEGATIVE NUMBERS.
R  INDICATES RECORD WAS SET OR TIED.
MM INDICATES DATA IS MISSING.
T  INDICATES TRACE AMOUNT.




$$

WM
