000
CDUS43 KDLH 062249
CLIDLH


CLIMATE REPORT
NATIONAL WEATHER SERVICE DULUTH MN
447 PM CST WED DEC 6 2017


...................................

...THE DULUTH CLIMATE SUMMARY FOR DECEMBER 6 2017...
VALID TODAY AS OF 0400 PM LOCAL TIME.

CLIMATE NORMAL PERIOD 1981 TO 2010
CLIMATE RECORD PERIOD 1870 TO 2017


WEATHER ITEM   OBSERVED TIME   RECORD YEAR NORMAL DEPARTURE LAST
                VALUE   (LST)  VALUE       VALUE  FROM      YEAR
                                                  NORMAL
..................................................................
TEMPERATURE (F)
 TODAY
  MAXIMUM         16    238 PM  56    1939  25     -9       36
  MINIMUM          7    928 AM -20    1972  11     -4       20
  AVERAGE         12                        18     -6       28

PRECIPITATION (IN)
  TODAY            T             1.91 1950   0.04  -0.04     0.08
  MONTH TO DATE    0.11                      0.27  -0.16     0.45
  SINCE DEC 1      0.11                      0.27  -0.16     0.45
  SINCE JAN 1     36.06                     30.02   6.04    32.04

SNOWFALL (IN)
  TODAY            T            23.2  1950   0.5   -0.5      1.6
  MONTH TO DATE    0.1                       3.2   -3.1      6.0
  SINCE JUL 1     21.7                      19.3    2.4     14.1
  SNOW DEPTH       T

DEGREE DAYS
 HEATING
  TODAY           53                        47      6       37
  MONTH TO DATE  225                       276    -51      212
  SINCE DEC 1    225                       276    -51      212
  SINCE JUL 1   2371                      2489   -118     1694

 COOLING
  TODAY            0                         0      0        0
  MONTH TO DATE    0                         0      0        0
  SINCE DEC 1      0                         0      0        0
  SINCE JAN 1    126                       204    -78      281
..................................................................


WIND (MPH)
  HIGHEST WIND SPEED    25   HIGHEST WIND DIRECTION    NW (310)
  HIGHEST GUST SPEED    34   HIGHEST GUST DIRECTION     W (290)
  AVERAGE WIND SPEED    18.5


SKY COVER
  AVERAGE SKY COVER 0.8


WEATHER CONDITIONS
 THE FOLLOWING WEATHER WAS RECORDED TODAY.
  LIGHT SNOW
  FOG
  BLOWING SNOW


RELATIVE HUMIDITY (PERCENT)
 HIGHEST    84           100 AM
 LOWEST     67           100 PM
 AVERAGE    76

..........................................................


THE DULUTH CLIMATE NORMALS FOR TOMORROW
                         NORMAL    RECORD    YEAR
 MAXIMUM TEMPERATURE (F)   25        51      1939
 MINIMUM TEMPERATURE (F)   11       -26      1976


SUNRISE AND SUNSET
DECEMBER  6 2017......SUNRISE   739 AM CST   SUNSET   421 PM CST
DECEMBER  7 2017......SUNRISE   740 AM CST   SUNSET   420 PM CST


-  INDICATES NEGATIVE NUMBERS.
R  INDICATES RECORD WAS SET OR TIED.
MM INDICATES DATA IS MISSING.
T  INDICATES TRACE AMOUNT.




$$
