000
CDUS43 KDLH 042239
CLIDLH


CLIMATE REPORT
NATIONAL WEATHER SERVICE DULUTH MN
434 PM CST MON DEC 4 2017


...................................

...THE DULUTH CLIMATE SUMMARY FOR DECEMBER 4 2017...
VALID TODAY AS OF 0430 PM LOCAL TIME.

CLIMATE NORMAL PERIOD 1981 TO 2010
CLIMATE RECORD PERIOD 1870 TO 2017


WEATHER ITEM   OBSERVED TIME   RECORD YEAR NORMAL DEPARTURE LAST
                VALUE   (LST)  VALUE       VALUE  FROM      YEAR
                                                  NORMAL
..................................................................
TEMPERATURE (F)
 TODAY
  MAXIMUM         40    359 PM  54    1941  26     14       33
  MINIMUM         37    133 AM -16    1991  12     25       26
  AVERAGE         39                        19     20       30

PRECIPITATION (IN)
  TODAY            0.06          1.00 1891   0.05   0.01     0.20
  MONTH TO DATE    0.06                      0.19  -0.13     0.21
  SINCE DEC 1      0.06                      0.19  -0.13     0.21
  SINCE JAN 1     36.01                     29.94   6.07    31.80

SNOWFALL (IN)
  TODAY            0.0          10.7  1955   0.5   -0.5      2.6
  MONTH TO DATE    0.0                       2.1   -2.1      2.7
  SINCE JUL 1     21.6                      18.2    3.4     10.8
  SNOW DEPTH       T

DEGREE DAYS
 HEATING
  TODAY           26                        46    -20       35
  MONTH TO DATE  120                       182    -62      143
  SINCE DEC 1    120                       182    -62      143
  SINCE JUL 1   2266                      2395   -129     1625

 COOLING
  TODAY            0                         0      0        0
  MONTH TO DATE    0                         0      0        0
  SINCE DEC 1      0                         0      0        0
  SINCE JAN 1    126                       204    -78      281
..................................................................


WIND (MPH)
  HIGHEST WIND SPEED    21   HIGHEST WIND DIRECTION    SE (120)
  HIGHEST GUST SPEED    26   HIGHEST GUST DIRECTION    SE (120)
  AVERAGE WIND SPEED    12.8


SKY COVER
  AVERAGE SKY COVER 1.0


WEATHER CONDITIONS
 THE FOLLOWING WEATHER WAS RECORDED TODAY.
  LIGHT RAIN
  FOG
  FOG W/VISIBILITY <= 1/4 MILE


RELATIVE HUMIDITY (PERCENT)
 HIGHEST   100          1100 AM
 LOWEST     76          1200 AM
 AVERAGE    88

..........................................................


THE DULUTH CLIMATE NORMALS FOR TOMORROW
                         NORMAL    RECORD    YEAR
 MAXIMUM TEMPERATURE (F)   26        52      1913
 MINIMUM TEMPERATURE (F)   12       -13      1964


SUNRISE AND SUNSET
DECEMBER  4 2017......SUNRISE   737 AM CST   SUNSET   421 PM CST
DECEMBER  5 2017......SUNRISE   738 AM CST   SUNSET   421 PM CST


-  INDICATES NEGATIVE NUMBERS.
R  INDICATES RECORD WAS SET OR TIED.
MM INDICATES DATA IS MISSING.
T  INDICATES TRACE AMOUNT.




$$
