000
CDUS43 KDLH 172232
CLIDLH


CLIMATE REPORT
NATIONAL WEATHER SERVICE DULUTH MN
532 PM CDT SUN APR 17 2016


...................................

...THE DULUTH MN CLIMATE SUMMARY FOR APRIL 17 2016...
VALID TODAY AS OF 0500 PM LOCAL TIME.

CLIMATE NORMAL PERIOD 1981 TO 2010
CLIMATE RECORD PERIOD 1870 TO 2016


WEATHER ITEM   OBSERVED TIME   RECORD YEAR NORMAL DEPARTURE LAST
                VALUE   (LST)  VALUE       VALUE  FROM      YEAR
                                                  NORMAL
..................................................................
TEMPERATURE (F)
 TODAY
  MAXIMUM         69   1207 PM  82    1987  50     19       73
  MINIMUM         51    125 AM   8    1983  31     20       40
  AVERAGE         60                        40     20       57

PRECIPITATION (IN)
  TODAY            0.00          0.65 1894   0.08  -0.08     0.00
  MONTH TO DATE    0.71                      1.24  -0.53     0.45
  SINCE MAR 1      4.67                      2.73   1.94     1.24
  SINCE JAN 1      6.55                      4.50   2.05     2.08

SNOWFALL (IN)
  TODAY            0.0           5.4  1949   0.3   -0.3      0.0
  MONTH TO DATE    9.8                       5.0    4.8      0.1
  SINCE JUL 1     81.3                      83.8   -2.5     48.1
  SNOW DEPTH       0

DEGREE DAYS
 HEATING
  TODAY            5                        25    -20        8
  MONTH TO DATE  505                       484     21      370
  SINCE MAR 1   1533                      1694   -161     1429
  SINCE JUL 1   7370                      8561  -1191     8268

 COOLING
  TODAY            0                         0      0        0
  MONTH TO DATE    0                         0      0        0
  SINCE MAR 1      0                         0      0        0
  SINCE JAN 1      0                         0      0        0
..................................................................


WIND (MPH)
  HIGHEST WIND SPEED    15   HIGHEST WIND DIRECTION    SE (140)
  HIGHEST GUST SPEED    18   HIGHEST GUST DIRECTION    SE (150)
  AVERAGE WIND SPEED     8.5


SKY COVER
  POSSIBLE SUNSHINE  MM
  AVERAGE SKY COVER 0.4


WEATHER CONDITIONS
 THE FOLLOWING WEATHER WAS RECORDED TODAY.
  NO SIGNIFICANT WEATHER WAS OBSERVED.


RELATIVE HUMIDITY (PERCENT)
 HIGHEST    59          1200 AM
 LOWEST     40          1200 PM
 AVERAGE    50

..........................................................


THE DULUTH MN CLIMATE NORMALS FOR TOMORROW
                         NORMAL    RECORD    YEAR
 MAXIMUM TEMPERATURE (F)   51        81      1915
 MINIMUM TEMPERATURE (F)   31        12      1983


SUNRISE AND SUNSET
APRIL 17 2016.........SUNRISE   617 AM CDT   SUNSET   801 PM CDT
APRIL 18 2016.........SUNRISE   615 AM CDT   SUNSET   802 PM CDT


-  INDICATES NEGATIVE NUMBERS.
R  INDICATES RECORD WAS SET OR TIED.
MM INDICATES DATA IS MISSING.
T  INDICATES TRACE AMOUNT.




$$
