000
CDUS43 KDLH 250637
CLIDLH


CLIMATE REPORT
NATIONAL WEATHER SERVICE DULUTH MN
133 AM CDT MON SEP 25 2017


...................................

...THE DULUTH MN CLIMATE SUMMARY FOR SEPTEMBER 24 2017...

CLIMATE NORMAL PERIOD 1981 TO 2010
CLIMATE RECORD PERIOD 1870 TO 2017


WEATHER ITEM   OBSERVED TIME   RECORD YEAR NORMAL DEPARTURE LAST
                VALUE   (LST)  VALUE       VALUE  FROM      YEAR
                                                  NORMAL
..................................................................
TEMPERATURE (F)
 YESTERDAY
  MAXIMUM         79    253 PM  85    1892  61     18       62
  MINIMUM         63    747 AM  26    2000  43     20       54
  AVERAGE         71                        52     19       58

PRECIPITATION (IN)
  YESTERDAY        0.47          2.96 1873   0.14   0.33     0.02
  MONTH TO DATE    2.69                      3.35  -0.66     2.57
  SINCE SEP 1      2.69                      3.35  -0.66     2.57
  SINCE JAN 1     30.38                     24.05   6.33    26.49

SNOWFALL (IN)
  YESTERDAY        0.0           0.0  2002   0.0    0.0      0.0
                                      2001
  MONTH TO DATE    T                         0.1   -0.1      0.0
  SINCE SEP 1      T                         0.1   -0.1      0.0
  SINCE JUL 1      T                         0.1   -0.1      0.0
  SNOW DEPTH       0

DEGREE DAYS
 HEATING
  YESTERDAY        0                        13    -13        7
  MONTH TO DATE  142                       210    -68       97
  SINCE SEP 1    142                       210    -68       97
  SINCE JUL 1    312                       359    -47      151

 COOLING
  YESTERDAY        6                         0      6        0
  MONTH TO DATE   26                        13     13       14
  SINCE SEP 1     26                        13     13       14
  SINCE JAN 1    126                       203    -77      281
..................................................................


WIND (MPH)
  HIGHEST WIND SPEED    25   HIGHEST WIND DIRECTION     W (270)
  HIGHEST GUST SPEED    31   HIGHEST GUST DIRECTION     W (270)
  AVERAGE WIND SPEED     9.1


SKY COVER
  AVERAGE SKY COVER 0.3


WEATHER CONDITIONS
 THE FOLLOWING WEATHER WAS RECORDED YESTERDAY.
  THUNDERSTORM
  LIGHT RAIN
  FOG
  FOG W/VISIBILITY <= 1/4 MILE


RELATIVE HUMIDITY (PERCENT)
 HIGHEST   100           300 AM
 LOWEST     67           300 PM
 AVERAGE    84

..........................................................


THE DULUTH MN CLIMATE NORMALS FOR TODAY
                         NORMAL    RECORD    YEAR
 MAXIMUM TEMPERATURE (F)   61        88      1920
 MINIMUM TEMPERATURE (F)   42        25      1926


SUNRISE AND SUNSET
SEPTEMBER 25 2017.....SUNRISE   700 AM CDT   SUNSET   700 PM CDT
SEPTEMBER 26 2017.....SUNRISE   701 AM CDT   SUNSET   658 PM CDT


-  INDICATES NEGATIVE NUMBERS.
R  INDICATES RECORD WAS SET OR TIED.
MM INDICATES DATA IS MISSING.
T  INDICATES TRACE AMOUNT.




$$
