000
CDUS43 KDLH 040624
CLIDLH


CLIMATE REPORT
NATIONAL WEATHER SERVICE DULUTH MN
123 AM CDT FRI SEP 4 2015


...................................

...THE DULUTH MN CLIMATE SUMMARY FOR SEPTEMBER 3 2015...

CLIMATE NORMAL PERIOD 1981 TO 2010
CLIMATE RECORD PERIOD 1870 TO 2015


WEATHER ITEM   OBSERVED TIME   RECORD YEAR NORMAL DEPARTURE LAST
                VALUE   (LST)  VALUE       VALUE  FROM      YEAR
                                                  NORMAL
..................................................................
TEMPERATURE (F)
 YESTERDAY
  MAXIMUM         72    322 PM  89    1960  70      2       76
  MINIMUM         57   1159 PM  32    1974  51      6       56
  AVERAGE         65                        60      5       66

PRECIPITATION (IN)
  YESTERDAY        T             3.38 1980   0.13  -0.13      T
  MONTH TO DATE    2.02                      0.40   1.62     0.25
  SINCE SEP 1      2.02                      0.40   1.62     0.25
  SINCE JAN 1     19.15                     21.10  -1.95    25.20

SNOWFALL (IN)
  YESTERDAY        0.0           0.0  2002   0.0    0.0      0.0
                                      2001
  MONTH TO DATE    0.0                       0.0    0.0      0.0
  SINCE SEP 1      0.0                       0.0    0.0      0.0
  SINCE JUL 1      0.0                       0.0    0.0      0.0
  SNOW DEPTH       0

DEGREE DAYS
 HEATING
  YESTERDAY        0                         6     -6        0
  MONTH TO DATE    0                        16    -16        2
  SINCE SEP 1      0                        16    -16        2
  SINCE JUL 1     96                       165    -69       79

 COOLING
  YESTERDAY        0                         1     -1        1
  MONTH TO DATE   14                         3     11        1
  SINCE SEP 1     14                         3     11        1
  SINCE JAN 1    292                       193     99      171
..................................................................


WIND (MPH)
  HIGHEST WIND SPEED    15   HIGHEST WIND DIRECTION     E (80)
  HIGHEST GUST SPEED    19   HIGHEST GUST DIRECTION     E (70)
  AVERAGE WIND SPEED     9.3


SKY COVER
  AVERAGE SKY COVER 0.6


WEATHER CONDITIONS
 THE FOLLOWING WEATHER WAS RECORDED YESTERDAY.
  LIGHT RAIN
  FOG
  FOG W/VISIBILITY <= 1/4 MILE


RELATIVE HUMIDITY (PERCENT)
 HIGHEST   100          1200 AM
 LOWEST     67           600 PM
 AVERAGE    84

..........................................................


THE DULUTH MN CLIMATE NORMALS FOR TODAY
                         NORMAL    RECORD    YEAR
 MAXIMUM TEMPERATURE (F)   70        89      1897
 MINIMUM TEMPERATURE (F)   51        36      1918


SUNRISE AND SUNSET
SEPTEMBER  4 2015.....SUNRISE   632 AM CDT   SUNSET   742 PM CDT
SEPTEMBER  5 2015.....SUNRISE   633 AM CDT   SUNSET   740 PM CDT


-  INDICATES NEGATIVE NUMBERS.
R  INDICATES RECORD WAS SET OR TIED.
MM INDICATES DATA IS MISSING.
T  INDICATES TRACE AMOUNT.




$$
