632
CDUS43 KDLH 090730
CLIDLH


CLIMATE REPORT
NATIONAL WEATHER SERVICE DULUTH MN
129 AM CST TUE FEB 9 2016


...................................

...THE DULUTH MN CLIMATE SUMMARY FOR FEBRUARY 8 2016...

CLIMATE NORMAL PERIOD 1981 TO 2010
CLIMATE RECORD PERIOD 1870 TO 2016


WEATHER ITEM   OBSERVED TIME   RECORD YEAR NORMAL DEPARTURE LAST
                VALUE   (LST)  VALUE       VALUE  FROM      YEAR
                                                  NORMAL
..................................................................
TEMPERATURE (F)
 YESTERDAY
  MAXIMUM         16   1214 AM  52    1991  22     -6       22
  MINIMUM          3   1159 PM -31    1933   4     -1       16
  AVERAGE         10                        13     -3       19

PRECIPITATION (IN)
  YESTERDAY        0.02          0.66 1936   0.02   0.00      T
  MONTH TO DATE    0.28                      0.19   0.09     0.02
  SINCE DEC 1      5.03                      2.36   2.67     1.74
  SINCE JAN 1      1.33                      1.15   0.18     0.48

SNOWFALL (IN)
  YESTERDAY        1.1           7.4  2001   0.4    0.7      0.4
  MONTH TO DATE    5.1                       3.4    1.7      0.7
  SINCE DEC 1     42.7                      40.5    2.2     15.9
  SINCE JUL 1     47.1                      56.6   -9.5     32.4
  SNOW DEPTH      15

DEGREE DAYS
 HEATING
  YESTERDAY       55                        52      3       46
  MONTH TO DATE  382                       424    -42      445
  SINCE DEC 1   3180                      3679   -499     3402
  SINCE JUL 1   4843                      5892  -1049     5617

 COOLING
  YESTERDAY        0                         0      0        0
  MONTH TO DATE    0                         0      0        0
  SINCE DEC 1      0                         0      0        0
  SINCE JAN 1      0                         0      0        0
..................................................................


WIND (MPH)
  HIGHEST WIND SPEED    28   HIGHEST WIND DIRECTION    NW (330)
  HIGHEST GUST SPEED    39   HIGHEST GUST DIRECTION    NW (320)
  AVERAGE WIND SPEED    17.1


SKY COVER
  AVERAGE SKY COVER 1.0


WEATHER CONDITIONS
 THE FOLLOWING WEATHER WAS RECORDED YESTERDAY.
  LIGHT SNOW
  BLOWING SNOW


RELATIVE HUMIDITY (PERCENT)
 HIGHEST    88          1200 AM
 LOWEST     66          1200 PM
 AVERAGE    77

..........................................................


THE DULUTH MN CLIMATE NORMALS FOR TODAY
                         NORMAL    RECORD    YEAR
 MAXIMUM TEMPERATURE (F)   22        46      1877
 MINIMUM TEMPERATURE (F)    4       -36      1899


SUNRISE AND SUNSET
FEBRUARY  9 2016......SUNRISE   723 AM CST   SUNSET   524 PM CST
FEBRUARY 10 2016......SUNRISE   721 AM CST   SUNSET   525 PM CST


-  INDICATES NEGATIVE NUMBERS.
R  INDICATES RECORD WAS SET OR TIED.
MM INDICATES DATA IS MISSING.
T  INDICATES TRACE AMOUNT.




$$
