000
CDUS43 KDLH 150635
CLIDLH


CLIMATE REPORT
NATIONAL WEATHER SERVICE DULUTH MN
1233 AM CST MON JAN 15 2018


...................................

...THE DULUTH MN CLIMATE SUMMARY FOR JANUARY 14 2018...

CLIMATE NORMAL PERIOD 1981 TO 2010
CLIMATE RECORD PERIOD 1870 TO 2018


WEATHER ITEM   OBSERVED TIME   RECORD YEAR NORMAL DEPARTURE LAST
                VALUE   (LST)  VALUE       VALUE  FROM      YEAR
                                                  NORMAL
..................................................................
TEMPERATURE (F)
 YESTERDAY
  MAXIMUM          4   1114 PM  51    1894  19    -15       20
  MINIMUM        -13    134 AM -38    1965   1    -14        2
  AVERAGE         -4                        10    -14       11

PRECIPITATION (IN)
  YESTERDAY        0.11          0.48 1928   0.04   0.07     0.00
  MONTH TO DATE    0.41                      0.49  -0.08     0.60
  SINCE DEC 1      1.24                      1.70  -0.46     2.67
  SINCE JAN 1      0.41                      0.49  -0.08     0.60

SNOWFALL (IN)
  YESTERDAY        1.8           6.7  1923   0.6    1.2      0.0
  MONTH TO DATE    5.4                       9.4   -4.0     10.1
  SINCE DEC 1     18.8                      27.1   -8.3     31.4
  SINCE JUL 1     40.4                      43.2   -2.8     39.5
  SNOW DEPTH       7

DEGREE DAYS
 HEATING
  YESTERDAY       69                        55     14       54
  MONTH TO DATE  863                       767     96      860
  SINCE DEC 1   2546                      2323    223     2372
  SINCE JUL 1   4692                      4536    156     3854

 COOLING
  YESTERDAY        0                         0      0        0
  MONTH TO DATE    0                         0      0        0
  SINCE DEC 1      0                         0      0        0
  SINCE JAN 1      0                         0      0        0
..................................................................


WIND (MPH)
  HIGHEST WIND SPEED    15   HIGHEST WIND DIRECTION     S (180)
  HIGHEST GUST SPEED    19   HIGHEST GUST DIRECTION     S (180)
  AVERAGE WIND SPEED     8.3


SKY COVER
  AVERAGE SKY COVER 0.6


WEATHER CONDITIONS
 THE FOLLOWING WEATHER WAS RECORDED YESTERDAY.
  SNOW
  LIGHT SNOW
  FOG
  HAZE


RELATIVE HUMIDITY (PERCENT)
 HIGHEST    95           400 PM
 LOWEST     74           200 AM
 AVERAGE    85

..........................................................


THE DULUTH MN CLIMATE NORMALS FOR TODAY
                         NORMAL    RECORD    YEAR
 MAXIMUM TEMPERATURE (F)   19        42      1933
 MINIMUM TEMPERATURE (F)    1       -39      1972


SUNRISE AND SUNSET
JANUARY 15 2018.......SUNRISE   749 AM CST   SUNSET   447 PM CST
JANUARY 16 2018.......SUNRISE   749 AM CST   SUNSET   449 PM CST


-  INDICATES NEGATIVE NUMBERS.
R  INDICATES RECORD WAS SET OR TIED.
MM INDICATES DATA IS MISSING.
T  INDICATES TRACE AMOUNT.




$$
