192
CDUS43 KDLH 230623
CLIDLH


CLIMATE REPORT
NATIONAL WEATHER SERVICE DULUTH MN
121 AM CDT THU MAR 23 2017


...................................

...THE DULUTH MN CLIMATE SUMMARY FOR MARCH 22 2017...

CLIMATE NORMAL PERIOD 1981 TO 2010
CLIMATE RECORD PERIOD 1870 TO 2017


WEATHER ITEM   OBSERVED TIME   RECORD YEAR NORMAL DEPARTURE LAST
                VALUE   (LST)  VALUE       VALUE  FROM      YEAR
                                                  NORMAL
..................................................................
TEMPERATURE (F)
 YESTERDAY
  MAXIMUM         33    217 PM  72    1945  37     -4       32
  MINIMUM         11    555 AM -13    1888  20     -9       26
  AVERAGE         22                        28     -6       29

PRECIPITATION (IN)
  YESTERDAY        T             0.78 1979   0.05  -0.05     0.01
  MONTH TO DATE    0.76                      1.01  -0.25     3.11
  SINCE MAR 1      0.76                      1.01  -0.25     3.11
  SINCE JAN 1      3.72                      2.78   0.94     4.99

SNOWFALL (IN)
  YESTERDAY        T             6.0  1894   0.4   -0.4      0.2
  MONTH TO DATE    5.1                      10.3   -5.2     13.1
  SINCE MAR 1      5.1                      10.3   -5.2     13.1
  SINCE JUL 1     64.1                      75.9  -11.8     67.3
  SNOW DEPTH       2

DEGREE DAYS
 HEATING
  YESTERDAY       43                        37      6       36
  MONTH TO DATE  941                       901     40      744
  SINCE MAR 1    941                       901     40      744
  SINCE JUL 1   6631                      7768  -1137     6581

 COOLING
  YESTERDAY        0                         0      0        0
  MONTH TO DATE    0                         0      0        0
  SINCE MAR 1      0                         0      0        0
  SINCE JAN 1      0                         0      0        0
..................................................................


WIND (MPH)
  HIGHEST WIND SPEED    15   HIGHEST WIND DIRECTION    SE (130)
  HIGHEST GUST SPEED    18   HIGHEST GUST DIRECTION    SE (130)
  AVERAGE WIND SPEED     9.0


SKY COVER
  AVERAGE SKY COVER 0.2


WEATHER CONDITIONS
 THE FOLLOWING WEATHER WAS RECORDED YESTERDAY.
  LIGHT SNOW


RELATIVE HUMIDITY (PERCENT)
 HIGHEST    75           700 PM
 LOWEST     36           200 PM
 AVERAGE    56

..........................................................


THE DULUTH MN CLIMATE NORMALS FOR TODAY
                         NORMAL    RECORD    YEAR
 MAXIMUM TEMPERATURE (F)   37        68      1939
 MINIMUM TEMPERATURE (F)   20       -17      1974


SUNRISE AND SUNSET
MARCH 23 2017.........SUNRISE   705 AM CDT   SUNSET   726 PM CDT
MARCH 24 2017.........SUNRISE   703 AM CDT   SUNSET   727 PM CDT


-  INDICATES NEGATIVE NUMBERS.
R  INDICATES RECORD WAS SET OR TIED.
MM INDICATES DATA IS MISSING.
T  INDICATES TRACE AMOUNT.




$$
