000
CDUS43 KDLH 230626
CLIDLH


CLIMATE REPORT
NATIONAL WEATHER SERVICE DULUTH MN
1225 AM CST MON FEB 23 2015


...................................

...THE DULUTH MN CLIMATE SUMMARY FOR FEBRUARY 22 2015...

CLIMATE NORMAL PERIOD 1981 TO 2010
CLIMATE RECORD PERIOD 1870 TO 2015


WEATHER ITEM   OBSERVED TIME   RECORD YEAR NORMAL DEPARTURE LAST
                VALUE   (LST)  VALUE       VALUE  FROM      YEAR
                                                  NORMAL
..................................................................
TEMPERATURE (F)
 YESTERDAY
  MAXIMUM         -3    452 PM  52    1961  26    -29       15
  MINIMUM        -17    807 AM -27    1889   9    -26        3
  AVERAGE        -10                        17    -27        9

PRECIPITATION (IN)
  YESTERDAY        0.00          0.85 1922   0.04  -0.04     0.00
  MONTH TO DATE    0.36                      0.58  -0.22     2.12
  SINCE DEC 1      2.08                      2.75  -0.67     5.73
  SINCE JAN 1      0.82                      1.54  -0.72     2.85

SNOWFALL (IN)
  YESTERDAY        0.0           7.6  1979   0.5   -0.5      0.0
  MONTH TO DATE    7.9                       9.3   -1.4     29.5
  SINCE DEC 1     23.1                      46.4  -23.3     78.8
  SINCE JUL 1     39.6                      62.5  -22.9     83.8
  SNOW DEPTH      10

DEGREE DAYS
 HEATING
  YESTERDAY       75                        48     27       56
  MONTH TO DATE 1306                      1122    184     1269
  SINCE DEC 1   4263                      4377   -114     5090
  SINCE JUL 1   6478                      6590   -112     7047

 COOLING
  YESTERDAY        0                         0      0        0
  MONTH TO DATE    0                         0      0        0
  SINCE DEC 1      0                         0      0        0
  SINCE JAN 1      0                         0      0        0
..................................................................


WIND (MPH)
  HIGHEST WIND SPEED    20   HIGHEST WIND DIRECTION    NW (310)
  HIGHEST GUST SPEED    25   HIGHEST GUST DIRECTION    NW (310)
  AVERAGE WIND SPEED    11.8


SKY COVER
  AVERAGE SKY COVER 0.0


WEATHER CONDITIONS
 THE FOLLOWING WEATHER WAS RECORDED YESTERDAY.
  NO SIGNIFICANT WEATHER WAS OBSERVED.


RELATIVE HUMIDITY (PERCENT)
 HIGHEST    72           300 AM
 LOWEST     41           400 PM
 AVERAGE    57

..........................................................


THE DULUTH MN CLIMATE NORMALS FOR TODAY
                         NORMAL    RECORD    YEAR
 MAXIMUM TEMPERATURE (F)   27        53      1958
 MINIMUM TEMPERATURE (F)    9       -30      1889


SUNRISE AND SUNSET
FEBRUARY 23 2015......SUNRISE   700 AM CST   SUNSET   545 PM CST
FEBRUARY 24 2015......SUNRISE   658 AM CST   SUNSET   547 PM CST


-  INDICATES NEGATIVE NUMBERS.
R  INDICATES RECORD WAS SET OR TIED.
MM INDICATES DATA IS MISSING.
T  INDICATES TRACE AMOUNT.




$$
