000
CDUS43 KDLH 101335
CLIDLH


CLIMATE REPORT
NATIONAL WEATHER SERVICE DULUTH MN
733 AM CST FRI FEB 10 2017


...................................

...THE DULUTH MN CLIMATE SUMMARY FOR FEBRUARY 9 2017...

CLIMATE NORMAL PERIOD 1981 TO 2010
CLIMATE RECORD PERIOD 1870 TO 2017


WEATHER ITEM   OBSERVED TIME   RECORD YEAR NORMAL DEPARTURE LAST
                VALUE   (LST)  VALUE       VALUE  FROM      YEAR
                                                  NORMAL
..................................................................
TEMPERATURE (F)
 YESTERDAY
  MAXIMUM         14    444 PM  46    1877  22     -8       10
  MINIMUM        -11    717 AM -36    1899   4    -15       -3
  AVERAGE          2                        13    -11        4

PRECIPITATION (IN)
  YESTERDAY        T             0.77 1965   0.02  -0.02     0.00
  MONTH TO DATE    0.38                      0.21   0.17     0.28
  SINCE DEC 1      3.61                      2.38   1.23     5.03
  SINCE JAN 1      1.54                      1.17   0.37     1.33

SNOWFALL (IN)
  YESTERDAY        T             9.2  1965   0.3   -0.3      0.0
  MONTH TO DATE    5.1                       3.7    1.4      5.1
  SINCE DEC 1     41.9                      40.8    1.1     42.7
  SINCE JUL 1     50.0                      56.9   -6.9     47.1
  SNOW DEPTH      14

DEGREE DAYS
 HEATING
  YESTERDAY       63                        52     11       61
  MONTH TO DATE  499                       476     23      443
  SINCE DEC 1   3522                      3731   -209     3241
  SINCE JUL 1   5004                      5944   -940     4904

 COOLING
  YESTERDAY        0                         0      0        0
  MONTH TO DATE    0                         0      0        0
  SINCE DEC 1      0                         0      0        0
  SINCE JAN 1      0                         0      0        0
..................................................................


WIND (MPH)
  HIGHEST WIND SPEED    20   HIGHEST WIND DIRECTION     W (270)
  HIGHEST GUST SPEED    23   HIGHEST GUST DIRECTION    NW (300)
  AVERAGE WIND SPEED    11.8


SKY COVER
  AVERAGE SKY COVER 0.2


WEATHER CONDITIONS
 THE FOLLOWING WEATHER WAS RECORDED YESTERDAY.
  LIGHT SNOW
  HAZE


RELATIVE HUMIDITY (PERCENT)
 HIGHEST    83           300 AM
 LOWEST     44           400 PM
 AVERAGE    64

..........................................................


THE DULUTH MN CLIMATE NORMALS FOR TODAY
                         NORMAL    RECORD    YEAR
 MAXIMUM TEMPERATURE (F)   23        45      1977
 MINIMUM TEMPERATURE (F)    4       -32      1885


SUNRISE AND SUNSET
FEBRUARY 10 2017......SUNRISE   720 AM CST   SUNSET   526 PM CST
FEBRUARY 11 2017......SUNRISE   718 AM CST   SUNSET   528 PM CST


-  INDICATES NEGATIVE NUMBERS.
R  INDICATES RECORD WAS SET OR TIED.
MM INDICATES DATA IS MISSING.
T  INDICATES TRACE AMOUNT.




$$
