000
CDUS43 KDLH 080624
CLIDLH


CLIMATE REPORT
NATIONAL WEATHER SERVICE DULUTH MN
121 AM CDT SAT JUL 8 2017


...................................

...THE DULUTH MN CLIMATE SUMMARY FOR JULY 7 2017...

CLIMATE NORMAL PERIOD 1981 TO 2010
CLIMATE RECORD PERIOD 1870 TO 2017


WEATHER ITEM   OBSERVED TIME   RECORD YEAR NORMAL DEPARTURE LAST
                VALUE   (LST)  VALUE       VALUE  FROM      YEAR
                                                  NORMAL
..................................................................
TEMPERATURE (F)
 YESTERDAY
  MAXIMUM         70    553 PM 100    1936  76     -6       72
  MINIMUM         54   1203 PM  38    1984  55     -1       59
                                      1972
  AVERAGE         62                        65     -3       66

PRECIPITATION (IN)
  YESTERDAY        0.39          2.17 1978   0.14   0.25     0.61
  MONTH TO DATE    1.88                      1.03   0.85     0.61
  SINCE JUN 1      7.09                      5.26   1.83     5.07
  SINCE JAN 1     18.23                     14.18   4.05    15.18

SNOWFALL (IN)
  YESTERDAY        0.0           0.0  2002   0.0    0.0      0.0
                                      2001
  MONTH TO DATE    0.0                       0.0    0.0      0.0
  SINCE JUN 1      T                         0.0    0.0       T
  SINCE JUL 1      0.0                       0.0    0.0      0.0
  SNOW DEPTH       0

DEGREE DAYS
 HEATING
  YESTERDAY        3                         2      1        0
  MONTH TO DATE   11                        20     -9        7
  SINCE JUN 1    142                       199    -57      149
  SINCE JUL 1     11                        20     -9        7

 COOLING
  YESTERDAY        0                         3     -3        1
  MONTH TO DATE   18                        18      0       17
  SINCE JUN 1     31                        48    -17       60
  SINCE JAN 1     31                        52    -21       69
..................................................................


WIND (MPH)
  HIGHEST WIND SPEED    25   HIGHEST WIND DIRECTION    NE (50)
  HIGHEST GUST SPEED    32   HIGHEST GUST DIRECTION    NE (50)
  AVERAGE WIND SPEED     5.7


SKY COVER
  AVERAGE SKY COVER 0.4


WEATHER CONDITIONS
 THE FOLLOWING WEATHER WAS RECORDED YESTERDAY.
  THUNDERSTORM
  LIGHT RAIN
  FOG


RELATIVE HUMIDITY (PERCENT)
 HIGHEST    93           400 AM
 LOWEST     61           600 PM
 AVERAGE    77

..........................................................


THE DULUTH MN CLIMATE NORMALS FOR TODAY
                         NORMAL    RECORD    YEAR
 MAXIMUM TEMPERATURE (F)   76        98      1936
 MINIMUM TEMPERATURE (F)   55        37      1961


SUNRISE AND SUNSET
JULY  8 2017..........SUNRISE   523 AM CDT   SUNSET   903 PM CDT
JULY  9 2017..........SUNRISE   524 AM CDT   SUNSET   903 PM CDT


-  INDICATES NEGATIVE NUMBERS.
R  INDICATES RECORD WAS SET OR TIED.
MM INDICATES DATA IS MISSING.
T  INDICATES TRACE AMOUNT.




$$
