000
CDUS43 KDLH 200623
CLIDLH


CLIMATE REPORT
NATIONAL WEATHER SERVICE DULUTH MN
1222 AM CST THU NOV 20 2014


...................................

...THE DULUTH MN CLIMATE SUMMARY FOR NOVEMBER 19 2014...

CLIMATE NORMAL PERIOD 1981 TO 2010
CLIMATE RECORD PERIOD 1870 TO 2014


WEATHER ITEM   OBSERVED TIME   RECORD YEAR NORMAL DEPARTURE LAST
                VALUE   (LST)  VALUE       VALUE  FROM      YEAR
                                                  NORMAL
..................................................................
TEMPERATURE (F)
 YESTERDAY
  MAXIMUM         22    200 PM  55    1912  34    -12       40
  MINIMUM         12   1159 PM -10    1932  20     -8       15
  AVERAGE         17                        27    -10       28

PRECIPITATION (IN)
  YESTERDAY        0.08          1.23 1983   0.07   0.01     0.00
  MONTH TO DATE    0.79                      1.41  -0.62     0.69
  SINCE SEP 1      4.23                      8.37  -4.14     5.88
  SINCE JAN 1     29.18                     29.07   0.11    27.47

SNOWFALL (IN)
  YESTERDAY        2.0           5.1  1988   0.6    1.4      0.0
  MONTH TO DATE   12.3                       7.5    4.8      1.3
  SINCE SEP 1     12.4                       9.9    2.5      1.6
  SINCE JUL 1     12.4                       9.9    2.5      1.6
  SNOW DEPTH       5

DEGREE DAYS
 HEATING
  YESTERDAY       48                        38     10       37
  MONTH TO DATE  760                       633    127      614
  SINCE SEP 1   1609                      1609      0     1392
  SINCE JUL 1   1686                      1758    -72     1466

 COOLING
  YESTERDAY        0                         0      0        0
  MONTH TO DATE    0                         0      0        0
  SINCE SEP 1      9                        14     -5       24
  SINCE JAN 1    179                       204    -25      375
..................................................................


WIND (MPH)
  HIGHEST WIND SPEED    26   HIGHEST WIND DIRECTION    NW (300)
  HIGHEST GUST SPEED    35   HIGHEST GUST DIRECTION    NW (300)
  AVERAGE WIND SPEED    11.8


SKY COVER
  AVERAGE SKY COVER 0.9


WEATHER CONDITIONS
 THE FOLLOWING WEATHER WAS RECORDED YESTERDAY.
  LIGHT SNOW
  HAZE
  BLOWING SNOW


RELATIVE HUMIDITY (PERCENT)
 HIGHEST    84           200 AM
 LOWEST     56           400 PM
 AVERAGE    70

..........................................................


THE DULUTH MN CLIMATE NORMALS FOR TODAY
                         NORMAL    RECORD    YEAR
 MAXIMUM TEMPERATURE (F)   33        61      1925
 MINIMUM TEMPERATURE (F)   20       -11      1921


SUNRISE AND SUNSET
NOVEMBER 20 2014......SUNRISE   719 AM CST   SUNSET   430 PM CST
NOVEMBER 21 2014......SUNRISE   720 AM CST   SUNSET   429 PM CST


-  INDICATES NEGATIVE NUMBERS.
R  INDICATES RECORD WAS SET OR TIED.
MM INDICATES DATA IS MISSING.
T  INDICATES TRACE AMOUNT.




$$
