000
CDUS43 KDLH 220626
CLIDLH


CLIMATE REPORT
NATIONAL WEATHER SERVICE DULUTH MN
1225 AM CST THU JAN 22 2015


...................................

...THE DULUTH MN CLIMATE SUMMARY FOR JANUARY 21 2015...

CLIMATE NORMAL PERIOD 1981 TO 2010
CLIMATE RECORD PERIOD 1870 TO 2015


WEATHER ITEM   OBSERVED TIME   RECORD YEAR NORMAL DEPARTURE LAST
                VALUE   (LST)  VALUE       VALUE  FROM      YEAR
                                                  NORMAL
..................................................................
TEMPERATURE (F)
 YESTERDAY
  MAXIMUM         27    240 PM  45    1900  19      8        1
  MINIMUM         20   1159 PM -33    1883   1     19      -21
  AVERAGE         24                        10     14      -10

PRECIPITATION (IN)
  YESTERDAY        T             0.41 2005   0.03  -0.03     0.05
  MONTH TO DATE    0.30                      0.70  -0.40     0.59
  SINCE DEC 1      1.56                      1.91  -0.35     3.47
  SINCE JAN 1      0.30                      0.70  -0.40     0.59

SNOWFALL (IN)
  YESTERDAY        T             7.6  2005   0.6   -0.6      0.7
  MONTH TO DATE    4.8                      14.0   -9.2      6.5
  SINCE DEC 1     13.4                      31.7  -18.3     46.4
  SINCE JUL 1     29.9                      47.8  -17.9     51.4
  SNOW DEPTH       7

DEGREE DAYS
 HEATING
  YESTERDAY       41                        55    -14       75
  MONTH TO DATE 1186                      1152     34     1280
  SINCE DEC 1   2527                      2708   -181     3146
  SINCE JUL 1   4742                      4921   -179     5103

 COOLING
  YESTERDAY        0                         0      0        0
  MONTH TO DATE    0                         0      0        0
  SINCE DEC 1      0                         0      0        0
  SINCE JAN 1      0                         0      0        0
..................................................................


WIND (MPH)
  HIGHEST WIND SPEED    15   HIGHEST WIND DIRECTION    NW (310)
  HIGHEST GUST SPEED    21   HIGHEST GUST DIRECTION    NW (320)
  AVERAGE WIND SPEED     6.9


SKY COVER
  AVERAGE SKY COVER 1.0


WEATHER CONDITIONS
 THE FOLLOWING WEATHER WAS RECORDED YESTERDAY.
  LIGHT SNOW
  FOG
  HAZE


RELATIVE HUMIDITY (PERCENT)
 HIGHEST    92           800 AM
 LOWEST     74           400 PM
 AVERAGE    83

..........................................................


THE DULUTH MN CLIMATE NORMALS FOR TODAY
                         NORMAL    RECORD    YEAR
 MAXIMUM TEMPERATURE (F)   19        55      1942
 MINIMUM TEMPERATURE (F)    1       -35      1883


SUNRISE AND SUNSET
JANUARY 22 2015.......SUNRISE   744 AM CST   SUNSET   457 PM CST
JANUARY 23 2015.......SUNRISE   743 AM CST   SUNSET   458 PM CST


-  INDICATES NEGATIVE NUMBERS.
R  INDICATES RECORD WAS SET OR TIED.
MM INDICATES DATA IS MISSING.
T  INDICATES TRACE AMOUNT.




$$
