000
CDUS43 KDLH 052238
CLIDLH


CLIMATE REPORT
NATIONAL WEATHER SERVICE DULUTH MN
532 PM CDT TUE SEP 5 2017


...................................

...THE DULUTH CLIMATE SUMMARY FOR SEPTEMBER 5 2017...
VALID TODAY AS OF 0500 PM LOCAL TIME.

CLIMATE NORMAL PERIOD 1981 TO 2010
CLIMATE RECORD PERIOD 1870 TO 2017


WEATHER ITEM   OBSERVED TIME   RECORD YEAR NORMAL DEPARTURE LAST
                VALUE   (LST)  VALUE       VALUE  FROM      YEAR
                                                  NORMAL
..................................................................
TEMPERATURE (F)
 TODAY
  MAXIMUM         56    340 PM  90    1947  69    -13       80
  MINIMUM         48    631 AM  34    1984  50     -2       63
                                      1972
                                      1962
  AVERAGE         52                        60     -8       72

PRECIPITATION (IN)
  TODAY            0.03          2.51 1876   0.13  -0.10     1.24
  MONTH TO DATE    0.83                      0.67   0.16     1.28
  SINCE SEP 1      0.83                      0.67   0.16     1.28
  SINCE JAN 1     28.52                     21.37   7.15    25.20

SNOWFALL (IN)
  TODAY            0.0           0.0  2002   0.0    0.0      0.0
                                      2001
  MONTH TO DATE    0.0                       0.0    0.0      0.0
  SINCE JUL 1      T                         0.0    0.0      0.0
  SNOW DEPTH       0

DEGREE DAYS
 HEATING
  TODAY           13                         6      7        0
  MONTH TO DATE   27                        28     -1        7
  SINCE SEP 1     27                        28     -1        7
  SINCE JUL 1    197                       177     20       61

 COOLING
  TODAY            0                         1     -1        7
  MONTH TO DATE    1                         5     -4        9
  SINCE SEP 1      1                         5     -4        9
  SINCE JAN 1    101                       195    -94      276
..................................................................


WIND (MPH)
  HIGHEST WIND SPEED    22   HIGHEST WIND DIRECTION    NW (330)
  HIGHEST GUST SPEED    32   HIGHEST GUST DIRECTION    NW (310)
  AVERAGE WIND SPEED    15.4


SKY COVER
  AVERAGE SKY COVER 0.7


WEATHER CONDITIONS
 THE FOLLOWING WEATHER WAS RECORDED TODAY.
  LIGHT RAIN
  FOG
  HAZE


RELATIVE HUMIDITY (PERCENT)
 HIGHEST    93           500 AM
 LOWEST     66          1100 AM
 AVERAGE    80

..........................................................


THE DULUTH CLIMATE NORMALS FOR TOMORROW
                         NORMAL    RECORD    YEAR
 MAXIMUM TEMPERATURE (F)   69        91      1978
 MINIMUM TEMPERATURE (F)   50        33      1986


SUNRISE AND SUNSET
SEPTEMBER  5 2017.....SUNRISE   634 AM CDT   SUNSET   740 PM CDT
SEPTEMBER  6 2017.....SUNRISE   635 AM CDT   SUNSET   738 PM CDT


-  INDICATES NEGATIVE NUMBERS.
R  INDICATES RECORD WAS SET OR TIED.
MM INDICATES DATA IS MISSING.
T  INDICATES TRACE AMOUNT.




$$
