000
CDUS43 KDLH 122228
CLIDLH


CLIMATE REPORT
NATIONAL WEATHER SERVICE DULUTH MN
528 PM CDT MON SEP 12 2016


...................................

...THE DULUTH MN CLIMATE SUMMARY FOR SEPTEMBER 12 2016...
VALID TODAY AS OF 0520 PM LOCAL TIME.

CLIMATE NORMAL PERIOD 1981 TO 2010
CLIMATE RECORD PERIOD 1870 TO 2016


WEATHER ITEM   OBSERVED TIME   RECORD YEAR NORMAL DEPARTURE LAST
                VALUE   (LST)  VALUE       VALUE  FROM      YEAR
                                                  NORMAL
..................................................................
TEMPERATURE (F)
 TODAY
  MAXIMUM         72   1252 PM  87    1948  67      5       67
  MINIMUM         59    531 AM  29    2007  48     11       38
  AVERAGE         66                        57      9       53

PRECIPITATION (IN)
  TODAY            0.01          2.04 1903   0.14  -0.13     0.00
  MONTH TO DATE    2.22                      1.66   0.56     4.00
  SINCE SEP 1      2.22                      1.66   0.56     4.00
  SINCE JAN 1     26.14                     22.36   3.78    21.13

SNOWFALL (IN)
  TODAY            0.0           0.0  2002   0.0    0.0      0.0
                                      2001
  MONTH TO DATE    0.0                       0.0    0.0      0.0
  SINCE JUL 1      0.0                       0.0    0.0      0.0
  SNOW DEPTH       0

DEGREE DAYS
 HEATING
  TODAY            0                         8     -8       12
  MONTH TO DATE   16                        79    -63       43
  SINCE SEP 1     16                        79    -63       43
  SINCE JUL 1     70                       228   -158      139

 COOLING
  TODAY            1                         1      0        0
  MONTH TO DATE   15                        12      3       35
  SINCE SEP 1     15                        12      3       35
  SINCE JAN 1    282                       202     80      313
..................................................................


WIND (MPH)
  HIGHEST WIND SPEED    20   HIGHEST WIND DIRECTION    SW (240)
  HIGHEST GUST SPEED    29   HIGHEST GUST DIRECTION    SW (210)
  AVERAGE WIND SPEED    12.4


SKY COVER
  POSSIBLE SUNSHINE  MM
  AVERAGE SKY COVER 0.4


WEATHER CONDITIONS
 THE FOLLOWING WEATHER WAS RECORDED TODAY.
  LIGHT RAIN
  FOG


RELATIVE HUMIDITY (PERCENT)
 HIGHEST    84           400 AM
 LOWEST     66          1100 AM
 AVERAGE    75

..........................................................


THE DULUTH MN CLIMATE NORMALS FOR TOMORROW
                         NORMAL    RECORD    YEAR
 MAXIMUM TEMPERATURE (F)   66        84      1990
 MINIMUM TEMPERATURE (F)   47        30      1975
                                             1963
                                             1923


SUNRISE AND SUNSET
SEPTEMBER 12 2016.....SUNRISE   643 AM CDT   SUNSET   725 PM CDT
SEPTEMBER 13 2016.....SUNRISE   644 AM CDT   SUNSET   723 PM CDT


-  INDICATES NEGATIVE NUMBERS.
R  INDICATES RECORD WAS SET OR TIED.
MM INDICATES DATA IS MISSING.
T  INDICATES TRACE AMOUNT.




$$
