866
CDUS43 KDLH 012248
CLIDLH


CLIMATE REPORT
NATIONAL WEATHER SERVICE DULUTH MN
447 PM CST THU DEC 1 2016


...................................

...THE DULUTH MN CLIMATE SUMMARY FOR DECEMBER 1 2016...
VALID TODAY AS OF 0400 PM LOCAL TIME.

CLIMATE NORMAL PERIOD 1981 TO 2010
CLIMATE RECORD PERIOD 1870 TO 2016


WEATHER ITEM   OBSERVED TIME   RECORD YEAR NORMAL DEPARTURE LAST
                VALUE   (LST)  VALUE       VALUE  FROM      YEAR
                                                  NORMAL
..................................................................
TEMPERATURE (F)
 TODAY
  MAXIMUM         34   1034 AM  54    1962  27      7       34
  MINIMUM         28    218 PM -24    1919  14     14       32
  AVERAGE         31                        20     11       33

PRECIPITATION (IN)
  TODAY            0.01          0.97 2015   0.05  -0.04     0.97
  MONTH TO DATE    0.01                      0.05  -0.04     0.97
  SINCE DEC 1      0.01                      0.05  -0.04     0.97
  SINCE JAN 1     31.60                     29.80   1.80    29.56

SNOWFALL (IN)
  TODAY            0.1          10.3  2007   0.5   -0.4      5.2
  MONTH TO DATE    0.1                       0.5   -0.4      5.2
  SINCE JUL 1      8.2                      16.6   -8.4      9.6
  SNOW DEPTH       T

DEGREE DAYS
 HEATING
  TODAY           34                        45    -11       32
  MONTH TO DATE   34                        45    -11       32
  SINCE DEC 1     34                        45    -11       32
  SINCE JUL 1   1516                      2258   -742     1695

 COOLING
  TODAY            0                         0      0        0
  MONTH TO DATE    0                         0      0        0
  SINCE DEC 1      0                         0      0        0
  SINCE JAN 1    281                       204     77      336
..................................................................


WIND (MPH)
  HIGHEST WIND SPEED    16   HIGHEST WIND DIRECTION    NW (310)
  HIGHEST GUST SPEED    23   HIGHEST GUST DIRECTION    NW (330)
  AVERAGE WIND SPEED    10.2


SKY COVER
  POSSIBLE SUNSHINE  MM
  AVERAGE SKY COVER 0.9


WEATHER CONDITIONS
 THE FOLLOWING WEATHER WAS RECORDED TODAY.
  LIGHT SNOW
  FOG


RELATIVE HUMIDITY (PERCENT)
 HIGHEST    92           400 AM
 LOWEST     78          1100 AM
 AVERAGE    85

..........................................................


THE DULUTH MN CLIMATE NORMALS FOR TOMORROW
                         NORMAL    RECORD    YEAR
 MAXIMUM TEMPERATURE (F)   27        54      1962
 MINIMUM TEMPERATURE (F)   13       -23      1976


SUNRISE AND SUNSET
DECEMBER  1 2016......SUNRISE   733 AM CST   SUNSET   422 PM CST
DECEMBER  2 2016......SUNRISE   734 AM CST   SUNSET   421 PM CST


-  INDICATES NEGATIVE NUMBERS.
R  INDICATES RECORD WAS SET OR TIED.
MM INDICATES DATA IS MISSING.
T  INDICATES TRACE AMOUNT.




$$
