000
CDUS43 KDLH 170645
CLIDLH


CLIMATE REPORT
NATIONAL WEATHER SERVICE DULUTH MN
142 AM CDT WED MAY 17 2017


...................................

...THE DULUTH MN CLIMATE SUMMARY FOR MAY 16 2017...

CLIMATE NORMAL PERIOD 1981 TO 2010
CLIMATE RECORD PERIOD 1870 TO 2017


WEATHER ITEM   OBSERVED TIME   RECORD YEAR NORMAL DEPARTURE LAST
                VALUE   (LST)  VALUE       VALUE  FROM      YEAR
                                                  NORMAL
..................................................................
TEMPERATURE (F)
 YESTERDAY
  MAXIMUM         58    824 PM  84    1962  62     -4       56
  MINIMUM         45   1255 PM  20    1929  41      4       37
  AVERAGE         52                        52      0       47

PRECIPITATION (IN)
  YESTERDAY        1.40R         0.86 1872   0.11   1.29      T
  MONTH TO DATE    2.01                      1.62   0.39     0.86
  SINCE MAR 1      6.08                      5.54   0.54     7.22
  SINCE JAN 1      9.04                      7.31   1.73     9.10

SNOWFALL (IN)
  YESTERDAY        0.0           1.7  1950   0.0    0.0      0.0
  MONTH TO DATE    0.8                       0.4    0.4      0.1
  SINCE MAR 1      8.0                      20.5  -12.5     27.2
  SINCE JUL 1     67.0                      86.1  -19.1     81.4
  SNOW DEPTH       0

DEGREE DAYS
 HEATING
  YESTERDAY       13                        14     -1       18
  MONTH TO DATE  247                       254     -7      255
  SINCE MAR 1   2118                      2226   -108     2092
  SINCE JUL 1   7808                      9093  -1285     7929

 COOLING
  YESTERDAY        0                         0      0        0
  MONTH TO DATE    0                         0      0        7
  SINCE MAR 1      0                         0      0        7
  SINCE JAN 1      0                         0      0        7
..................................................................


WIND (MPH)
  HIGHEST WIND SPEED    23   HIGHEST WIND DIRECTION     E (110)
  HIGHEST GUST SPEED    27   HIGHEST GUST DIRECTION     E (110)
  AVERAGE WIND SPEED     8.4


SKY COVER
  AVERAGE SKY COVER 1.0


WEATHER CONDITIONS
 THE FOLLOWING WEATHER WAS RECORDED YESTERDAY.
  THUNDERSTORM
  HEAVY RAIN
  LIGHT RAIN
  FOG
  FOG W/VISIBILITY <= 1/4 MILE


RELATIVE HUMIDITY (PERCENT)
 HIGHEST   100           100 AM
 LOWEST     93          1200 AM
 AVERAGE    97

..........................................................


THE DULUTH MN CLIMATE NORMALS FOR TODAY
                         NORMAL    RECORD    YEAR
 MAXIMUM TEMPERATURE (F)   63        87      1972
                                             1897
 MINIMUM TEMPERATURE (F)   41        26      1988


SUNRISE AND SUNSET
MAY 17 2017...........SUNRISE   531 AM CDT   SUNSET   839 PM CDT
MAY 18 2017...........SUNRISE   530 AM CDT   SUNSET   841 PM CDT


-  INDICATES NEGATIVE NUMBERS.
R  INDICATES RECORD WAS SET OR TIED.
MM INDICATES DATA IS MISSING.
T  INDICATES TRACE AMOUNT.




$$
