000
CDUS43 KDLH 060637
CLIDLH


CLIMATE REPORT
NATIONAL WEATHER SERVICE DULUTH MN
1236 AM CST WED DEC 6 2017


...................................

...THE DULUTH MN CLIMATE SUMMARY FOR DECEMBER 5 2017...

CLIMATE NORMAL PERIOD 1981 TO 2010
CLIMATE RECORD PERIOD 1870 TO 2017


WEATHER ITEM   OBSERVED TIME   RECORD YEAR NORMAL DEPARTURE LAST
                VALUE   (LST)  VALUE       VALUE  FROM      YEAR
                                                  NORMAL
..................................................................
TEMPERATURE (F)
 YESTERDAY
  MAXIMUM         26   1225 AM  52    1913  26      0       35
  MINIMUM         11    735 PM -13    1964  12     -1       30
  AVERAGE         19                        18      1       33

PRECIPITATION (IN)
  YESTERDAY        T             1.18 1909   0.04  -0.04     0.16
  MONTH TO DATE    0.11                      0.23  -0.12     0.37
  SINCE DEC 1      0.11                      0.23  -0.12     0.37
  SINCE JAN 1     36.06                     29.98   6.08    31.96

SNOWFALL (IN)
  YESTERDAY        0.1           6.6  1950   0.6   -0.5      1.7
  MONTH TO DATE    0.1                       2.7   -2.6      4.4
  SINCE DEC 1      0.1                       2.7   -2.6      4.4
  SINCE JUL 1     21.7                      18.8    2.9     12.5
  SNOW DEPTH       T

DEGREE DAYS
 HEATING
  YESTERDAY       46                        47     -1       32
  MONTH TO DATE  172                       229    -57      175
  SINCE DEC 1    172                       229    -57      175
  SINCE JUL 1   2318                      2442   -124     1657

 COOLING
  YESTERDAY        0                         0      0        0
  MONTH TO DATE    0                         0      0        0
  SINCE DEC 1      0                         0      0        0
  SINCE JAN 1    126                       204    -78      281
..................................................................


WIND (MPH)
  HIGHEST WIND SPEED    36   HIGHEST WIND DIRECTION    NW (300)
  HIGHEST GUST SPEED    47   HIGHEST GUST DIRECTION    NW (300)
  AVERAGE WIND SPEED    24.0


SKY COVER
  AVERAGE SKY COVER 0.9


WEATHER CONDITIONS
 THE FOLLOWING WEATHER WAS RECORDED YESTERDAY.
  LIGHT SNOW
  FOG
  BLOWING SNOW


RELATIVE HUMIDITY (PERCENT)
 HIGHEST    88           100 AM
 LOWEST     67          1100 AM
 AVERAGE    78

..........................................................


THE DULUTH MN CLIMATE NORMALS FOR TODAY
                         NORMAL    RECORD    YEAR
 MAXIMUM TEMPERATURE (F)   25        56      1939
 MINIMUM TEMPERATURE (F)   11       -20      1972


SUNRISE AND SUNSET
DECEMBER  6 2017......SUNRISE   739 AM CST   SUNSET   421 PM CST
DECEMBER  7 2017......SUNRISE   740 AM CST   SUNSET   420 PM CST


-  INDICATES NEGATIVE NUMBERS.
R  INDICATES RECORD WAS SET OR TIED.
MM INDICATES DATA IS MISSING.
T  INDICATES TRACE AMOUNT.




$$
