000
CDUS43 KDLH 162237
CLIDLH


CLIMATE REPORT
NATIONAL WEATHER SERVICE DULUTH MN
436 PM CST FRI FEB 16 2018


...................................

...THE DULUTH CLIMATE SUMMARY FOR FEBRUARY 16 2018...
VALID TODAY AS OF 0400 PM LOCAL TIME.

CLIMATE NORMAL PERIOD 1981 TO 2010
CLIMATE RECORD PERIOD 1870 TO 2018


WEATHER ITEM   OBSERVED TIME   RECORD YEAR NORMAL DEPARTURE LAST
                VALUE   (LST)  VALUE       VALUE  FROM      YEAR
                                                  NORMAL
..................................................................
TEMPERATURE (F)
 TODAY
  MAXIMUM         19    359 PM  52    2011  24     -5       32
  MINIMUM         -8    717 AM -30    1973   6    -14       20
  AVERAGE          6                        15     -9       26

PRECIPITATION (IN)
  TODAY            0.00          0.24 1956   0.03  -0.03     0.00
  MONTH TO DATE    0.21                      0.39  -0.18     0.41
  SINCE DEC 1      1.67                      2.56  -0.89     3.64
  SINCE JAN 1      0.84                      1.35  -0.51     1.57

SNOWFALL (IN)
  TODAY            0.0           5.2  1999   0.4   -0.4      0.0
  MONTH TO DATE    2.2                       6.5   -4.3      5.6
  SINCE JUL 1     46.3                      59.7  -13.4     50.5
  SNOW DEPTH       9

DEGREE DAYS
 HEATING
  TODAY           59                        50      9       39
  MONTH TO DATE  969                       831    138      768
  SINCE DEC 1   4318                      4086    232     3791
  SINCE JUL 1   6464                      6299    165     5273

 COOLING
  TODAY            0                         0      0        0
  MONTH TO DATE    0                         0      0        0
  SINCE DEC 1      0                         0      0        0
  SINCE JAN 1      0                         0      0        0
..................................................................


WIND (MPH)
  HIGHEST WIND SPEED    22   HIGHEST WIND DIRECTION     W (260)
  HIGHEST GUST SPEED    28   HIGHEST GUST DIRECTION    NW (310)
  AVERAGE WIND SPEED    14.7


SKY COVER
  AVERAGE SKY COVER 0.0


WEATHER CONDITIONS
 THE FOLLOWING WEATHER WAS RECORDED TODAY.
  NO SIGNIFICANT WEATHER WAS OBSERVED.


RELATIVE HUMIDITY (PERCENT)
 HIGHEST    71           700 AM
 LOWEST     45          1200 AM
 AVERAGE    58

..........................................................


THE DULUTH CLIMATE NORMALS FOR TOMORROW
                         NORMAL    RECORD    YEAR
 MAXIMUM TEMPERATURE (F)   25        52      2017
                                             1981
 MINIMUM TEMPERATURE (F)    7       -29      1936


SUNRISE AND SUNSET
FEBRUARY 16 2018......SUNRISE   711 AM CST   SUNSET   535 PM CST
FEBRUARY 17 2018......SUNRISE   709 AM CST   SUNSET   537 PM CST


-  INDICATES NEGATIVE NUMBERS.
R  INDICATES RECORD WAS SET OR TIED.
MM INDICATES DATA IS MISSING.
T  INDICATES TRACE AMOUNT.




$$
