000
CDUS43 KDLH 010623
CLIDLH


CLIMATE REPORT
NATIONAL WEATHER SERVICE DULUTH MN
121 AM CDT TUE AUG 1 2017


...................................

...THE DULUTH MN CLIMATE SUMMARY FOR JULY 31 2017...

CLIMATE NORMAL PERIOD 1981 TO 2010
CLIMATE RECORD PERIOD 1870 TO 2017


WEATHER ITEM   OBSERVED TIME   RECORD YEAR NORMAL DEPARTURE LAST
                VALUE   (LST)  VALUE       VALUE  FROM      YEAR
                                                  NORMAL
..................................................................
TEMPERATURE (F)
 YESTERDAY
  MAXIMUM         83    330 PM  95    2006  77      6       77
  MINIMUM         60    528 AM  42    1924  56      4       58
  AVERAGE         72                        66      6       68

PRECIPITATION (IN)
  YESTERDAY        0.00          1.55 1879   0.12  -0.12     0.00
  MONTH TO DATE    4.11                      3.85   0.26     4.39
  SINCE JUN 1      9.32                      8.08   1.24     8.85
  SINCE JAN 1     20.46                     17.00   3.46    18.96

SNOWFALL (IN)
  YESTERDAY        0.0           0.0  2002   0.0    0.0      0.0
                                      2001
  MONTH TO DATE    T                         0.0    0.0      0.0
  SINCE JUN 1      T                         0.0    0.0       T
  SINCE JUL 1      T                         0.0    0.0      0.0
  SNOW DEPTH       0

DEGREE DAYS
 HEATING
  YESTERDAY        0                         2     -2        0
  MONTH TO DATE   53                        68    -15       29
  SINCE JUN 1    184                       242    -58      171
  SINCE JUL 1     53                        63    -10       29

 COOLING
  YESTERDAY        7                         3      4        3
  MONTH TO DATE   70                        90    -20      103
  SINCE JUN 1     83                       120    -37      146
  SINCE JAN 1     83                       124    -41      155
..................................................................


WIND (MPH)
  HIGHEST WIND SPEED    16   HIGHEST WIND DIRECTION    SW (240)
  HIGHEST GUST SPEED    23   HIGHEST GUST DIRECTION    SW (230)
  AVERAGE WIND SPEED     8.3


SKY COVER
  AVERAGE SKY COVER 0.2


WEATHER CONDITIONS
 THE FOLLOWING WEATHER WAS RECORDED YESTERDAY.
  NO SIGNIFICANT WEATHER WAS OBSERVED.


RELATIVE HUMIDITY (PERCENT)
 HIGHEST   100           500 AM
 LOWEST     46           200 PM
 AVERAGE    73

..........................................................


THE DULUTH MN CLIMATE NORMALS FOR TODAY
                         NORMAL    RECORD    YEAR
 MAXIMUM TEMPERATURE (F)   76        97      1930
 MINIMUM TEMPERATURE (F)   56        41      1905


SUNRISE AND SUNSET
AUGUST  1 2017........SUNRISE   549 AM CDT   SUNSET   840 PM CDT
AUGUST  2 2017........SUNRISE   550 AM CDT   SUNSET   838 PM CDT


-  INDICATES NEGATIVE NUMBERS.
R  INDICATES RECORD WAS SET OR TIED.
MM INDICATES DATA IS MISSING.
T  INDICATES TRACE AMOUNT.




$$
