000
CDUS43 KDLH 122231
CLIDLH


CLIMATE REPORT
NATIONAL WEATHER SERVICE DULUTH MN
431 PM CST WED NOV 12 2014


...................................

...THE DULUTH MN CLIMATE SUMMARY FOR NOVEMBER 12 2014...
VALID TODAY AS OF 0400 PM LOCAL TIME.

CLIMATE NORMAL PERIOD 1981 TO 2010
CLIMATE RECORD PERIOD 1870 TO 2014


WEATHER ITEM   OBSERVED TIME   RECORD YEAR NORMAL DEPARTURE LAST
                VALUE   (LST)  VALUE       VALUE  FROM      YEAR
                                                  NORMAL
..................................................................
TEMPERATURE (F)
 TODAY
  MAXIMUM         27    143 PM  60    1884  38    -11       29
  MINIMUM         17    443 AM  -6    1966  24     -7       10
  AVERAGE         22                        31     -9       20

PRECIPITATION (IN)
  TODAY            0.03          1.15 2000   0.08  -0.05     0.00
  MONTH TO DATE    0.67                      0.90  -0.23     0.41
  SINCE SEP 1      4.11                      7.86  -3.75     5.60
  SINCE JAN 1     29.06                     28.56   0.50    27.19

SNOWFALL (IN)
  TODAY            0.5           6.7  2000   0.4    0.1      0.0
  MONTH TO DATE    9.1                       3.9    5.2      1.1
  SINCE JUL 1      9.2                       6.3    2.9      1.4
  SNOW DEPTH       6

DEGREE DAYS
 HEATING
  TODAY           43                        34      9       45
  MONTH TO DATE  397                       378     19      404
  SINCE SEP 1   1246                      1354   -108     1182
  SINCE JUL 1   1323                      1503   -180     1256

 COOLING
  TODAY            0                         0      0        0
  MONTH TO DATE    0                         0      0        0
  SINCE SEP 1      9                        14     -5       24
  SINCE JAN 1    179                       204    -25      375
..................................................................


WIND (MPH)
  HIGHEST WIND SPEED    16   HIGHEST WIND DIRECTION    NW (330)
  HIGHEST GUST SPEED    21   HIGHEST GUST DIRECTION    NW (330)
  AVERAGE WIND SPEED     9.6


SKY COVER
  POSSIBLE SUNSHINE  MM
  AVERAGE SKY COVER 0.9


WEATHER CONDITIONS
 THE FOLLOWING WEATHER WAS RECORDED TODAY.
  HEAVY SNOW
  SNOW
  LIGHT SNOW
  FOG
  HAZE


RELATIVE HUMIDITY (PERCENT)
 HIGHEST    84           600 AM
 LOWEST     63           100 PM
 AVERAGE    74

..........................................................


THE DULUTH MN CLIMATE NORMALS FOR TOMORROW
                         NORMAL    RECORD    YEAR
 MAXIMUM TEMPERATURE (F)   37        67      1999
 MINIMUM TEMPERATURE (F)   23        -7      1986


SUNRISE AND SUNSET
NOVEMBER 12 2014......SUNRISE   707 AM CST   SUNSET   438 PM CST
NOVEMBER 13 2014......SUNRISE   709 AM CST   SUNSET   437 PM CST


-  INDICATES NEGATIVE NUMBERS.
R  INDICATES RECORD WAS SET OR TIED.
MM INDICATES DATA IS MISSING.
T  INDICATES TRACE AMOUNT.




$$
