000
CDUS43 KDLH 022250
CLIDLH


CLIMATE REPORT
NATIONAL WEATHER SERVICE DULUTH MN
449 PM CST SAT DEC 2 2017


...................................

...THE DULUTH CLIMATE SUMMARY FOR DECEMBER 2 2017...
VALID TODAY AS OF 0400 PM LOCAL TIME.

CLIMATE NORMAL PERIOD 1981 TO 2010
CLIMATE RECORD PERIOD 1870 TO 2017


WEATHER ITEM   OBSERVED TIME   RECORD YEAR NORMAL DEPARTURE LAST
                VALUE   (LST)  VALUE       VALUE  FROM      YEAR
                                                  NORMAL
..................................................................
TEMPERATURE (F)
 TODAY
  MAXIMUM         43    241 PM  54    1962  27     16       29
  MINIMUM         25    619 AM -23    1976  13     12       26
  AVERAGE         34                        20     14       28

PRECIPITATION (IN)
  TODAY            0.00          0.61 2013   0.05  -0.05      T
  MONTH TO DATE    0.00                      0.10  -0.10     0.01
  SINCE DEC 1      0.00                      0.10  -0.10     0.01
  SINCE JAN 1     35.95                     29.85   6.10    31.60

SNOWFALL (IN)
  TODAY            0.0           7.5  2013   0.5   -0.5       T
  MONTH TO DATE    0.0                       1.0   -1.0      0.1
  SINCE JUL 1     21.6                      17.1    4.5      8.2
  SNOW DEPTH       T

DEGREE DAYS
 HEATING
  TODAY           31                        45    -14       37
  MONTH TO DATE   64                        90    -26       71
  SINCE DEC 1     64                        90    -26       71
  SINCE JUL 1   2210                      2303    -93     1553

 COOLING
  TODAY            0                         0      0        0
  MONTH TO DATE    0                         0      0        0
  SINCE DEC 1      0                         0      0        0
  SINCE JAN 1    126                       204    -78      281
..................................................................


WIND (MPH)
  HIGHEST WIND SPEED    13   HIGHEST WIND DIRECTION     W (270)
  HIGHEST GUST SPEED    15   HIGHEST GUST DIRECTION     W (270)
  AVERAGE WIND SPEED     6.6


SKY COVER
  AVERAGE SKY COVER 0.1


WEATHER CONDITIONS
 THE FOLLOWING WEATHER WAS RECORDED TODAY.
  NO SIGNIFICANT WEATHER WAS OBSERVED.


RELATIVE HUMIDITY (PERCENT)
 HIGHEST    92           300 AM
 LOWEST     53           200 PM
 AVERAGE    73

..........................................................


THE DULUTH CLIMATE NORMALS FOR TOMORROW
                         NORMAL    RECORD    YEAR
 MAXIMUM TEMPERATURE (F)   26        55      1962
 MINIMUM TEMPERATURE (F)   13       -20      1985


SUNRISE AND SUNSET
DECEMBER  2 2017......SUNRISE   735 AM CST   SUNSET   422 PM CST
DECEMBER  3 2017......SUNRISE   736 AM CST   SUNSET   421 PM CST


-  INDICATES NEGATIVE NUMBERS.
R  INDICATES RECORD WAS SET OR TIED.
MM INDICATES DATA IS MISSING.
T  INDICATES TRACE AMOUNT.




$$
