000
CDUS43 KDLH 150623
CLIDLH


CLIMATE REPORT
NATIONAL WEATHER SERVICE DULUTH MN
122 AM CDT FRI SEP 15 2017


...................................

...THE DULUTH MN CLIMATE SUMMARY FOR SEPTEMBER 14 2017...

CLIMATE NORMAL PERIOD 1981 TO 2010
CLIMATE RECORD PERIOD 1870 TO 2017


WEATHER ITEM   OBSERVED TIME   RECORD YEAR NORMAL DEPARTURE LAST
                VALUE   (LST)  VALUE       VALUE  FROM      YEAR
                                                  NORMAL
..................................................................
TEMPERATURE (F)
 YESTERDAY
  MAXIMUM         70   1201 PM  84    1920  66      4       64
  MINIMUM         59    528 AM  30    1964  47     12       40
  AVERAGE         65                        56      9       52

PRECIPITATION (IN)
  YESTERDAY        T             3.30 1941   0.14  -0.14     0.00
  MONTH TO DATE    0.86                      1.95  -1.09     2.22
  SINCE SEP 1      0.86                      1.95  -1.09     2.22
  SINCE JAN 1     28.55                     22.65   5.90    26.14

SNOWFALL (IN)
  YESTERDAY        0.0           T    2011   0.0    0.0      0.0
                                      1984
  MONTH TO DATE    0.0                       0.0    0.0      0.0
  SINCE SEP 1      0.0                       0.0    0.0      0.0
  SINCE JUL 1      T                         0.0    0.0      0.0
  SNOW DEPTH       0

DEGREE DAYS
 HEATING
  YESTERDAY        0                         9     -9       13
  MONTH TO DATE   85                        97    -12       42
  SINCE SEP 1     85                        97    -12       42
  SINCE JUL 1    255                       246      9       96

 COOLING
  YESTERDAY        0                         0      0        0
  MONTH TO DATE    8                        13     -5       14
  SINCE SEP 1      8                        13     -5       14
  SINCE JAN 1    108                       203    -95      281
..................................................................


WIND (MPH)
  HIGHEST WIND SPEED    17   HIGHEST WIND DIRECTION    NE (60)
  HIGHEST GUST SPEED    22   HIGHEST GUST DIRECTION    NE (60)
  AVERAGE WIND SPEED     9.1


SKY COVER
  AVERAGE SKY COVER 0.5


WEATHER CONDITIONS
 THE FOLLOWING WEATHER WAS RECORDED YESTERDAY.
  THUNDERSTORM
  FOG
  FOG W/VISIBILITY <= 1/4 MILE


RELATIVE HUMIDITY (PERCENT)
 HIGHEST   100          1200 AM
 LOWEST     84          1200 PM
 AVERAGE    92

..........................................................


THE DULUTH MN CLIMATE NORMALS FOR TODAY
                         NORMAL    RECORD    YEAR
 MAXIMUM TEMPERATURE (F)   65        89      1939
 MINIMUM TEMPERATURE (F)   46        27      1964


SUNRISE AND SUNSET
SEPTEMBER 15 2017.....SUNRISE   647 AM CDT   SUNSET   720 PM CDT
SEPTEMBER 16 2017.....SUNRISE   648 AM CDT   SUNSET   718 PM CDT


-  INDICATES NEGATIVE NUMBERS.
R  INDICATES RECORD WAS SET OR TIED.
MM INDICATES DATA IS MISSING.
T  INDICATES TRACE AMOUNT.




$$
