000
CDUS43 KDLH 040629
CLIDLH


CLIMATE REPORT
NATIONAL WEATHER SERVICE DULUTH MN
128 AM CDT TUE JUL 4 2017


...................................

...THE DULUTH MN CLIMATE SUMMARY FOR JULY 3 2017...

CLIMATE NORMAL PERIOD 1981 TO 2010
CLIMATE RECORD PERIOD 1870 TO 2017


WEATHER ITEM   OBSERVED TIME   RECORD YEAR NORMAL DEPARTURE LAST
                VALUE   (LST)  VALUE       VALUE  FROM      YEAR
                                                  NORMAL
..................................................................
TEMPERATURE (F)
 YESTERDAY
  MAXIMUM         73    312 PM  93    1990  75     -2       78
  MINIMUM         49    309 AM  40    1963  54     -5       52
  AVERAGE         61                        65     -4       65

PRECIPITATION (IN)
  YESTERDAY        0.00          3.41 1897   0.15  -0.15     0.00
  MONTH TO DATE    T                         0.45  -0.45     0.00
  SINCE JUN 1      5.21                      4.68   0.53     4.46
  SINCE JAN 1     16.35                     13.60   2.75    14.57

SNOWFALL (IN)
  YESTERDAY        0.0           0.0  2002   0.0    0.0      0.0
                                      2001
  MONTH TO DATE    0.0                       0.0    0.0      0.0
  SINCE JUN 1      T                         0.0    0.0       T
  SINCE JUL 1      0.0                       0.0    0.0      0.0
  SNOW DEPTH       0

DEGREE DAYS
 HEATING
  YESTERDAY        4                         3      1        0
  MONTH TO DATE    8                         9     -1        7
  SINCE JUN 1    139                       188    -49      149
  SINCE JUL 1      8                         9     -1        7

 COOLING
  YESTERDAY        0                         2     -2        0
  MONTH TO DATE    0                         6     -6        0
  SINCE JUN 1     13                        36    -23       43
  SINCE JAN 1     13                        40    -27       52
..................................................................


WIND (MPH)
  HIGHEST WIND SPEED    12   HIGHEST WIND DIRECTION     E (100)
  HIGHEST GUST SPEED    14   HIGHEST GUST DIRECTION     E (110)
  AVERAGE WIND SPEED     5.8


SKY COVER
  AVERAGE SKY COVER 0.2


WEATHER CONDITIONS
 THE FOLLOWING WEATHER WAS RECORDED YESTERDAY.
  FOG


RELATIVE HUMIDITY (PERCENT)
 HIGHEST   100           100 AM
 LOWEST     46           200 PM
 AVERAGE    73

..........................................................


THE DULUTH MN CLIMATE NORMALS FOR TODAY
                         NORMAL    RECORD    YEAR
 MAXIMUM TEMPERATURE (F)   75        95      1881
 MINIMUM TEMPERATURE (F)   54        40      1972


SUNRISE AND SUNSET
JULY  4 2017..........SUNRISE   520 AM CDT   SUNSET   905 PM CDT
JULY  5 2017..........SUNRISE   521 AM CDT   SUNSET   905 PM CDT


-  INDICATES NEGATIVE NUMBERS.
R  INDICATES RECORD WAS SET OR TIED.
MM INDICATES DATA IS MISSING.
T  INDICATES TRACE AMOUNT.




$$
