000
CDUS43 KDLH 020620
CLIDLH


CLIMATE REPORT
NATIONAL WEATHER SERVICE DULUTH MN
119 AM CDT WED APR 2 2014


...................................

...THE DULUTH MN CLIMATE SUMMARY FOR APRIL 1 2014...

CLIMATE NORMAL PERIOD 1981 TO 2010
CLIMATE RECORD PERIOD 1870 TO 2014


WEATHER ITEM   OBSERVED TIME   RECORD YEAR NORMAL DEPARTURE LAST
                VALUE   (LST)  VALUE       VALUE  FROM      YEAR
                                                  NORMAL
..................................................................
TEMPERATURE (F)
 YESTERDAY
  MAXIMUM         36    215 AM  62    2010  41     -5       33
                                      1955
  MINIMUM         13   1158 PM   1    1975  24    -11       14
  AVERAGE         25                        33     -8       24

PRECIPITATION (IN)
  YESTERDAY        0.16          1.00 1892   0.06   0.10     0.00
  MONTH TO DATE    0.16                      0.06   0.10     0.00
  SINCE MAR 1      2.07                      1.55   0.52     2.04
  SINCE JAN 1      4.92                      3.32   1.60     4.59

SNOWFALL (IN)
  YESTERDAY        3.5           6.5  1896   0.3    3.2      0.0
  MONTH TO DATE    3.5                       0.3    3.2      0.0
  SINCE MAR 1     24.4                      13.5   10.9     25.8
  SINCE JUL 1    108.2                      79.1   29.1     78.6
  SNOW DEPTH      27

DEGREE DAYS
 HEATING
  YESTERDAY       40                        32      8       41
  MONTH TO DATE   40                        32      8       41
  SINCE MAR 1   1479                      1242    237     1374
  SINCE JUL 1   8920                      8109    811     7882

 COOLING
  YESTERDAY        0                         0      0        0
  MONTH TO DATE    0                         0      0        0
  SINCE MAR 1      0                         0      0        0
  SINCE JAN 1      0                         0      0        0
..................................................................


WIND (MPH)
  HIGHEST WIND SPEED    30   HIGHEST WIND DIRECTION    NW (330)
  HIGHEST GUST SPEED    42   HIGHEST GUST DIRECTION    NW (320)
  AVERAGE WIND SPEED    15.3


SKY COVER
  AVERAGE SKY COVER 0.7


WEATHER CONDITIONS
 THE FOLLOWING WEATHER WAS RECORDED YESTERDAY.
  LIGHT RAIN
  HEAVY SNOW
  SNOW
  LIGHT SNOW
  FOG
  HAZE
  BLOWING SNOW


RELATIVE HUMIDITY (PERCENT)
 HIGHEST    89           100 AM
 LOWEST     62           300 PM
 AVERAGE    76

..........................................................


THE DULUTH MN CLIMATE NORMALS FOR TODAY
                         NORMAL    RECORD    YEAR
 MAXIMUM TEMPERATURE (F)   42        65      1925
 MINIMUM TEMPERATURE (F)   24        -4      1975


SUNRISE AND SUNSET
APRIL  2 2014.........SUNRISE   646 AM CDT   SUNSET   739 PM CDT
APRIL  3 2014.........SUNRISE   644 AM CDT   SUNSET   741 PM CDT


-  INDICATES NEGATIVE NUMBERS.
R  INDICATES RECORD WAS SET OR TIED.
MM INDICATES DATA IS MISSING.
T  INDICATES TRACE AMOUNT.




$$
