135
CDUS43 KDLH 152255
CLIDLH


CLIMATE REPORT
NATIONAL WEATHER SERVICE DULUTH MN
454 PM CST WED NOV 15 2017


...................................

...THE DULUTH CLIMATE SUMMARY FOR NOVEMBER 15 2017...
VALID TODAY AS OF 0400 PM LOCAL TIME.

CLIMATE NORMAL PERIOD 1981 TO 2010
CLIMATE RECORD PERIOD 1870 TO 2017


WEATHER ITEM   OBSERVED TIME   RECORD YEAR NORMAL DEPARTURE LAST
                VALUE   (LST)  VALUE       VALUE  FROM      YEAR
                                                  NORMAL
..................................................................
TEMPERATURE (F)
 TODAY
  MAXIMUM         36    728 AM  64    1939  36      0       54
  MINIMUM         26    359 PM  -4    1933  22      4       34
                                      1932
  AVERAGE         31                        29      2       44

PRECIPITATION (IN)
  TODAY            0.03          0.99 1988   0.08  -0.05     0.09
  MONTH TO DATE    1.12                      1.12   0.00     0.10
  SINCE SEP 1      8.07                      8.08  -0.01     5.17
  SINCE JAN 1     35.76                     28.78   6.98    29.09

SNOWFALL (IN)
  TODAY            T            11.1  1956   0.5   -0.5      0.0
  MONTH TO DATE    9.4                       5.3    4.1      0.0
  SINCE JUL 1     20.5                       7.7   12.8       T
  SNOW DEPTH       2

DEGREE DAYS
 HEATING
  TODAY           34                        36     -2       21
  MONTH TO DATE  608                       484    124      255
  SINCE SEP 1   1414                      1460    -46      948
  SINCE JUL 1   1584                      1609    -25     1002

 COOLING
  TODAY            0                         0      0        0
  MONTH TO DATE    0                         0      0        0
  SINCE SEP 1     26                        14     12       14
  SINCE JAN 1    126                       204    -78      281
..................................................................


WIND (MPH)
  HIGHEST WIND SPEED    24   HIGHEST WIND DIRECTION    NW (310)
  HIGHEST GUST SPEED    34   HIGHEST GUST DIRECTION    NW (310)
  AVERAGE WIND SPEED    11.7


SKY COVER
  AVERAGE SKY COVER 1.0


WEATHER CONDITIONS
 THE FOLLOWING WEATHER WAS RECORDED TODAY.
  LIGHT RAIN
  FREEZING RAIN
  LT FREEZING RAIN
  SNOW
  LIGHT SNOW
  FOG
  FOG W/VISIBILITY <= 1/4 MILE


RELATIVE HUMIDITY (PERCENT)
 HIGHEST   100          1200 AM
 LOWEST     92          1100 AM
 AVERAGE    96

..........................................................


THE DULUTH CLIMATE NORMALS FOR TOMORROW
                         NORMAL    RECORD    YEAR
 MAXIMUM TEMPERATURE (F)   35        64      1931
 MINIMUM TEMPERATURE (F)   22       -10      1933


SUNRISE AND SUNSET
NOVEMBER 15 2017......SUNRISE   712 AM CST   SUNSET   434 PM CST
NOVEMBER 16 2017......SUNRISE   713 AM CST   SUNSET   433 PM CST


-  INDICATES NEGATIVE NUMBERS.
R  INDICATES RECORD WAS SET OR TIED.
MM INDICATES DATA IS MISSING.
T  INDICATES TRACE AMOUNT.




$$
