000
CDUS43 KDLH 250623
CLIDLH


CLIMATE REPORT
NATIONAL WEATHER SERVICE DULUTH MN
122 AM CDT THU JUN 25 2015


...................................

...THE DULUTH MN CLIMATE SUMMARY FOR JUNE 24 2015...

CLIMATE NORMAL PERIOD 1981 TO 2010
CLIMATE RECORD PERIOD 1870 TO 2015


WEATHER ITEM   OBSERVED TIME   RECORD YEAR NORMAL DEPARTURE LAST
                VALUE   (LST)  VALUE       VALUE  FROM      YEAR
                                                  NORMAL
..................................................................
TEMPERATURE (F)
 YESTERDAY
  MAXIMUM         79   1208 PM  91    1890  73      6       63
  MINIMUM         52   1159 PM  36    1979  52      0       46
  AVERAGE         66                        62      4       55

PRECIPITATION (IN)
  YESTERDAY        0.09          3.58 1901   0.16  -0.07      T
  MONTH TO DATE    2.96                      3.31  -0.35     3.30
  SINCE JUN 1      2.96                      3.31  -0.35     3.30
  SINCE JAN 1      9.35                     12.23  -2.88    15.73

SNOWFALL (IN)
  YESTERDAY        0.0                       0.0    0.0      0.0
  MONTH TO DATE    0.0                       0.0    0.0       T
  SINCE JUN 1      0.0                       0.0    0.0       T
  SINCE JUL 1     49.2                      86.1  -36.9    131.0
  SNOW DEPTH       0

DEGREE DAYS
 HEATING
  YESTERDAY        0                         4     -4       10
  MONTH TO DATE  110                       157    -47      141
  SINCE JUN 1    110                       157    -47      141
  SINCE JUL 1   9092                      9422   -330    10321

 COOLING
  YESTERDAY        1                         2     -1        0
  MONTH TO DATE   10                        17     -7       10
  SINCE JUN 1     10                        17     -7       10
  SINCE JAN 1     14                        21     -7       28
..................................................................


WIND (MPH)
  HIGHEST WIND SPEED    18   HIGHEST WIND DIRECTION     N (340)
  HIGHEST GUST SPEED    23   HIGHEST GUST DIRECTION     N (340)
  AVERAGE WIND SPEED     6.9


SKY COVER
  AVERAGE SKY COVER 0.4


WEATHER CONDITIONS
 THE FOLLOWING WEATHER WAS RECORDED YESTERDAY.
  THUNDERSTORM
  LIGHT RAIN
  FOG
  FOG W/VISIBILITY <= 1/4 MILE


RELATIVE HUMIDITY (PERCENT)
 HIGHEST    90          1100 PM
 LOWEST     50          1200 PM
 AVERAGE    70

..........................................................


THE DULUTH MN CLIMATE NORMALS FOR TODAY
                         NORMAL    RECORD    YEAR
 MAXIMUM TEMPERATURE (F)   73        93      1980
 MINIMUM TEMPERATURE (F)   52        39      1957


SUNRISE AND SUNSET
JUNE 25 2015..........SUNRISE   515 AM CDT   SUNSET   907 PM CDT
JUNE 26 2015..........SUNRISE   516 AM CDT   SUNSET   907 PM CDT


-  INDICATES NEGATIVE NUMBERS.
R  INDICATES RECORD WAS SET OR TIED.
MM INDICATES DATA IS MISSING.
T  INDICATES TRACE AMOUNT.




$$
