140
CDUS43 KDLH 050646
CLIDLH


CLIMATE REPORT
NATIONAL WEATHER SERVICE DULUTH MN
1246 AM CST FRI FEB 5 2016


...................................

...THE DULUTH MN CLIMATE SUMMARY FOR FEBRUARY 4 2016...

CLIMATE NORMAL PERIOD 1981 TO 2010
CLIMATE RECORD PERIOD 1870 TO 2016


WEATHER ITEM   OBSERVED TIME   RECORD YEAR NORMAL DEPARTURE LAST
                VALUE   (LST)  VALUE       VALUE  FROM      YEAR
                                                  NORMAL
..................................................................
TEMPERATURE (F)
 YESTERDAY
  MAXIMUM         23    323 PM  52    1890  21      2        9
  MINIMUM          0    150 AM -29    1996   3     -3       -7
                                      1989
  AVERAGE         12                        12      0        1

PRECIPITATION (IN)
  YESTERDAY        T             0.42 1889   0.03  -0.03      T
  MONTH TO DATE    0.10                      0.10   0.00      T
  SINCE DEC 1      4.85                      2.27   2.58     1.72
  SINCE JAN 1      1.15                      1.06   0.09     0.46

SNOWFALL (IN)
  YESTERDAY        0.1           6.0  1970   0.5   -0.4      0.1
  MONTH TO DATE    2.5                       1.8    0.7      0.1
  SINCE DEC 1     40.1                      38.9    1.2     15.3
  SINCE JUL 1     44.5                      55.0  -10.5     31.8
  SNOW DEPTH      14

DEGREE DAYS
 HEATING
  YESTERDAY       53                        53      0       64
  MONTH TO DATE  194                       214    -20      249
  SINCE DEC 1   2992                      3469   -477     3206
  SINCE JUL 1   4655                      5682  -1027     5421

 COOLING
  YESTERDAY        0                         0      0        0
  MONTH TO DATE    0                         0      0        0
  SINCE DEC 1      0                         0      0        0
  SINCE JAN 1      0                         0      0        0
..................................................................


WIND (MPH)
  HIGHEST WIND SPEED    14   HIGHEST WIND DIRECTION     W (280)
  HIGHEST GUST SPEED    17   HIGHEST GUST DIRECTION     W (290)
  AVERAGE WIND SPEED     6.7


SKY COVER
  AVERAGE SKY COVER 0.6


WEATHER CONDITIONS
 THE FOLLOWING WEATHER WAS RECORDED YESTERDAY.
  LIGHT SNOW


RELATIVE HUMIDITY (PERCENT)
 HIGHEST    84          1000 AM
 LOWEST     67           600 PM
 AVERAGE    76

..........................................................


THE DULUTH MN CLIMATE NORMALS FOR TODAY
                         NORMAL    RECORD    YEAR
 MAXIMUM TEMPERATURE (F)   21        45      1877
 MINIMUM TEMPERATURE (F)    3       -33      1936


SUNRISE AND SUNSET
FEBRUARY  5 2016......SUNRISE   728 AM CST   SUNSET   517 PM CST
FEBRUARY  6 2016......SUNRISE   727 AM CST   SUNSET   519 PM CST


-  INDICATES NEGATIVE NUMBERS.
R  INDICATES RECORD WAS SET OR TIED.
MM INDICATES DATA IS MISSING.
T  INDICATES TRACE AMOUNT.




$$
