000
CDUS43 KDLH 152226
CLIDLH


CLIMATE REPORT
NATIONAL WEATHER SERVICE DULUTH MN
425 PM CST SAT NOV 15 2014


...................................

...THE DULUTH MN CLIMATE SUMMARY FOR NOVEMBER 15 2014...
VALID TODAY AS OF 0400 PM LOCAL TIME.

CLIMATE NORMAL PERIOD 1981 TO 2010
CLIMATE RECORD PERIOD 1870 TO 2014


WEATHER ITEM   OBSERVED TIME   RECORD YEAR NORMAL DEPARTURE LAST
                VALUE   (LST)  VALUE       VALUE  FROM      YEAR
                                                  NORMAL
..................................................................
TEMPERATURE (F)
 TODAY
  MAXIMUM         21    338 PM  64    1939  36    -15       50
  MINIMUM          2    733 AM  -4    1933  22    -20       32
                                      1932
  AVERAGE         12                        29    -17       41

PRECIPITATION (IN)
  TODAY            0.00          0.99 1988   0.08  -0.08     0.00
  MONTH TO DATE    0.70                      1.12  -0.42     0.41
  SINCE SEP 1      4.14                      8.08  -3.94     5.60
  SINCE JAN 1     29.09                     28.78   0.31    27.19

SNOWFALL (IN)
  TODAY            0.0          11.1  1956   0.5   -0.5      0.0
  MONTH TO DATE   10.2                       5.3    4.9      1.1
  SINCE JUL 1     10.3                       7.7    2.6      1.4
  SNOW DEPTH       5

DEGREE DAYS
 HEATING
  TODAY           53                        36     17       24
  MONTH TO DATE  549                       484     65      486
  SINCE SEP 1   1398                      1460    -62     1264
  SINCE JUL 1   1475                      1609   -134     1338

 COOLING
  TODAY            0                         0      0        0
  MONTH TO DATE    0                         0      0        0
  SINCE SEP 1      9                        14     -5       24
  SINCE JAN 1    179                       204    -25      375
..................................................................


WIND (MPH)
  HIGHEST WIND SPEED    21   HIGHEST WIND DIRECTION     W (260)
  HIGHEST GUST SPEED    24   HIGHEST GUST DIRECTION     W (270)
  AVERAGE WIND SPEED    10.8


SKY COVER
  POSSIBLE SUNSHINE  MM
  AVERAGE SKY COVER 0.1


WEATHER CONDITIONS
 THE FOLLOWING WEATHER WAS RECORDED TODAY.
  FOG
  HAZE


RELATIVE HUMIDITY (PERCENT)
 HIGHEST    88           500 AM
 LOWEST     45           100 PM
 AVERAGE    67

..........................................................


THE DULUTH MN CLIMATE NORMALS FOR TOMORROW
                         NORMAL    RECORD    YEAR
 MAXIMUM TEMPERATURE (F)   35        64      1931
 MINIMUM TEMPERATURE (F)   22       -10      1933


SUNRISE AND SUNSET
NOVEMBER 15 2014......SUNRISE   711 AM CST   SUNSET   434 PM CST
NOVEMBER 16 2014......SUNRISE   713 AM CST   SUNSET   433 PM CST


-  INDICATES NEGATIVE NUMBERS.
R  INDICATES RECORD WAS SET OR TIED.
MM INDICATES DATA IS MISSING.
T  INDICATES TRACE AMOUNT.




$$
