000
CDUS43 KDLH 032227
CLIDLH


CLIMATE REPORT
NATIONAL WEATHER SERVICE DULUTH MN
427 PM CST SAT FEB 3 2018


...................................

...THE DULUTH CLIMATE SUMMARY FOR FEBRUARY 3 2018...
VALID TODAY AS OF 0400 PM LOCAL TIME.

CLIMATE NORMAL PERIOD 1981 TO 2010
CLIMATE RECORD PERIOD 1870 TO 2018


WEATHER ITEM   OBSERVED TIME   RECORD YEAR NORMAL DEPARTURE LAST
                VALUE   (LST)  VALUE       VALUE  FROM      YEAR
                                                  NORMAL
..................................................................
TEMPERATURE (F)
 TODAY
  MAXIMUM         11    237 PM  44    2005  21    -10       18
                                      1993
  MINIMUM          4    729 AM -33    1923   3      1       -4
  AVERAGE          8                        12     -4        7

PRECIPITATION (IN)
  TODAY            0.12          0.30 1943   0.02   0.10     0.00
  MONTH TO DATE    0.15                      0.07   0.08      T
  SINCE DEC 1      1.61                      2.24  -0.63     3.23
  SINCE JAN 1      0.78                      1.03  -0.25     1.16

SNOWFALL (IN)
  TODAY            1.3           3.0  1974   0.4    0.9      0.0
  MONTH TO DATE    1.6                       1.3    0.3       T
  SINCE JUL 1     45.7                      54.5   -8.8     44.9
  SNOW DEPTH       8

DEGREE DAYS
 HEATING
  TODAY           57                        53      4       58
  MONTH TO DATE  192                       161     31      173
  SINCE DEC 1   3541                      3416    125     3196
  SINCE JUL 1   5687                      5629     58     4678

 COOLING
  TODAY            0                         0      0        0
  MONTH TO DATE    0                         0      0        0
  SINCE DEC 1      0                         0      0        0
  SINCE JAN 1      0                         0      0        0
..................................................................


WIND (MPH)
  HIGHEST WIND SPEED    14   HIGHEST WIND DIRECTION    NE (50)
  HIGHEST GUST SPEED    17   HIGHEST GUST DIRECTION    NE (50)
  AVERAGE WIND SPEED     7.6


SKY COVER
  AVERAGE SKY COVER 1.0


WEATHER CONDITIONS
 THE FOLLOWING WEATHER WAS RECORDED TODAY.
  SNOW
  LIGHT SNOW
  FOG


RELATIVE HUMIDITY (PERCENT)
 HIGHEST    86          1200 AM
 LOWEST     66           300 PM
 AVERAGE    76

..........................................................


THE DULUTH CLIMATE NORMALS FOR TOMORROW
                         NORMAL    RECORD    YEAR
 MAXIMUM TEMPERATURE (F)   21        52      1890
 MINIMUM TEMPERATURE (F)    3       -29      1996
                                             1989


SUNRISE AND SUNSET
FEBRUARY  3 2018......SUNRISE   730 AM CST   SUNSET   515 PM CST
FEBRUARY  4 2018......SUNRISE   729 AM CST   SUNSET   517 PM CST


-  INDICATES NEGATIVE NUMBERS.
R  INDICATES RECORD WAS SET OR TIED.
MM INDICATES DATA IS MISSING.
T  INDICATES TRACE AMOUNT.




$$
