000
CDUS43 KDLH 080624
CLIDLH


CLIMATE REPORT
NATIONAL WEATHER SERVICE DULUTH MN
1224 AM CST MON DEC 8 2014


...................................

...THE DULUTH MN CLIMATE SUMMARY FOR DECEMBER 7 2014...

CLIMATE NORMAL PERIOD 1981 TO 2010
CLIMATE RECORD PERIOD 1870 TO 2014


WEATHER ITEM   OBSERVED TIME   RECORD YEAR NORMAL DEPARTURE LAST
                VALUE   (LST)  VALUE       VALUE  FROM      YEAR
                                                  NORMAL
..................................................................
TEMPERATURE (F)
 YESTERDAY
  MAXIMUM         32    401 PM  51    1939  25      7       -4
  MINIMUM         26    941 AM -26    1976  11     15      -18
  AVERAGE         29                        18     11      -11

PRECIPITATION (IN)
  YESTERDAY        0.04          0.74 1969   0.05  -0.01     0.00
  MONTH TO DATE    0.04                      0.32  -0.28     2.09
  SINCE DEC 1      0.04                      0.32  -0.28     2.09
  SINCE JAN 1     29.41                     30.07  -0.66    29.69

SNOWFALL (IN)
  YESTERDAY        0.6           7.3  1969   0.6    0.0      0.0
  MONTH TO DATE    0.6                       3.8   -3.2     23.3
  SINCE DEC 1      0.6                       3.8   -3.2     23.3
  SINCE JUL 1     17.1                      19.9   -2.8     28.3
  SNOW DEPTH       4

DEGREE DAYS
 HEATING
  YESTERDAY       36                        47    -11       76
  MONTH TO DATE  345                       323     22      351
  SINCE DEC 1    345                       323     22      351
  SINCE JUL 1   2560                      2536     24     2308

 COOLING
  YESTERDAY        0                         0      0        0
  MONTH TO DATE    0                         0      0        0
  SINCE DEC 1      0                         0      0        0
  SINCE JAN 1    179                       204    -25      375
..................................................................


WIND (MPH)
  HIGHEST WIND SPEED    21   HIGHEST WIND DIRECTION     S (160)
  HIGHEST GUST SPEED    26   HIGHEST GUST DIRECTION     S (160)
  AVERAGE WIND SPEED    11.9


SKY COVER
  AVERAGE SKY COVER 0.9


WEATHER CONDITIONS
 THE FOLLOWING WEATHER WAS RECORDED YESTERDAY.
  LT FREEZING RAIN
  SNOW
  LIGHT SNOW
  FOG
  HAZE


RELATIVE HUMIDITY (PERCENT)
 HIGHEST    92           600 PM
 LOWEST     53           700 AM
 AVERAGE    73

..........................................................


THE DULUTH MN CLIMATE NORMALS FOR TODAY
                         NORMAL    RECORD    YEAR
 MAXIMUM TEMPERATURE (F)   24        45      1990
 MINIMUM TEMPERATURE (F)   10       -23      1932
                                             1876


SUNRISE AND SUNSET
DECEMBER  8 2014......SUNRISE   741 AM CST   SUNSET   420 PM CST
DECEMBER  9 2014......SUNRISE   742 AM CST   SUNSET   420 PM CST


-  INDICATES NEGATIVE NUMBERS.
R  INDICATES RECORD WAS SET OR TIED.
MM INDICATES DATA IS MISSING.
T  INDICATES TRACE AMOUNT.




$$
