000
CDUS43 KDLH 210632
CLIDLH


CLIMATE REPORT
NATIONAL WEATHER SERVICE DULUTH MN
1231 AM CST SAT FEB 21 2015


...................................

...THE DULUTH MN CLIMATE SUMMARY FOR FEBRUARY 20 2015...

CLIMATE NORMAL PERIOD 1981 TO 2010
CLIMATE RECORD PERIOD 1870 TO 2015


WEATHER ITEM   OBSERVED TIME   RECORD YEAR NORMAL DEPARTURE LAST
                VALUE   (LST)  VALUE       VALUE  FROM      YEAR
                                                  NORMAL
..................................................................
TEMPERATURE (F)
 YESTERDAY
  MAXIMUM         18   1154 PM  54    1877  26     -8       34
  MINIMUM         -3    120 AM -21    1963   8    -11       26
                                      1918
                                      1894
  AVERAGE          8                        17     -9       30

PRECIPITATION (IN)
  YESTERDAY        0.07          1.06 2014   0.03   0.04     1.06
  MONTH TO DATE    0.36                      0.51  -0.15     1.92
  SINCE DEC 1      2.08                      2.68  -0.60     5.53
  SINCE JAN 1      0.82                      1.47  -0.65     2.65

SNOWFALL (IN)
  YESTERDAY        1.7          10.9  2014   0.5    1.2     10.9
  MONTH TO DATE    7.9                       8.4   -0.5     26.1
  SINCE DEC 1     23.1                      45.5  -22.4     75.4
  SINCE JUL 1     39.6                      61.6  -22.0     80.4
  SNOW DEPTH       9

DEGREE DAYS
 HEATING
  YESTERDAY       57                        48      9       35
  MONTH TO DATE 1172                      1026    146     1164
  SINCE DEC 1   4129                      4281   -152     4985
  SINCE JUL 1   6344                      6494   -150     6942

 COOLING
  YESTERDAY        0                         0      0        0
  MONTH TO DATE    0                         0      0        0
  SINCE DEC 1      0                         0      0        0
  SINCE JAN 1      0                         0      0        0
..................................................................


WIND (MPH)
  HIGHEST WIND SPEED    16   HIGHEST WIND DIRECTION    SW (220)
  HIGHEST GUST SPEED    20   HIGHEST GUST DIRECTION     S (190)
  AVERAGE WIND SPEED    10.0


SKY COVER
  AVERAGE SKY COVER 0.9


WEATHER CONDITIONS
 THE FOLLOWING WEATHER WAS RECORDED YESTERDAY.
  SNOW
  LIGHT SNOW
  HAZE


RELATIVE HUMIDITY (PERCENT)
 HIGHEST    87           800 AM
 LOWEST     56          1200 AM
 AVERAGE    72

..........................................................


THE DULUTH MN CLIMATE NORMALS FOR TODAY
                         NORMAL    RECORD    YEAR
 MAXIMUM TEMPERATURE (F)   26        57      1877
 MINIMUM TEMPERATURE (F)    8       -27      1963


SUNRISE AND SUNSET
FEBRUARY 21 2015......SUNRISE   703 AM CST   SUNSET   542 PM CST
FEBRUARY 22 2015......SUNRISE   701 AM CST   SUNSET   544 PM CST


-  INDICATES NEGATIVE NUMBERS.
R  INDICATES RECORD WAS SET OR TIED.
MM INDICATES DATA IS MISSING.
T  INDICATES TRACE AMOUNT.




$$
