000
CDUS43 KDLH 212233
CLIDLH


CLIMATE REPORT
NATIONAL WEATHER SERVICE DULUTH MN
533 PM CDT SUN JUN 21 2015


...................................

...THE DULUTH MN CLIMATE SUMMARY FOR JUNE 21 2015...
VALID TODAY AS OF 0500 PM LOCAL TIME.

CLIMATE NORMAL PERIOD 1981 TO 2010
CLIMATE RECORD PERIOD 1870 TO 2015


WEATHER ITEM   OBSERVED TIME   RECORD YEAR NORMAL DEPARTURE LAST
                VALUE   (LST)  VALUE       VALUE  FROM      YEAR
                                                  NORMAL
..................................................................
TEMPERATURE (F)
 TODAY
  MAXIMUM         80    402 PM  90    1911  72      8       69
                                      1910
  MINIMUM         55   1203 AM  30    1992  51      4       48
  AVERAGE         68                        62      6       59

PRECIPITATION (IN)
  TODAY            0.00          2.93 1957   0.15  -0.15      T
  MONTH TO DATE    1.33                      2.84  -1.51     3.30
  SINCE JUN 1      1.33                      2.84  -1.51     3.30
  SINCE JAN 1      7.72                     11.76  -4.04    15.73

SNOWFALL (IN)
  TODAY            0.0           0.0  2002   0.0    0.0      0.0
                                      2001
  MONTH TO DATE    0.0                       0.0    0.0       T
  SINCE JUL 1     49.2                      86.1  -36.9    131.0
  SNOW DEPTH       0

DEGREE DAYS
 HEATING
  TODAY            0                         5     -5        6
  MONTH TO DATE  110                       145    -35      122
  SINCE JUN 1    110                       145    -35      122
  SINCE JUL 1   9092                      9410   -318    10302

 COOLING
  TODAY            3                         1      2        0
  MONTH TO DATE    8                        12     -4        8
  SINCE JUN 1      8                        12     -4        8
  SINCE JAN 1     12                        16     -4       26
..................................................................


WIND (MPH)
  HIGHEST WIND SPEED    14   HIGHEST WIND DIRECTION     W (250)
  HIGHEST GUST SPEED    19   HIGHEST GUST DIRECTION     W (260)
  AVERAGE WIND SPEED     5.5


SKY COVER
  POSSIBLE SUNSHINE  MM
  AVERAGE SKY COVER 0.6


WEATHER CONDITIONS
 THE FOLLOWING WEATHER WAS RECORDED TODAY.
  NO SIGNIFICANT WEATHER WAS OBSERVED.


RELATIVE HUMIDITY (PERCENT)
 HIGHEST    93           400 AM
 LOWEST     42           400 PM
 AVERAGE    68

..........................................................


THE DULUTH MN CLIMATE NORMALS FOR TOMORROW
                         NORMAL    RECORD    YEAR
 MAXIMUM TEMPERATURE (F)   73        94      1910
 MINIMUM TEMPERATURE (F)   51        37      1972


SUNRISE AND SUNSET
JUNE 21 2015..........SUNRISE   514 AM CDT   SUNSET   906 PM CDT
JUNE 22 2015..........SUNRISE   514 AM CDT   SUNSET   906 PM CDT


-  INDICATES NEGATIVE NUMBERS.
R  INDICATES RECORD WAS SET OR TIED.
MM INDICATES DATA IS MISSING.
T  INDICATES TRACE AMOUNT.




$$
