000
CDUS43 KDLH 302241
CLIDLH


CLIMATE REPORT
NATIONAL WEATHER SERVICE DULUTH MN
439 PM CST THU NOV 30 2017


...................................

...THE DULUTH CLIMATE SUMMARY FOR NOVEMBER 30 2017...
VALID TODAY AS OF 0400 PM LOCAL TIME.

CLIMATE NORMAL PERIOD 1981 TO 2010
CLIMATE RECORD PERIOD 1870 TO 2017


WEATHER ITEM   OBSERVED TIME   RECORD YEAR NORMAL DEPARTURE LAST
                VALUE   (LST)  VALUE       VALUE  FROM      YEAR
                                                  NORMAL
..................................................................
TEMPERATURE (F)
 TODAY
  MAXIMUM         40    137 PM  52    1962  28     12       37
  MINIMUM         33    838 AM -23    1964  14     19       34
  AVERAGE         37                        21     16       36

PRECIPITATION (IN)
  TODAY            0.00          0.62 1873   0.06  -0.06     0.03
  MONTH TO DATE    1.31                      2.09  -0.78     2.60
  SINCE SEP 1      8.26                      9.05  -0.79     7.67
  SINCE JAN 1     35.95                     29.75   6.20    31.59

SNOWFALL (IN)
  TODAY            0.0          10.3  1985   0.6   -0.6       T
  MONTH TO DATE   10.5                      13.7   -3.2      8.1
  SINCE JUL 1     21.6                      16.1    5.5      8.1
  SNOW DEPTH       T

DEGREE DAYS
 HEATING
  TODAY           28                        44    -16       29
  MONTH TO DATE 1166                      1090     76      735
  SINCE SEP 1   1972                      2064    -92     1428
  SINCE JUL 1   2142                      2213    -71     1482

 COOLING
  TODAY            0                         0      0        0
  MONTH TO DATE    0                         0      0        0
  SINCE SEP 1     26                        14     12       14
  SINCE JAN 1    126                       204    -78      281
..................................................................


WIND (MPH)
  HIGHEST WIND SPEED    33   HIGHEST WIND DIRECTION    NW (300)
  HIGHEST GUST SPEED    41   HIGHEST GUST DIRECTION    NW (310)
  AVERAGE WIND SPEED    18.4


SKY COVER
  AVERAGE SKY COVER 0.5


WEATHER CONDITIONS
 THE FOLLOWING WEATHER WAS RECORDED TODAY.
  NO SIGNIFICANT WEATHER WAS OBSERVED.


RELATIVE HUMIDITY (PERCENT)
 HIGHEST    76           300 AM
 LOWEST     52          1200 AM
 AVERAGE    64

..........................................................


THE DULUTH CLIMATE NORMALS FOR TOMORROW
                         NORMAL    RECORD    YEAR
 MAXIMUM TEMPERATURE (F)   27        54      1962
 MINIMUM TEMPERATURE (F)   14       -24      1919


SUNRISE AND SUNSET
NOVEMBER 30 2017......SUNRISE   732 AM CST   SUNSET   423 PM CST
DECEMBER  1 2017......SUNRISE   733 AM CST   SUNSET   422 PM CST


-  INDICATES NEGATIVE NUMBERS.
R  INDICATES RECORD WAS SET OR TIED.
MM INDICATES DATA IS MISSING.
T  INDICATES TRACE AMOUNT.




$$
