000
CDUS43 KDLH 090624
CLIDLH


CLIMATE REPORT
NATIONAL WEATHER SERVICE DULUTH MN
1223 AM CST THU MAR 9 2017


...................................

...THE DULUTH MN CLIMATE SUMMARY FOR MARCH 8 2017...

CLIMATE NORMAL PERIOD 1981 TO 2010
CLIMATE RECORD PERIOD 1870 TO 2017


WEATHER ITEM   OBSERVED TIME   RECORD YEAR NORMAL DEPARTURE LAST
                VALUE   (LST)  VALUE       VALUE  FROM      YEAR
                                                  NORMAL
..................................................................
TEMPERATURE (F)
 YESTERDAY
  MAXIMUM         23    442 PM  56    1977  31     -8       48
  MINIMUM         10    734 AM -17    1884  14     -4       34
  AVERAGE         17                        23     -6       41

PRECIPITATION (IN)
  YESTERDAY        T             1.76 2000   0.05  -0.05     0.02
  MONTH TO DATE    0.24                      0.35  -0.11     0.18
  SINCE MAR 1      0.24                      0.35  -0.11     0.18
  SINCE JAN 1      3.20                      2.12   1.08     2.06

SNOWFALL (IN)
  YESTERDAY        T             8.0  1891   0.6   -0.6      0.0
  MONTH TO DATE    T                         4.4   -4.4      2.1
  SINCE MAR 1      T                         4.4   -4.4      2.1
  SINCE JUL 1     59.0                      70.0  -11.0     56.3
  SNOW DEPTH       3

DEGREE DAYS
 HEATING
  YESTERDAY       48                        42      6       24
  MONTH TO DATE  327                       349    -22      314
  SINCE MAR 1    327                       349    -22      314
  SINCE JUL 1   6017                      7216  -1199     6151

 COOLING
  YESTERDAY        0                         0      0        0
  MONTH TO DATE    0                         0      0        0
  SINCE MAR 1      0                         0      0        0
  SINCE JAN 1      0                         0      0        0
..................................................................


WIND (MPH)
  HIGHEST WIND SPEED    43   HIGHEST WIND DIRECTION     W (280)
  HIGHEST GUST SPEED    54   HIGHEST GUST DIRECTION     W (270)
  AVERAGE WIND SPEED    25.0


SKY COVER
  AVERAGE SKY COVER 0.6


WEATHER CONDITIONS
 THE FOLLOWING WEATHER WAS RECORDED YESTERDAY.
  LIGHT SNOW
  BLOWING SNOW


RELATIVE HUMIDITY (PERCENT)
 HIGHEST    67          1000 AM
 LOWEST     45           300 PM
 AVERAGE    56

..........................................................


THE DULUTH MN CLIMATE NORMALS FOR TODAY
                         NORMAL    RECORD    YEAR
 MAXIMUM TEMPERATURE (F)   32        54      1911
 MINIMUM TEMPERATURE (F)   15       -19      1982


SUNRISE AND SUNSET
MARCH  9 2017.........SUNRISE   633 AM CST   SUNSET   606 PM CST
MARCH 10 2017.........SUNRISE   631 AM CST   SUNSET   608 PM CST


-  INDICATES NEGATIVE NUMBERS.
R  INDICATES RECORD WAS SET OR TIED.
MM INDICATES DATA IS MISSING.
T  INDICATES TRACE AMOUNT.




$$
