000
CDUS43 KDLH 170621
CLIDLH


CLIMATE REPORT
NATIONAL WEATHER SERVICE DULUTH MN
121 AM CDT SUN JUL 17 2016


...................................

...THE DULUTH MN CLIMATE SUMMARY FOR JULY 16 2016...

CLIMATE NORMAL PERIOD 1981 TO 2010
CLIMATE RECORD PERIOD 1870 TO 2016


WEATHER ITEM   OBSERVED TIME   RECORD YEAR NORMAL DEPARTURE LAST
                VALUE   (LST)  VALUE       VALUE  FROM      YEAR
                                                  NORMAL
..................................................................
TEMPERATURE (F)
 YESTERDAY
  MAXIMUM         78    327 PM  97    1936  77      1       78
  MINIMUM         49    423 AM  44    1958  56     -7       58
  AVERAGE         64                        66     -2       68

PRECIPITATION (IN)
  YESTERDAY        0.00          2.92 1927   0.12  -0.12     0.02
  MONTH TO DATE    3.44                      2.16   1.28     2.95
  SINCE JUN 1      7.90                      6.39   1.51     6.59
  SINCE JAN 1     18.01                     15.31   2.70    12.98

SNOWFALL (IN)
  YESTERDAY        0.0           0.0  2002   0.0    0.0      0.0
                                      2001
  MONTH TO DATE    0.0                       0.0    0.0      0.0
  SINCE JUN 1      T                         0.0    0.0       T
  SINCE JUL 1      0.0                       0.0    0.0      0.0
  SNOW DEPTH       0

DEGREE DAYS
 HEATING
  YESTERDAY        1                         2     -1        0
  MONTH TO DATE   21                        38    -17       15
  SINCE JUN 1    163                       217    -54      136
  SINCE JUL 1     21                        38    -17       15

 COOLING
  YESTERDAY        0                         3     -3        3
  MONTH TO DATE   28                        45    -17       49
  SINCE JUN 1     71                        75     -4       71
  SINCE JAN 1     80                        79      1       75
..................................................................


WIND (MPH)
  HIGHEST WIND SPEED    13   HIGHEST WIND DIRECTION     S (180)
  HIGHEST GUST SPEED    18   HIGHEST GUST DIRECTION    SW (230)
  AVERAGE WIND SPEED     5.4


SKY COVER
  AVERAGE SKY COVER 0.3


WEATHER CONDITIONS
 THE FOLLOWING WEATHER WAS RECORDED YESTERDAY.
  NO SIGNIFICANT WEATHER WAS OBSERVED.


RELATIVE HUMIDITY (PERCENT)
 HIGHEST    93           600 AM
 LOWEST     43           200 PM
 AVERAGE    68

..........................................................


THE DULUTH MN CLIMATE NORMALS FOR TODAY
                         NORMAL    RECORD    YEAR
 MAXIMUM TEMPERATURE (F)   77        94      1964
 MINIMUM TEMPERATURE (F)   56        40      1971


SUNRISE AND SUNSET
JULY 17 2016..........SUNRISE   532 AM CDT   SUNSET   857 PM CDT
JULY 18 2016..........SUNRISE   533 AM CDT   SUNSET   856 PM CDT


-  INDICATES NEGATIVE NUMBERS.
R  INDICATES RECORD WAS SET OR TIED.
MM INDICATES DATA IS MISSING.
T  INDICATES TRACE AMOUNT.




$$
