638
CDUS43 KDLH 132249
CLIDLH


CLIMATE REPORT
NATIONAL WEATHER SERVICE DULUTH MN
446 PM CST MON NOV 13 2017


...................................

...THE DULUTH CLIMATE SUMMARY FOR NOVEMBER 13 2017...
VALID TODAY AS OF 0400 PM LOCAL TIME.

CLIMATE NORMAL PERIOD 1981 TO 2010
CLIMATE RECORD PERIOD 1870 TO 2017


WEATHER ITEM   OBSERVED TIME   RECORD YEAR NORMAL DEPARTURE LAST
                VALUE   (LST)  VALUE       VALUE  FROM      YEAR
                                                  NORMAL
..................................................................
TEMPERATURE (F)
 TODAY
  MAXIMUM         30    222 PM  67    1999  37     -7       59
  MINIMUM         18    626 AM  -7    1986  23     -5       38
  AVERAGE         24                        30     -6       49

PRECIPITATION (IN)
  TODAY            0.00          0.93 1951   0.07  -0.07     0.00
  MONTH TO DATE    1.09                      0.97   0.12     0.01
  SINCE SEP 1      8.04                      7.93   0.11     5.08
  SINCE JAN 1     35.73                     28.63   7.10    29.00

SNOWFALL (IN)
  TODAY            0.0           7.1  2010   0.5   -0.5      0.0
  MONTH TO DATE    9.4                       4.4    5.0      0.0
  SINCE JUL 1     20.5                       6.8   13.7       T
  SNOW DEPTH       4

DEGREE DAYS
 HEATING
  TODAY           41                        35      6       16
  MONTH TO DATE  545                       413    132      214
  SINCE SEP 1   1351                      1389    -38      907
  SINCE JUL 1   1521                      1538    -17      961

 COOLING
  TODAY            0                         0      0        0
  MONTH TO DATE    0                         0      0        0
  SINCE SEP 1     26                        14     12       14
  SINCE JAN 1    126                       204    -78      281
..................................................................


WIND (MPH)
  HIGHEST WIND SPEED    14   HIGHEST WIND DIRECTION    SE (120)
  HIGHEST GUST SPEED    16   HIGHEST GUST DIRECTION    SE (120)
  AVERAGE WIND SPEED     5.1


SKY COVER
  AVERAGE SKY COVER 0.7


WEATHER CONDITIONS
 THE FOLLOWING WEATHER WAS RECORDED TODAY.
  FOG


RELATIVE HUMIDITY (PERCENT)
 HIGHEST   100           300 AM
 LOWEST     81          1200 AM
 AVERAGE    91

..........................................................


THE DULUTH CLIMATE NORMALS FOR TOMORROW
                         NORMAL    RECORD    YEAR
 MAXIMUM TEMPERATURE (F)   36        63      1953
 MINIMUM TEMPERATURE (F)   23        -3      1959
                                             1919


SUNRISE AND SUNSET
NOVEMBER 13 2017......SUNRISE   709 AM CST   SUNSET   437 PM CST
NOVEMBER 14 2017......SUNRISE   711 AM CST   SUNSET   435 PM CST


-  INDICATES NEGATIVE NUMBERS.
R  INDICATES RECORD WAS SET OR TIED.
MM INDICATES DATA IS MISSING.
T  INDICATES TRACE AMOUNT.




$$
