569
CDUS43 KDLH 240621
CLIDLH


CLIMATE REPORT
NATIONAL WEATHER SERVICE DULUTH MN
120 AM CDT SUN JUL 24 2016


...................................

...THE DULUTH MN CLIMATE SUMMARY FOR JULY 23 2016...

CLIMATE NORMAL PERIOD 1981 TO 2010
CLIMATE RECORD PERIOD 1870 TO 2016


WEATHER ITEM   OBSERVED TIME   RECORD YEAR NORMAL DEPARTURE LAST
                VALUE   (LST)  VALUE       VALUE  FROM      YEAR
                                                  NORMAL
..................................................................
TEMPERATURE (F)
 YESTERDAY
  MAXIMUM         78   1024 AM  93    1945  77      1       85
  MINIMUM         61   1037 PM  39    1962  56      5       63
  AVERAGE         70                        66      4       74

PRECIPITATION (IN)
  YESTERDAY        0.00          2.39 1911   0.10  -0.10     0.00
  MONTH TO DATE    4.32                      2.96   1.36     2.97
  SINCE JUN 1      8.78                      7.19   1.59     6.61
  SINCE JAN 1     18.89                     16.11   2.78    13.00

SNOWFALL (IN)
  YESTERDAY        0.0           0.0  2002   0.0    0.0      0.0
                                      2001
  MONTH TO DATE    0.0                       0.0    0.0      0.0
  SINCE JUN 1      T                         0.0    0.0       T
  SINCE JUL 1      0.0                       0.0    0.0      0.0
  SNOW DEPTH       0

DEGREE DAYS
 HEATING
  YESTERDAY        0                         2     -2        0
  MONTH TO DATE   21                        52    -31       15
  SINCE JUN 1    163                       231    -68      136
  SINCE JUL 1     21                        52    -31       15

 COOLING
  YESTERDAY        5                         3      2        9
  MONTH TO DATE   76                        66     10       91
  SINCE JUN 1    119                        96     23      113
  SINCE JAN 1    128                       100     28      117
..................................................................


WIND (MPH)
  HIGHEST WIND SPEED    17   HIGHEST WIND DIRECTION    SE (120)
  HIGHEST GUST SPEED    23   HIGHEST GUST DIRECTION     E (110)
  AVERAGE WIND SPEED     8.7


SKY COVER
  AVERAGE SKY COVER 0.4


WEATHER CONDITIONS
 THE FOLLOWING WEATHER WAS RECORDED YESTERDAY.
  NO SIGNIFICANT WEATHER WAS OBSERVED.


RELATIVE HUMIDITY (PERCENT)
 HIGHEST    93          1100 PM
 LOWEST     54          1000 AM
 AVERAGE    74

..........................................................


THE DULUTH MN CLIMATE NORMALS FOR TODAY
                         NORMAL    RECORD    YEAR
 MAXIMUM TEMPERATURE (F)   77        91      1886
 MINIMUM TEMPERATURE (F)   56        41      2004


SUNRISE AND SUNSET
JULY 24 2016..........SUNRISE   540 AM CDT   SUNSET   850 PM CDT
JULY 25 2016..........SUNRISE   541 AM CDT   SUNSET   849 PM CDT


-  INDICATES NEGATIVE NUMBERS.
R  INDICATES RECORD WAS SET OR TIED.
MM INDICATES DATA IS MISSING.
T  INDICATES TRACE AMOUNT.




$$
