000
CDUS43 KDLH 240635
CLIDLH


CLIMATE REPORT
NATIONAL WEATHER SERVICE DULUTH MN
1235 AM CST SAT FEB 24 2018


...................................

...THE DULUTH MN CLIMATE SUMMARY FOR FEBRUARY 23 2018...

CLIMATE NORMAL PERIOD 1981 TO 2010
CLIMATE RECORD PERIOD 1870 TO 2018


WEATHER ITEM   OBSERVED TIME   RECORD YEAR NORMAL DEPARTURE LAST
                VALUE   (LST)  VALUE       VALUE  FROM      YEAR
                                                  NORMAL
..................................................................
TEMPERATURE (F)
 YESTERDAY
  MAXIMUM         32    423 PM  53    1958  27      5       33
  MINIMUM         20   1055 PM -30    1889   9     11       21
  AVERAGE         26                        18      8       27

PRECIPITATION (IN)
  YESTERDAY        0.28          0.52 1922   0.04   0.24      T
  MONTH TO DATE    1.24                      0.62   0.62     1.42
  SINCE DEC 1      2.70                      2.79  -0.09     4.65
  SINCE JAN 1      1.87                      1.58   0.29     2.58

SNOWFALL (IN)
  YESTERDAY        3.4           3.9  1893   0.5    2.9       T
  MONTH TO DATE   17.0                       9.8    7.2      7.1
  SINCE DEC 1     39.5                      46.9   -7.4     43.9
  SINCE JUL 1     61.1                      63.0   -1.9     52.0
  SNOW DEPTH      18

DEGREE DAYS
 HEATING
  YESTERDAY       39                        47     -8       38
  MONTH TO DATE 1324                      1169    155      955
  SINCE DEC 1   4673                      4424    249     3978
  SINCE JUL 1   6819                      6637    182     5460

 COOLING
  YESTERDAY        0                         0      0        0
  MONTH TO DATE    0                         0      0        0
  SINCE DEC 1      0                         0      0        0
  SINCE JAN 1      0                         0      0        0
..................................................................


WIND (MPH)
  HIGHEST WIND SPEED    18   HIGHEST WIND DIRECTION    NW (310)
  HIGHEST GUST SPEED    22   HIGHEST GUST DIRECTION     W (290)
  AVERAGE WIND SPEED     9.5


SKY COVER
  AVERAGE SKY COVER 0.9


WEATHER CONDITIONS
 THE FOLLOWING WEATHER WAS RECORDED YESTERDAY.
  LIGHT SNOW
  FOG
  HAZE


RELATIVE HUMIDITY (PERCENT)
 HIGHEST    92          1200 AM
 LOWEST     63           400 PM
 AVERAGE    78

..........................................................


THE DULUTH MN CLIMATE NORMALS FOR TODAY
                         NORMAL    RECORD    YEAR
 MAXIMUM TEMPERATURE (F)   27        56      1931
 MINIMUM TEMPERATURE (F)    9       -28      1965


SUNRISE AND SUNSET
FEBRUARY 24 2018......SUNRISE   657 AM CST   SUNSET   547 PM CST
FEBRUARY 25 2018......SUNRISE   656 AM CST   SUNSET   549 PM CST


-  INDICATES NEGATIVE NUMBERS.
R  INDICATES RECORD WAS SET OR TIED.
MM INDICATES DATA IS MISSING.
T  INDICATES TRACE AMOUNT.




$$
