000
CDUS43 KDLH 212235
CLIDLH


CLIMATE REPORT
NATIONAL WEATHER SERVICE DULUTH MN
434 PM CST TUE NOV 21 2017


...................................

...THE DULUTH CLIMATE SUMMARY FOR NOVEMBER 21 2017...
VALID TODAY AS OF 0400 PM LOCAL TIME.

CLIMATE NORMAL PERIOD 1981 TO 2010
CLIMATE RECORD PERIOD 1870 TO 2017


WEATHER ITEM   OBSERVED TIME   RECORD YEAR NORMAL DEPARTURE LAST
                VALUE   (LST)  VALUE       VALUE  FROM      YEAR
                                                  NORMAL
..................................................................
TEMPERATURE (F)
 TODAY
  MAXIMUM         34   1222 AM  64    1990  32      2       30
  MINIMUM         17   1026 AM -13    1880  19     -2       20
  AVERAGE         26                        26      0       25

PRECIPITATION (IN)
  TODAY            T             0.59 1876   0.07  -0.07     0.00
  MONTH TO DATE    1.22                      1.55  -0.33     1.15
  SINCE SEP 1      8.17                      8.51  -0.34     6.22
  SINCE JAN 1     35.86                     29.21   6.65    30.14

SNOWFALL (IN)
  TODAY            T             5.8  1947   0.6   -0.6      0.0
  MONTH TO DATE   10.2                       8.6    1.6      3.5
  SINCE JUL 1     21.3                      11.0   10.3      3.5
  SNOW DEPTH       2

DEGREE DAYS
 HEATING
  TODAY           39                        39      0       40
  MONTH TO DATE  852                       711    141      463
  SINCE SEP 1   1658                      1687    -29     1156
  SINCE JUL 1   1828                      1836     -8     1210

 COOLING
  TODAY            0                         0      0        0
  MONTH TO DATE    0                         0      0        0
  SINCE SEP 1     26                        14     12       14
  SINCE JAN 1    126                       204    -78      281
..................................................................


WIND (MPH)
  HIGHEST WIND SPEED    33   HIGHEST WIND DIRECTION    NW (300)
  HIGHEST GUST SPEED    47   HIGHEST GUST DIRECTION     W (290)
  AVERAGE WIND SPEED    19.6


SKY COVER
  AVERAGE SKY COVER 0.7


WEATHER CONDITIONS
 THE FOLLOWING WEATHER WAS RECORDED TODAY.
  LIGHT SNOW


RELATIVE HUMIDITY (PERCENT)
 HIGHEST    73           800 AM
 LOWEST     57           100 PM
 AVERAGE    65

..........................................................


THE DULUTH CLIMATE NORMALS FOR TOMORROW
                         NORMAL    RECORD    YEAR
 MAXIMUM TEMPERATURE (F)   32        52      2012
                                             2006
                                             1966
 MINIMUM TEMPERATURE (F)   18        -9      1880


SUNRISE AND SUNSET
NOVEMBER 21 2017......SUNRISE   720 AM CST   SUNSET   428 PM CST
NOVEMBER 22 2017......SUNRISE   722 AM CST   SUNSET   428 PM CST


-  INDICATES NEGATIVE NUMBERS.
R  INDICATES RECORD WAS SET OR TIED.
MM INDICATES DATA IS MISSING.
T  INDICATES TRACE AMOUNT.




$$
