000
CDUS43 KDLH 132230
CLIDLH


CLIMATE REPORT
NATIONAL WEATHER SERVICE DULUTH MN
530 PM CDT TUE SEP 13 2016


...................................

...THE DULUTH MN CLIMATE SUMMARY FOR SEPTEMBER 13 2016...
VALID TODAY AS OF 0520 PM LOCAL TIME.

CLIMATE NORMAL PERIOD 1981 TO 2010
CLIMATE RECORD PERIOD 1870 TO 2016


WEATHER ITEM   OBSERVED TIME   RECORD YEAR NORMAL DEPARTURE LAST
                VALUE   (LST)  VALUE       VALUE  FROM      YEAR
                                                  NORMAL
..................................................................
TEMPERATURE (F)
 TODAY
  MAXIMUM         62    248 PM  84    1990  66     -4       73
  MINIMUM         51    840 AM  30    1975  47      4       50
                                      1963
                                      1923
  AVERAGE         57                        57      0       62

PRECIPITATION (IN)
  TODAY            0.00          2.34 1998   0.15  -0.15     0.00
  MONTH TO DATE    2.22                      1.81   0.41     4.00
  SINCE SEP 1      2.22                      1.81   0.41     4.00
  SINCE JAN 1     26.14                     22.51   3.63    21.13

SNOWFALL (IN)
  TODAY            0.0           T    1949   0.0    0.0      0.0
  MONTH TO DATE    0.0                       0.0    0.0      0.0
  SINCE JUL 1      0.0                       0.0    0.0      0.0
  SNOW DEPTH       0

DEGREE DAYS
 HEATING
  TODAY            8                         9     -1        3
  MONTH TO DATE   25                        88    -63       46
  SINCE SEP 1     25                        88    -63       46
  SINCE JUL 1     79                       237   -158      142

 COOLING
  TODAY            0                         1     -1        0
  MONTH TO DATE   14                        13      1       35
  SINCE SEP 1     14                        13      1       35
  SINCE JAN 1    281                       203     78      313
..................................................................


WIND (MPH)
  HIGHEST WIND SPEED    17   HIGHEST WIND DIRECTION     W (280)
  HIGHEST GUST SPEED    24   HIGHEST GUST DIRECTION    NW (310)
  AVERAGE WIND SPEED    10.0


SKY COVER
  POSSIBLE SUNSHINE  MM
  AVERAGE SKY COVER 0.7


WEATHER CONDITIONS
 THE FOLLOWING WEATHER WAS RECORDED TODAY.
  NO SIGNIFICANT WEATHER WAS OBSERVED.


RELATIVE HUMIDITY (PERCENT)
 HIGHEST    96           400 AM
 LOWEST     60           400 PM
 AVERAGE    78

..........................................................


THE DULUTH MN CLIMATE NORMALS FOR TOMORROW
                         NORMAL    RECORD    YEAR
 MAXIMUM TEMPERATURE (F)   66        84      1920
 MINIMUM TEMPERATURE (F)   47        30      1964


SUNRISE AND SUNSET
SEPTEMBER 13 2016.....SUNRISE   644 AM CDT   SUNSET   723 PM CDT
SEPTEMBER 14 2016.....SUNRISE   646 AM CDT   SUNSET   721 PM CDT


-  INDICATES NEGATIVE NUMBERS.
R  INDICATES RECORD WAS SET OR TIED.
MM INDICATES DATA IS MISSING.
T  INDICATES TRACE AMOUNT.




$$
