000
CDUS43 KDLH 300629
CLIDLH


CLIMATE REPORT
NATIONAL WEATHER SERVICE DULUTH MN
1227 AM CST FRI DEC 30 2016


...................................

...THE DULUTH MN CLIMATE SUMMARY FOR DECEMBER 29 2016...

CLIMATE NORMAL PERIOD 1981 TO 2010
CLIMATE RECORD PERIOD 1870 TO 2016


WEATHER ITEM   OBSERVED TIME   RECORD YEAR NORMAL DEPARTURE LAST
                VALUE   (LST)  VALUE       VALUE  FROM      YEAR
                                                  NORMAL
..................................................................
TEMPERATURE (F)
 YESTERDAY
  MAXIMUM         26   1227 PM  46    1999  19      7       25
  MINIMUM         16   1159 PM -30    1917   3     13       12
  AVERAGE         21                        11     10       19

PRECIPITATION (IN)
  YESTERDAY        T             0.88 1972   0.04  -0.04      T
  MONTH TO DATE    2.00                      1.14   0.86     3.70
  SINCE DEC 1      2.00                      1.14   0.86     3.70
  SINCE JAN 1     33.59                     30.89   2.70    32.29

SNOWFALL (IN)
  YESTERDAY        0.1           7.5  1972   0.6   -0.5       T
  MONTH TO DATE   19.8                      16.4    3.4     24.4
  SINCE DEC 1     19.8                      16.4    3.4     24.4
  SINCE JUL 1     27.9                      32.5   -4.6     28.8
  SNOW DEPTH       7

DEGREE DAYS
 HEATING
  YESTERDAY       44                        54    -10       46
  MONTH TO DATE 1413                      1450    -37     1093
  SINCE DEC 1   1413                      1450    -37     1093
  SINCE JUL 1   2895                      3663   -768     2756

 COOLING
  YESTERDAY        0                         0      0        0
  MONTH TO DATE    0                         0      0        0
  SINCE DEC 1      0                         0      0        0
  SINCE JAN 1    281                       204     77      336
..................................................................


WIND (MPH)
  HIGHEST WIND SPEED    28   HIGHEST WIND DIRECTION    NW (310)
  HIGHEST GUST SPEED    36   HIGHEST GUST DIRECTION    NW (310)
  AVERAGE WIND SPEED    16.2


SKY COVER
  AVERAGE SKY COVER 0.9


WEATHER CONDITIONS
 THE FOLLOWING WEATHER WAS RECORDED YESTERDAY.
  LIGHT SNOW
  FOG
  BLOWING SNOW


RELATIVE HUMIDITY (PERCENT)
 HIGHEST    88           100 AM
 LOWEST     67          1000 PM
 AVERAGE    78

..........................................................


THE DULUTH MN CLIMATE NORMALS FOR TODAY
                         NORMAL    RECORD    YEAR
 MAXIMUM TEMPERATURE (F)   19        43      1901
 MINIMUM TEMPERATURE (F)    3       -26      1938


SUNRISE AND SUNSET
DECEMBER 30 2016......SUNRISE   754 AM CST   SUNSET   429 PM CST
DECEMBER 31 2016......SUNRISE   754 AM CST   SUNSET   430 PM CST


-  INDICATES NEGATIVE NUMBERS.
R  INDICATES RECORD WAS SET OR TIED.
MM INDICATES DATA IS MISSING.
T  INDICATES TRACE AMOUNT.




$$
