000
CDUS43 KDLH 070709
CLIDLH


CLIMATE REPORT
NATIONAL WEATHER SERVICE DULUTH MN
206 AM CDT SUN AUG 7 2016


...................................

...THE DULUTH MN CLIMATE SUMMARY FOR AUGUST 6 2016...

CLIMATE NORMAL PERIOD 1981 TO 2010
CLIMATE RECORD PERIOD 1870 TO 2016


WEATHER ITEM   OBSERVED TIME   RECORD YEAR NORMAL DEPARTURE LAST
                VALUE   (LST)  VALUE       VALUE  FROM      YEAR
                                                  NORMAL
..................................................................
TEMPERATURE (F)
 YESTERDAY
  MAXIMUM         77    422 PM  94    1930  76      1       73
  MINIMUM         56    522 AM  40    1975  56      0       53
  AVERAGE         67                        66      1       63

PRECIPITATION (IN)
  YESTERDAY        0.00          2.05 1996   0.12  -0.12     0.83
  MONTH TO DATE    1.48                      0.67   0.81     0.85
  SINCE JUN 1     10.33                      8.75   1.58     7.50
  SINCE JAN 1     20.44                     17.67   2.77    13.89

SNOWFALL (IN)
  YESTERDAY        0.0           0.0  2002   0.0    0.0      0.0
                                      2001
  MONTH TO DATE    0.0                       0.0    0.0      0.0
  SINCE JUN 1      T                         0.0    0.0       T
  SINCE JUL 1      0.0                       0.0    0.0      0.0
  SNOW DEPTH       0

DEGREE DAYS
 HEATING
  YESTERDAY        0                         2     -2        2
  MONTH TO DATE    0                        12    -12       12
  SINCE JUN 1    171                       254    -83      148
  SINCE JUL 1     29                        75    -46       27

 COOLING
  YESTERDAY        2                         3     -1        0
  MONTH TO DATE   34                        18     16        6
  SINCE JUN 1    180                       138     42      184
  SINCE JAN 1    189                       142     47      188
..................................................................


WIND (MPH)
  HIGHEST WIND SPEED    15   HIGHEST WIND DIRECTION     N (350)
  HIGHEST GUST SPEED    22   HIGHEST GUST DIRECTION    NW (330)
  AVERAGE WIND SPEED     8.6


SKY COVER
  AVERAGE SKY COVER 0.2


WEATHER CONDITIONS
 THE FOLLOWING WEATHER WAS RECORDED YESTERDAY.
  NO SIGNIFICANT WEATHER WAS OBSERVED.


RELATIVE HUMIDITY (PERCENT)
 HIGHEST    93           300 AM
 LOWEST     50           400 PM
 AVERAGE    72

..........................................................


THE DULUTH MN CLIMATE NORMALS FOR TODAY
                         NORMAL    RECORD    YEAR
 MAXIMUM TEMPERATURE (F)   76        95      1949
 MINIMUM TEMPERATURE (F)   56        38      1972


SUNRISE AND SUNSET
AUGUST  7 2016........SUNRISE   557 AM CDT   SUNSET   831 PM CDT
AUGUST  8 2016........SUNRISE   558 AM CDT   SUNSET   830 PM CDT


-  INDICATES NEGATIVE NUMBERS.
R  INDICATES RECORD WAS SET OR TIED.
MM INDICATES DATA IS MISSING.
T  INDICATES TRACE AMOUNT.




$$
