000
CDUS43 KDLH 080635
CLIDLH


CLIMATE REPORT
NATIONAL WEATHER SERVICE DULUTH MN
135 AM CDT SUN MAY 8 2016


...................................

...THE DULUTH MN CLIMATE SUMMARY FOR MAY 7 2016...

CLIMATE NORMAL PERIOD 1981 TO 2010
CLIMATE RECORD PERIOD 1870 TO 2016


WEATHER ITEM   OBSERVED TIME   RECORD YEAR NORMAL DEPARTURE LAST
                VALUE   (LST)  VALUE       VALUE  FROM      YEAR
                                                  NORMAL
..................................................................
TEMPERATURE (F)
 YESTERDAY
  MAXIMUM         65    401 PM  88    1896  60      5       64
  MINIMUM         43    536 AM  24    1907  38      5       50
  AVERAGE         54                        49      5       57

PRECIPITATION (IN)
  YESTERDAY        0.00          0.66 1930   0.09  -0.09     0.34
  MONTH TO DATE    0.51                      0.70  -0.19     0.50
  SINCE MAR 1      6.87                      4.62   2.25     2.32
  SINCE JAN 1      8.75                      6.39   2.36     3.16

SNOWFALL (IN)
  YESTERDAY        0.0           4.4  2010   0.0    0.0      0.0
  MONTH TO DATE    T                         0.2   -0.2      0.0
  SINCE MAR 1     27.1                      20.3    6.8      9.3
  SINCE JUL 1     81.3                      85.9   -4.6     49.2
  SNOW DEPTH       0

DEGREE DAYS
 HEATING
  YESTERDAY       11                        16     -5        8
  MONTH TO DATE   80                       121    -41       59
  SINCE MAR 1   1917                      2093   -176     1793
  SINCE JUL 1   7754                      8960  -1206     8632

 COOLING
  YESTERDAY        0                         0      0        0
  MONTH TO DATE    7                         0      7        0
  SINCE MAR 1      7                         0      7        0
  SINCE JAN 1      7                         0      7        0
..................................................................


WIND (MPH)
  HIGHEST WIND SPEED    26   HIGHEST WIND DIRECTION     N (340)
  HIGHEST GUST SPEED    34   HIGHEST GUST DIRECTION     N (350)
  AVERAGE WIND SPEED    10.5


SKY COVER
  AVERAGE SKY COVER 0.3


WEATHER CONDITIONS
 THE FOLLOWING WEATHER WAS RECORDED YESTERDAY.
  HAZE


RELATIVE HUMIDITY (PERCENT)
 HIGHEST    62           500 AM
 LOWEST     20           600 PM
 AVERAGE    41

..........................................................


THE DULUTH MN CLIMATE NORMALS FOR TODAY
                         NORMAL    RECORD    YEAR
 MAXIMUM TEMPERATURE (F)   60        87      1896
 MINIMUM TEMPERATURE (F)   38        22      1966


SUNRISE AND SUNSET
MAY  8 2016...........SUNRISE   542 AM CDT   SUNSET   829 PM CDT
MAY  9 2016...........SUNRISE   541 AM CDT   SUNSET   830 PM CDT


-  INDICATES NEGATIVE NUMBERS.
R  INDICATES RECORD WAS SET OR TIED.
MM INDICATES DATA IS MISSING.
T  INDICATES TRACE AMOUNT.




$$
