000
CDUS43 KDLH 200627
CLIDLH


CLIMATE REPORT
NATIONAL WEATHER SERVICE DULUTH MN
126 AM CDT MON MAR 20 2017


...................................

...THE DULUTH MN CLIMATE SUMMARY FOR MARCH 19 2017...

CLIMATE NORMAL PERIOD 1981 TO 2010
CLIMATE RECORD PERIOD 1870 TO 2017


WEATHER ITEM   OBSERVED TIME   RECORD YEAR NORMAL DEPARTURE LAST
                VALUE   (LST)  VALUE       VALUE  FROM      YEAR
                                                  NORMAL
..................................................................
TEMPERATURE (F)
 YESTERDAY
  MAXIMUM         43   1024 PM  72    2012  35      8       31
  MINIMUM         24    215 AM -26    1875  19      5       20
  AVERAGE         34                        27      7       26

PRECIPITATION (IN)
  YESTERDAY        0.00          0.50 1903   0.05  -0.05      T
  MONTH TO DATE    0.76                      0.86  -0.10     3.10
  SINCE MAR 1      0.76                      0.86  -0.10     3.10
  SINCE JAN 1      3.72                      2.63   1.09     4.98

SNOWFALL (IN)
  YESTERDAY        0.0           4.8  1963   0.4   -0.4       T
  MONTH TO DATE    5.1                       9.2   -4.1     12.9
  SINCE MAR 1      5.1                       9.2   -4.1     12.9
  SINCE JUL 1     64.1                      74.8  -10.7     67.1
  SNOW DEPTH       5

DEGREE DAYS
 HEATING
  YESTERDAY       31                        38     -7       39
  MONTH TO DATE  838                       789     49      635
  SINCE MAR 1    838                       789     49      635
  SINCE JUL 1   6528                      7656  -1128     6472

 COOLING
  YESTERDAY        0                         0      0        0
  MONTH TO DATE    0                         0      0        0
  SINCE MAR 1      0                         0      0        0
  SINCE JAN 1      0                         0      0        0
..................................................................


WIND (MPH)
  HIGHEST WIND SPEED    17   HIGHEST WIND DIRECTION    SE (130)
  HIGHEST GUST SPEED    24   HIGHEST GUST DIRECTION    SE (140)
  AVERAGE WIND SPEED    10.1


SKY COVER
  AVERAGE SKY COVER 0.2


WEATHER CONDITIONS
 THE FOLLOWING WEATHER WAS RECORDED YESTERDAY.
  NO SIGNIFICANT WEATHER WAS OBSERVED.


RELATIVE HUMIDITY (PERCENT)
 HIGHEST    92          1200 AM
 LOWEST     62           600 PM
 AVERAGE    77

..........................................................


THE DULUTH MN CLIMATE NORMALS FOR TODAY
                         NORMAL    RECORD    YEAR
 MAXIMUM TEMPERATURE (F)   36        62      2012
 MINIMUM TEMPERATURE (F)   19       -21      1965


SUNRISE AND SUNSET
MARCH 20 2017.........SUNRISE   711 AM CDT   SUNSET   722 PM CDT
MARCH 21 2017.........SUNRISE   709 AM CDT   SUNSET   723 PM CDT


-  INDICATES NEGATIVE NUMBERS.
R  INDICATES RECORD WAS SET OR TIED.
MM INDICATES DATA IS MISSING.
T  INDICATES TRACE AMOUNT.




$$
