000
CDUS43 KDLH 200628
CLIDLH


CLIMATE REPORT
NATIONAL WEATHER SERVICE DULUTH MN
127 AM CDT THU AUG 20 2015


...................................

...THE DULUTH MN CLIMATE SUMMARY FOR AUGUST 19 2015...

CLIMATE NORMAL PERIOD 1981 TO 2010
CLIMATE RECORD PERIOD 1870 TO 2015


WEATHER ITEM   OBSERVED TIME   RECORD YEAR NORMAL DEPARTURE LAST
                VALUE   (LST)  VALUE       VALUE  FROM      YEAR
                                                  NORMAL
..................................................................
TEMPERATURE (F)
 YESTERDAY
  MAXIMUM         62    222 PM  94    1976  74    -12       72
  MINIMUM         52   1159 PM  37    2004  54     -2       59
  AVERAGE         57                        64     -7       66

PRECIPITATION (IN)
  YESTERDAY        0.44          2.89 2009   0.13   0.31     0.57
  MONTH TO DATE    3.31                      2.22   1.09     3.60
  SINCE JUN 1      9.96                     10.30  -0.34    11.49
  SINCE JAN 1     16.35                     19.22  -2.87    23.92

SNOWFALL (IN)
  YESTERDAY        0.0                       0.0    0.0      0.0
  MONTH TO DATE    0.0                       0.0    0.0      0.0
  SINCE JUN 1      T                         0.0    0.0       T
  SINCE JUL 1      0.0                       0.0    0.0      0.0
  SNOW DEPTH       0

DEGREE DAYS
 HEATING
  YESTERDAY        8                         3      5        0
  MONTH TO DATE   29                        41    -12       17
  SINCE JUN 1    165                       283   -118      219
  SINCE JUL 1     44                       104    -60       57

 COOLING
  YESTERDAY        0                         2     -2        1
  MONTH TO DATE   72                        48     24       31
  SINCE JUN 1    250                       168     82      145
  SINCE JAN 1    254                       172     82      163
..................................................................


WIND (MPH)
  HIGHEST WIND SPEED    25   HIGHEST WIND DIRECTION     E (70)
  HIGHEST GUST SPEED    40   HIGHEST GUST DIRECTION     E (70)
  AVERAGE WIND SPEED    12.6


SKY COVER
  AVERAGE SKY COVER 1.0


WEATHER CONDITIONS
 THE FOLLOWING WEATHER WAS RECORDED YESTERDAY.
  THUNDERSTORM
  RAIN
  LIGHT RAIN
  FOG


RELATIVE HUMIDITY (PERCENT)
 HIGHEST   100           800 AM
 LOWEST     86           800 PM
 AVERAGE    93

..........................................................


THE DULUTH MN CLIMATE NORMALS FOR TODAY
                         NORMAL    RECORD    YEAR
 MAXIMUM TEMPERATURE (F)   74        91      2013
 MINIMUM TEMPERATURE (F)   54        36      2004


SUNRISE AND SUNSET
AUGUST 20 2015........SUNRISE   613 AM CDT   SUNSET   811 PM CDT
AUGUST 21 2015........SUNRISE   614 AM CDT   SUNSET   809 PM CDT


-  INDICATES NEGATIVE NUMBERS.
R  INDICATES RECORD WAS SET OR TIED.
MM INDICATES DATA IS MISSING.
T  INDICATES TRACE AMOUNT.




$$
