000
CDUS43 KDLH 120639
CLIDLH


CLIMATE REPORT
NATIONAL WEATHER SERVICE DULUTH MN
139 AM CDT TUE AUG 12 2014


...................................

...THE DULUTH MN CLIMATE SUMMARY FOR AUGUST 11 2014...

CLIMATE NORMAL PERIOD 1981 TO 2010
CLIMATE RECORD PERIOD 1870 TO 2014


WEATHER ITEM   OBSERVED TIME   RECORD YEAR NORMAL DEPARTURE LAST
                VALUE   (LST)  VALUE       VALUE  FROM      YEAR
                                                  NORMAL
..................................................................
TEMPERATURE (F)
 YESTERDAY
  MAXIMUM         74    140 PM  94    1947  75     -1       79
  MINIMUM         58   1048 PM  37    1982  55      3       55
  AVERAGE         66                        65      1       67

PRECIPITATION (IN)
  YESTERDAY        1.43          1.56 1962   0.12   1.31      T
  MONTH TO DATE    1.66                      1.26   0.40     0.55
  SINCE JUN 1      9.55                      9.34   0.21     6.82
  SINCE JAN 1     21.98                     18.26   3.72    20.16

SNOWFALL (IN)
  YESTERDAY        0.0           0.0  2002   0.0    0.0      0.0
                                      2001
  MONTH TO DATE    0.0                       0.0    0.0      0.0
  SINCE JUN 1      T                         0.0    0.0      0.0
  SINCE JUL 1      0.0                       0.0    0.0      0.0
  SNOW DEPTH       0

DEGREE DAYS
 HEATING
  YESTERDAY        0                         2     -2        0
  MONTH TO DATE    4                        22    -18       13
  SINCE JUN 1    206                       264    -58      206
  SINCE JUL 1     44                        85    -41       60

 COOLING
  YESTERDAY        1                         2     -1        2
  MONTH TO DATE   23                        32     -9        9
  SINCE JUN 1    137                       152    -15      203
  SINCE JAN 1    155                       156     -1      204
..................................................................


WIND (MPH)
  HIGHEST WIND SPEED    23   HIGHEST WIND DIRECTION    NE (30)
  HIGHEST GUST SPEED    31   HIGHEST GUST DIRECTION     N (20)
  AVERAGE WIND SPEED     8.7


SKY COVER
  AVERAGE SKY COVER 0.8


WEATHER CONDITIONS
 THE FOLLOWING WEATHER WAS RECORDED YESTERDAY.
  THUNDERSTORM
  HEAVY RAIN
  RAIN
  LIGHT RAIN
  FOG


RELATIVE HUMIDITY (PERCENT)
 HIGHEST    93           100 AM
 LOWEST     61          1200 PM
 AVERAGE    77

..........................................................


THE DULUTH MN CLIMATE NORMALS FOR TODAY
                         NORMAL    RECORD    YEAR
 MAXIMUM TEMPERATURE (F)   75        89      1965
 MINIMUM TEMPERATURE (F)   55        42      1990


SUNRISE AND SUNSET
AUGUST 12 2014........SUNRISE   602 AM CDT   SUNSET   824 PM CDT
AUGUST 13 2014........SUNRISE   604 AM CDT   SUNSET   822 PM CDT


-  INDICATES NEGATIVE NUMBERS.
R  INDICATES RECORD WAS SET OR TIED.
MM INDICATES DATA IS MISSING.
T  INDICATES TRACE AMOUNT.




$$
