000
CDUS43 KDLH 040624
CLIDLH


CLIMATE REPORT
NATIONAL WEATHER SERVICE DULUTH MN
121 AM CDT FRI AUG 4 2017


...................................

...THE DULUTH MN CLIMATE SUMMARY FOR AUGUST 3 2017...

CLIMATE NORMAL PERIOD 1981 TO 2010
CLIMATE RECORD PERIOD 1870 TO 2017


WEATHER ITEM   OBSERVED TIME   RECORD YEAR NORMAL DEPARTURE LAST
                VALUE   (LST)  VALUE       VALUE  FROM      YEAR
                                                  NORMAL
..................................................................
TEMPERATURE (F)
 YESTERDAY
  MAXIMUM         57   1244 AM  91    1893  76    -19       84
  MINIMUM         50    829 PM  39    1971  56     -6       59
  AVERAGE         54                        66    -12       72

PRECIPITATION (IN)
  YESTERDAY        1.15          2.80 1888   0.11   1.04      T
  MONTH TO DATE    1.15                      0.33   0.82     1.10
  SINCE JUN 1     10.47                      8.41   2.06     9.95
  SINCE JAN 1     21.61                     17.33   4.28    20.06

SNOWFALL (IN)
  YESTERDAY        0.0           0.0  2002   0.0    0.0      0.0
                                      2001
  MONTH TO DATE    0.0                       0.0    0.0      0.0
  SINCE JUN 1      T                         0.0    0.0       T
  SINCE JUL 1      T                         0.0    0.0      0.0
  SNOW DEPTH       0

DEGREE DAYS
 HEATING
  YESTERDAY       11                         2      9        0
  MONTH TO DATE   14                         6      8        0
  SINCE JUN 1    198                       248    -50      171
  SINCE JUL 1     67                        69     -2       29

 COOLING
  YESTERDAY        0                         3     -3        7
  MONTH TO DATE    7                         9     -2       20
  SINCE JUN 1     90                       129    -39      166
  SINCE JAN 1     90                       133    -43      175
..................................................................


WIND (MPH)
  HIGHEST WIND SPEED    22   HIGHEST WIND DIRECTION     N (20)
  HIGHEST GUST SPEED    31   HIGHEST GUST DIRECTION     N (10)
  AVERAGE WIND SPEED    11.6


SKY COVER
  AVERAGE SKY COVER 1.0


WEATHER CONDITIONS
 THE FOLLOWING WEATHER WAS RECORDED YESTERDAY.
  RAIN
  LIGHT RAIN
  FOG


RELATIVE HUMIDITY (PERCENT)
 HIGHEST   100           400 AM
 LOWEST     80          1200 AM
 AVERAGE    90

..........................................................


THE DULUTH MN CLIMATE NORMALS FOR TODAY
                         NORMAL    RECORD    YEAR
 MAXIMUM TEMPERATURE (F)   76        92      1989
                                             1932
                                             1900
 MINIMUM TEMPERATURE (F)   56        38      1972


SUNRISE AND SUNSET
AUGUST  4 2017........SUNRISE   553 AM CDT   SUNSET   836 PM CDT
AUGUST  5 2017........SUNRISE   554 AM CDT   SUNSET   834 PM CDT


-  INDICATES NEGATIVE NUMBERS.
R  INDICATES RECORD WAS SET OR TIED.
MM INDICATES DATA IS MISSING.
T  INDICATES TRACE AMOUNT.




$$
