501
CDUS43 KDLH 140640
CLIDLH


CLIMATE REPORT
NATIONAL WEATHER SERVICE DULUTH MN
140 AM CDT THU JUL 14 2016


...................................

...THE DULUTH MN CLIMATE SUMMARY FOR JULY 13 2016...

CLIMATE NORMAL PERIOD 1981 TO 2010
CLIMATE RECORD PERIOD 1870 TO 2016


WEATHER ITEM   OBSERVED TIME   RECORD YEAR NORMAL DEPARTURE LAST
                VALUE   (LST)  VALUE       VALUE  FROM      YEAR
                                                  NORMAL
..................................................................
TEMPERATURE (F)
 YESTERDAY
  MAXIMUM         76    157 PM 106    1936  77     -1       80
  MINIMUM         62   1159 PM  39    1990  56      6       62
  AVERAGE         69                        66      3       71

PRECIPITATION (IN)
  YESTERDAY        0.11          2.72 1879   0.12  -0.01     0.06
  MONTH TO DATE    3.24                      1.79   1.45     2.93
  SINCE JUN 1      7.70                      6.02   1.68     6.57
  SINCE JAN 1     17.81                     14.94   2.87    12.96

SNOWFALL (IN)
  YESTERDAY        0.0           0.0  2002   0.0    0.0      0.0
                                      2001
  MONTH TO DATE    0.0                       0.0    0.0      0.0
  SINCE JUN 1      T                         0.0    0.0       T
  SINCE JUL 1      0.0                       0.0    0.0      0.0
  SNOW DEPTH       0

DEGREE DAYS
 HEATING
  YESTERDAY        0                         2     -2        0
  MONTH TO DATE   13                        32    -19       13
  SINCE JUN 1    155                       211    -56      134
  SINCE JUL 1     13                        32    -19       13

 COOLING
  YESTERDAY        4                         3      1        6
  MONTH TO DATE   28                        36     -8       46
  SINCE JUN 1     71                        66      5       68
  SINCE JAN 1     80                        70     10       72
..................................................................


WIND (MPH)
  HIGHEST WIND SPEED    33   HIGHEST WIND DIRECTION     W (250)
  HIGHEST GUST SPEED    41   HIGHEST GUST DIRECTION     W (250)
  AVERAGE WIND SPEED    18.7


SKY COVER
  AVERAGE SKY COVER 0.4


WEATHER CONDITIONS
 THE FOLLOWING WEATHER WAS RECORDED YESTERDAY.
  RAIN
  LIGHT RAIN
  FOG


RELATIVE HUMIDITY (PERCENT)
 HIGHEST    93           700 PM
 LOWEST     57           100 PM
 AVERAGE    75

..........................................................


THE DULUTH MN CLIMATE NORMALS FOR TODAY
                         NORMAL    RECORD    YEAR
 MAXIMUM TEMPERATURE (F)   77        98      1901
 MINIMUM TEMPERATURE (F)   56        37      1987


SUNRISE AND SUNSET
JULY 14 2016..........SUNRISE   529 AM CDT   SUNSET   859 PM CDT
JULY 15 2016..........SUNRISE   530 AM CDT   SUNSET   858 PM CDT


-  INDICATES NEGATIVE NUMBERS.
R  INDICATES RECORD WAS SET OR TIED.
MM INDICATES DATA IS MISSING.
T  INDICATES TRACE AMOUNT.




$$
