000
CDUS43 KDLH 070634
CLIDLH


CLIMATE REPORT
NATIONAL WEATHER SERVICE DULUTH MN
134 AM CDT SAT MAY 7 2016


...................................

...THE DULUTH MN CLIMATE SUMMARY FOR MAY 6 2016...

CLIMATE NORMAL PERIOD 1981 TO 2010
CLIMATE RECORD PERIOD 1870 TO 2016


WEATHER ITEM   OBSERVED TIME   RECORD YEAR NORMAL DEPARTURE LAST
                VALUE   (LST)  VALUE       VALUE  FROM      YEAR
                                                  NORMAL
..................................................................
TEMPERATURE (F)
 YESTERDAY
  MAXIMUM         92R   220 PM  82    2000  59     33       62
                                      1934
  MINIMUM         52   1159 PM  20    1989  38     14       45
  AVERAGE         72                        48     24       54

PRECIPITATION (IN)
  YESTERDAY        0.44          1.16 1964   0.11   0.33     0.15
  MONTH TO DATE    0.51                      0.61  -0.10     0.16
  SINCE MAR 1      6.87                      4.53   2.34     1.98
  SINCE JAN 1      8.75                      6.30   2.45     2.82

SNOWFALL (IN)
  YESTERDAY        0.0           1.8  1919   0.0    0.0      0.0
  MONTH TO DATE    0.0                       0.2   -0.2      0.0
  SINCE MAR 1     27.1                      20.3    6.8      9.3
  SINCE JUL 1     81.3                      85.9   -4.6     49.2
  SNOW DEPTH       0

DEGREE DAYS
 HEATING
  YESTERDAY        0                        17    -17       11
  MONTH TO DATE   69                       105    -36       51
  SINCE MAR 1   1906                      2077   -171     1785
  SINCE JUL 1   7743                      8944  -1201     8624

 COOLING
  YESTERDAY        7                         0      7        0
  MONTH TO DATE    7                         0      7        0
  SINCE MAR 1      7                         0      7        0
  SINCE JAN 1      7                         0      7        0
..................................................................


WIND (MPH)
  HIGHEST WIND SPEED    35   HIGHEST WIND DIRECTION    NW (310)
  HIGHEST GUST SPEED    46   HIGHEST GUST DIRECTION    NW (310)
  AVERAGE WIND SPEED    15.9


SKY COVER
  AVERAGE SKY COVER 0.3


WEATHER CONDITIONS
 THE FOLLOWING WEATHER WAS RECORDED YESTERDAY.
  THUNDERSTORM
  RAIN
  LIGHT RAIN
  HAZE


RELATIVE HUMIDITY (PERCENT)
 HIGHEST    59           400 PM
 LOWEST     19          1200 PM
 AVERAGE    39

..........................................................


THE DULUTH MN CLIMATE NORMALS FOR TODAY
                         NORMAL    RECORD    YEAR
 MAXIMUM TEMPERATURE (F)   60        88      1896
 MINIMUM TEMPERATURE (F)   38        24      1907


SUNRISE AND SUNSET
MAY  7 2016...........SUNRISE   544 AM CDT   SUNSET   828 PM CDT
MAY  8 2016...........SUNRISE   542 AM CDT   SUNSET   829 PM CDT


-  INDICATES NEGATIVE NUMBERS.
R  INDICATES RECORD WAS SET OR TIED.
MM INDICATES DATA IS MISSING.
T  INDICATES TRACE AMOUNT.




$$
