000
CDUS43 KDLH 220640
CLIDLH


CLIMATE REPORT
NATIONAL WEATHER SERVICE DULUTH MN
140 AM CDT SAT AUG 22 2015


...................................

...THE DULUTH MN CLIMATE SUMMARY FOR AUGUST 21 2015...

CLIMATE NORMAL PERIOD 1981 TO 2010
CLIMATE RECORD PERIOD 1870 TO 2015


WEATHER ITEM   OBSERVED TIME   RECORD YEAR NORMAL DEPARTURE LAST
                VALUE   (LST)  VALUE       VALUE  FROM      YEAR
                                                  NORMAL
..................................................................
TEMPERATURE (F)
 YESTERDAY
  MAXIMUM         76    408 PM  90    1976  74      2       67
  MINIMUM         50    451 AM  37    2004  54     -4       60
  AVERAGE         63                        64     -1       64

PRECIPITATION (IN)
  YESTERDAY        0.00          1.91 1916   0.12  -0.12      T
  MONTH TO DATE    3.33                      2.46   0.87     3.60
  SINCE JUN 1      9.98                     10.54  -0.56    11.49
  SINCE JAN 1     16.37                     19.46  -3.09    23.92

SNOWFALL (IN)
  YESTERDAY        0.0           0.0  2002   0.0    0.0      0.0
                                      2001
  MONTH TO DATE    0.0                       0.0    0.0      0.0
  SINCE JUN 1      T                         0.0    0.0       T
  SINCE JUL 1      0.0                       0.0    0.0      0.0
  SNOW DEPTH       0

DEGREE DAYS
 HEATING
  YESTERDAY        2                         3     -1        1
  MONTH TO DATE   38                        47     -9       18
  SINCE JUN 1    174                       289   -115      220
  SINCE JUL 1     53                       110    -57       58

 COOLING
  YESTERDAY        0                         2     -2        0
  MONTH TO DATE   72                        52     20       32
  SINCE JUN 1    250                       172     78      146
  SINCE JAN 1    254                       176     78      164
..................................................................


WIND (MPH)
  HIGHEST WIND SPEED    15   HIGHEST WIND DIRECTION     S (170)
  HIGHEST GUST SPEED    15   HIGHEST GUST DIRECTION     S (170)
  AVERAGE WIND SPEED     9.4


SKY COVER
  AVERAGE SKY COVER 0.1


WEATHER CONDITIONS
 THE FOLLOWING WEATHER WAS RECORDED YESTERDAY.
  NO SIGNIFICANT WEATHER WAS OBSERVED.


RELATIVE HUMIDITY (PERCENT)
 HIGHEST    93           400 AM
 LOWEST     60          1200 PM
 AVERAGE    77

..........................................................


THE DULUTH MN CLIMATE NORMALS FOR TODAY
                         NORMAL    RECORD    YEAR
 MAXIMUM TEMPERATURE (F)   73        87      1969
 MINIMUM TEMPERATURE (F)   54        39      1967


SUNRISE AND SUNSET
AUGUST 22 2015........SUNRISE   615 AM CDT   SUNSET   807 PM CDT
AUGUST 23 2015........SUNRISE   616 AM CDT   SUNSET   805 PM CDT


-  INDICATES NEGATIVE NUMBERS.
R  INDICATES RECORD WAS SET OR TIED.
MM INDICATES DATA IS MISSING.
T  INDICATES TRACE AMOUNT.




$$
