000
CDUS43 KDLH 201245
CLIDLH


CLIMATE REPORT
NATIONAL WEATHER SERVICE DULUTH MN
745 AM CDT SAT JUN 20 2015


...................................

...THE DULUTH MN CLIMATE SUMMARY FOR JUNE 19 2015...

CLIMATE NORMAL PERIOD 1981 TO 2010
CLIMATE RECORD PERIOD 1870 TO 2015


WEATHER ITEM   OBSERVED TIME   RECORD YEAR NORMAL DEPARTURE LAST
                VALUE   (LST)  VALUE       VALUE  FROM      YEAR
                                                  NORMAL
..................................................................
TEMPERATURE (F)
 YESTERDAY
  MAXIMUM         70    112 PM  95    1933  72     -2       62
  MINIMUM         42    427 AM  34    1992  50     -8       51
  AVERAGE         56                        61     -5       57

PRECIPITATION (IN)
  YESTERDAY        0.00          4.14 2012   0.15  -0.15     0.07
  MONTH TO DATE    0.80                      2.54  -1.74     3.11
  SINCE JUN 1      0.80                      2.54  -1.74     3.11
  SINCE JAN 1      7.19                     11.46  -4.27    15.54

SNOWFALL (IN)
  YESTERDAY        0.0           T    1955   0.0    0.0      0.0
  MONTH TO DATE    0.0                       0.0    0.0       T
  SINCE JUN 1      0.0                       0.0    0.0       T
  SINCE JUL 1     49.2                      86.1  -36.9    131.0
  SNOW DEPTH       0

DEGREE DAYS
 HEATING
  YESTERDAY        9                         5      4        8
  MONTH TO DATE  108                       135    -27      104
  SINCE JUN 1    108                       135    -27      104
  SINCE JUL 1   9090                      9400   -310    10284

 COOLING
  YESTERDAY        0                         1     -1        0
  MONTH TO DATE    5                        10     -5        8
  SINCE JUN 1      5                        10     -5        8
  SINCE JAN 1      9                        14     -5       26
..................................................................


WIND (MPH)
  HIGHEST WIND SPEED    15   HIGHEST WIND DIRECTION     S (160)
  HIGHEST GUST SPEED    20   HIGHEST GUST DIRECTION    SE (150)
  AVERAGE WIND SPEED     7.0


SKY COVER
  AVERAGE SKY COVER 0.2


WEATHER CONDITIONS
 THE FOLLOWING WEATHER WAS RECORDED YESTERDAY.
  NO SIGNIFICANT WEATHER WAS OBSERVED.


RELATIVE HUMIDITY (PERCENT)
 HIGHEST    89           100 AM
 LOWEST     40          1200 PM
 AVERAGE    65

..........................................................


THE DULUTH MN CLIMATE NORMALS FOR TODAY
                         NORMAL    RECORD    YEAR
 MAXIMUM TEMPERATURE (F)   72        88      1995
 MINIMUM TEMPERATURE (F)   51        31      1992


SUNRISE AND SUNSET
JUNE 20 2015..........SUNRISE   514 AM CDT   SUNSET   906 PM CDT
JUNE 21 2015..........SUNRISE   514 AM CDT   SUNSET   907 PM CDT


-  INDICATES NEGATIVE NUMBERS.
R  INDICATES RECORD WAS SET OR TIED.
MM INDICATES DATA IS MISSING.
T  INDICATES TRACE AMOUNT.




$$
