000
CDUS43 KDLH 100623
CLIDLH


CLIMATE REPORT
NATIONAL WEATHER SERVICE DULUTH MN
1222 AM CST WED DEC 10 2014


...................................

...THE DULUTH MN CLIMATE SUMMARY FOR DECEMBER 9 2014...

CLIMATE NORMAL PERIOD 1981 TO 2010
CLIMATE RECORD PERIOD 1870 TO 2014


WEATHER ITEM   OBSERVED TIME   RECORD YEAR NORMAL DEPARTURE LAST
                VALUE   (LST)  VALUE       VALUE  FROM      YEAR
                                                  NORMAL
..................................................................
TEMPERATURE (F)
 YESTERDAY
  MAXIMUM         24    808 PM  54    1939  24      0        5
  MINIMUM         16    801 AM -30    1876  10      6       -9
  AVERAGE         20                        17      3       -2

PRECIPITATION (IN)
  YESTERDAY        T             1.03 1879   0.04  -0.04     0.02
  MONTH TO DATE    0.19                      0.40  -0.21     2.19
  SINCE DEC 1      0.19                      0.40  -0.21     2.19
  SINCE JAN 1     29.56                     30.15  -0.59    29.79

SNOWFALL (IN)
  YESTERDAY        T             7.1  1961   0.6   -0.6      0.1
  MONTH TO DATE    2.4                       4.9   -2.5     24.2
  SINCE DEC 1      2.4                       4.9   -2.5     24.2
  SINCE JUL 1     18.9                      21.0   -2.1     29.2
  SNOW DEPTH       6

DEGREE DAYS
 HEATING
  YESTERDAY       45                        48     -3       67
  MONTH TO DATE  427                       419      8      487
  SINCE DEC 1    427                       419      8      487
  SINCE JUL 1   2642                      2632     10     2444

 COOLING
  YESTERDAY        0                         0      0        0
  MONTH TO DATE    0                         0      0        0
  SINCE DEC 1      0                         0      0        0
  SINCE JAN 1    179                       204    -25      375
..................................................................


WIND (MPH)
  HIGHEST WIND SPEED    16   HIGHEST WIND DIRECTION     N (340)
  HIGHEST GUST SPEED    20   HIGHEST GUST DIRECTION     N (350)
  AVERAGE WIND SPEED     7.7


SKY COVER
  AVERAGE SKY COVER 1.0


WEATHER CONDITIONS
 THE FOLLOWING WEATHER WAS RECORDED YESTERDAY.
  LIGHT SNOW
  FOG


RELATIVE HUMIDITY (PERCENT)
 HIGHEST    92           100 PM
 LOWEST     77          1100 AM
 AVERAGE    85

..........................................................


THE DULUTH MN CLIMATE NORMALS FOR TODAY
                         NORMAL    RECORD    YEAR
 MAXIMUM TEMPERATURE (F)   24        46      1896
                                             1891
 MINIMUM TEMPERATURE (F)    9       -25      1977


SUNRISE AND SUNSET
DECEMBER 10 2014......SUNRISE   742 AM CST   SUNSET   420 PM CST
DECEMBER 11 2014......SUNRISE   743 AM CST   SUNSET   420 PM CST


-  INDICATES NEGATIVE NUMBERS.
R  INDICATES RECORD WAS SET OR TIED.
MM INDICATES DATA IS MISSING.
T  INDICATES TRACE AMOUNT.




$$
