000
CDUS43 KDLH 180624
CLIDLH


CLIMATE REPORT
NATIONAL WEATHER SERVICE DULUTH MN
124 AM CDT MON MAY 18 2015


...................................

...THE DULUTH MN CLIMATE SUMMARY FOR MAY 17 2015...

CLIMATE NORMAL PERIOD 1981 TO 2010
CLIMATE RECORD PERIOD 1870 TO 2015


WEATHER ITEM   OBSERVED TIME   RECORD YEAR NORMAL DEPARTURE LAST
                VALUE   (LST)  VALUE       VALUE  FROM      YEAR
                                                  NORMAL
..................................................................
TEMPERATURE (F)
 YESTERDAY
  MAXIMUM         63    127 PM  87    1972  63      0       65
                                      1897
  MINIMUM         44    443 AM  26    1988  41      3       34
  AVERAGE         54                        52      2       50

PRECIPITATION (IN)
  YESTERDAY        0.32          1.49 1987   0.10   0.22     0.00
  MONTH TO DATE    2.83                      1.72   1.11     2.31
  SINCE MAR 1      4.65                      5.64  -0.99     7.52
  SINCE JAN 1      5.49                      7.41  -1.92    10.37

SNOWFALL (IN)
  YESTERDAY        0.0           3.5  1968   0.0    0.0      0.0
  MONTH TO DATE    T                         0.4   -0.4       T
  SINCE MAR 1      9.3                      20.5  -11.2     47.2
  SINCE JUL 1     49.2                      86.1  -36.9    131.0
  SNOW DEPTH       0

DEGREE DAYS
 HEATING
  YESTERDAY       11                        13     -2       15
  MONTH TO DATE  250                       267    -17      341
  SINCE MAR 1   1984                      2239   -255     2666
  SINCE JUL 1   8823                      9106   -283    10107

 COOLING
  YESTERDAY        0                         0      0        0
  MONTH TO DATE    0                         0      0        0
  SINCE MAR 1      0                         0      0        0
  SINCE JAN 1      0                         0      0        0
..................................................................


WIND (MPH)
  HIGHEST WIND SPEED    30   HIGHEST WIND DIRECTION    SW (220)
  HIGHEST GUST SPEED    36   HIGHEST GUST DIRECTION    SW (220)
  AVERAGE WIND SPEED    11.0


SKY COVER
  AVERAGE SKY COVER 0.8


WEATHER CONDITIONS
 THE FOLLOWING WEATHER WAS RECORDED YESTERDAY.
  THUNDERSTORM
  RAIN
  LIGHT RAIN
  FOG
  FOG W/VISIBILITY <= 1/4 MILE
  HAZE


RELATIVE HUMIDITY (PERCENT)
 HIGHEST   100           700 AM
 LOWEST     84           400 PM
 AVERAGE    92

..........................................................


THE DULUTH MN CLIMATE NORMALS FOR TODAY
                         NORMAL    RECORD    YEAR
 MAXIMUM TEMPERATURE (F)   63        87      2012
 MINIMUM TEMPERATURE (F)   41        27      1915


SUNRISE AND SUNSET
MAY 18 2015...........SUNRISE   531 AM CDT   SUNSET   840 PM CDT
MAY 19 2015...........SUNRISE   529 AM CDT   SUNSET   841 PM CDT


-  INDICATES NEGATIVE NUMBERS.
R  INDICATES RECORD WAS SET OR TIED.
MM INDICATES DATA IS MISSING.
T  INDICATES TRACE AMOUNT.




$$
