830
CDUS43 KDLH 131701
CLIDLH


CLIMATE REPORT
NATIONAL WEATHER SERVICE DULUTH MN
1100 AM CST FRI JAN 13 2017


...................................

...THE DULUTH MN CLIMATE SUMMARY FOR JANUARY 12 2017...

CLIMATE NORMAL PERIOD 1981 TO 2010
CLIMATE RECORD PERIOD 1870 TO 2017


WEATHER ITEM   OBSERVED TIME   RECORD YEAR NORMAL DEPARTURE LAST
                VALUE   (LST)  VALUE       VALUE  FROM      YEAR
                                                  NORMAL
..................................................................
TEMPERATURE (F)
 YESTERDAY
  MAXIMUM          9    225 PM  45    1987  19    -10        0
  MINIMUM        -15    533 AM -34    1912   1    -16      -11
  AVERAGE         -3                        10    -13       -5

PRECIPITATION (IN)
  YESTERDAY        0.00          0.95 1972   0.04  -0.04      T
  MONTH TO DATE    0.60                      0.42   0.18     0.24
  SINCE DEC 1      2.67                      1.63   1.04     3.94
  SINCE JAN 1      0.60                      0.42   0.18     0.24

SNOWFALL (IN)
  YESTERDAY        0.0          13.4  1972   0.7   -0.7       T
  MONTH TO DATE   10.1                       8.1    2.0      3.6
  SINCE DEC 1     31.4                      25.8    5.6     28.2
  SINCE JUL 1     39.5                      41.9   -2.4     32.6
  SNOW DEPTH      13

DEGREE DAYS
 HEATING
  YESTERDAY       68                        55     13       70
  MONTH TO DATE  733                       657     76      614
  SINCE DEC 1   2245                      2213     32     1801
  SINCE JUL 1   3727                      4426   -699     3464

 COOLING
  YESTERDAY        0                         0      0        0
  MONTH TO DATE    0                         0      0        0
  SINCE DEC 1      0                         0      0        0
  SINCE JAN 1      0                         0      0        0
..................................................................


WIND (MPH)
  HIGHEST WIND SPEED    35   HIGHEST WIND DIRECTION     W (270)
  HIGHEST GUST SPEED    44   HIGHEST GUST DIRECTION     W (280)
  AVERAGE WIND SPEED    15.5


SKY COVER
  AVERAGE SKY COVER 0.1


WEATHER CONDITIONS
 THE FOLLOWING WEATHER WAS RECORDED YESTERDAY.
  HAZE
  BLOWING SNOW


RELATIVE HUMIDITY (PERCENT)
 HIGHEST    79           600 AM
 LOWEST     55           300 PM
 AVERAGE    67

..........................................................


THE DULUTH MN CLIMATE NORMALS FOR TODAY
                         NORMAL    RECORD    YEAR
 MAXIMUM TEMPERATURE (F)   19        48      1894
 MINIMUM TEMPERATURE (F)    1       -34      1929


SUNRISE AND SUNSET
JANUARY 13 2017.......SUNRISE   750 AM CST   SUNSET   445 PM CST
JANUARY 14 2017.......SUNRISE   749 AM CST   SUNSET   446 PM CST


-  INDICATES NEGATIVE NUMBERS.
R  INDICATES RECORD WAS SET OR TIED.
MM INDICATES DATA IS MISSING.
T  INDICATES TRACE AMOUNT.




$$
