000
CDUS43 KDLH 160627
CLIDLH


CLIMATE REPORT
NATIONAL WEATHER SERVICE DULUTH MN
1226 AM CST MON FEB 16 2015


...................................

...THE DULUTH MN CLIMATE SUMMARY FOR FEBRUARY 15 2015...

CLIMATE NORMAL PERIOD 1981 TO 2010
CLIMATE RECORD PERIOD 1870 TO 2015


WEATHER ITEM   OBSERVED TIME   RECORD YEAR NORMAL DEPARTURE LAST
                VALUE   (LST)  VALUE       VALUE  FROM      YEAR
                                                  NORMAL
..................................................................
TEMPERATURE (F)
 YESTERDAY
  MAXIMUM          3   1159 PM  46    1931  24    -21       15
  MINIMUM         -9    425 AM -30    1936   6    -15       -7
  AVERAGE         -3                        15    -18        4

PRECIPITATION (IN)
  YESTERDAY        T             0.83 1910   0.02  -0.02     0.08
  MONTH TO DATE    0.27                      0.36  -0.09     0.40
  SINCE DEC 1      1.99                      2.53  -0.54     4.01
  SINCE JAN 1      0.73                      1.32  -0.59     1.13

SNOWFALL (IN)
  YESTERDAY        T             7.3  2000   0.4   -0.4      1.7
  MONTH TO DATE    5.5                       6.1   -0.6      9.2
  SINCE DEC 1     20.7                      43.2  -22.5     58.5
  SINCE JUL 1     37.2                      59.3  -22.1     63.5
  SNOW DEPTH       9

DEGREE DAYS
 HEATING
  YESTERDAY       68                        50     18       61
  MONTH TO DATE  844                       781     63      944
  SINCE DEC 1   3801                      4036   -235     4765
  SINCE JUL 1   6016                      6249   -233     6722

 COOLING
  YESTERDAY        0                         0      0        0
  MONTH TO DATE    0                         0      0        0
  SINCE DEC 1      0                         0      0        0
  SINCE JAN 1      0                         0      0        0
..................................................................


WIND (MPH)
  HIGHEST WIND SPEED    14   HIGHEST WIND DIRECTION    SE (120)
  HIGHEST GUST SPEED    17   HIGHEST GUST DIRECTION    SE (140)
  AVERAGE WIND SPEED     7.4


SKY COVER
  AVERAGE SKY COVER 0.7


WEATHER CONDITIONS
 THE FOLLOWING WEATHER WAS RECORDED YESTERDAY.
  LIGHT SNOW


RELATIVE HUMIDITY (PERCENT)
 HIGHEST    82           800 AM
 LOWEST     56           500 PM
 AVERAGE    69

..........................................................


THE DULUTH MN CLIMATE NORMALS FOR TODAY
                         NORMAL    RECORD    YEAR
 MAXIMUM TEMPERATURE (F)   24        52      2011
 MINIMUM TEMPERATURE (F)    6       -30      1973


SUNRISE AND SUNSET
FEBRUARY 16 2015......SUNRISE   712 AM CST   SUNSET   535 PM CST
FEBRUARY 17 2015......SUNRISE   710 AM CST   SUNSET   536 PM CST


-  INDICATES NEGATIVE NUMBERS.
R  INDICATES RECORD WAS SET OR TIED.
MM INDICATES DATA IS MISSING.
T  INDICATES TRACE AMOUNT.




$$
