000
CDUS43 KDLH 150642
CLIDLH


CLIMATE REPORT
NATIONAL WEATHER SERVICE DULUTH MN
140 AM CDT WED MAR 15 2017


...................................

...THE DULUTH MN CLIMATE SUMMARY FOR MARCH 14 2017...

CLIMATE NORMAL PERIOD 1981 TO 2010
CLIMATE RECORD PERIOD 1870 TO 2017


WEATHER ITEM   OBSERVED TIME   RECORD YEAR NORMAL DEPARTURE LAST
                VALUE   (LST)  VALUE       VALUE  FROM      YEAR
                                                  NORMAL
..................................................................
TEMPERATURE (F)
 YESTERDAY
  MAXIMUM         29    421 PM  68    2012  33     -4       51
  MINIMUM         -3    538 AM -12    1906  17    -20       35
  AVERAGE         13                        25    -12       43

PRECIPITATION (IN)
  YESTERDAY        0.00          1.18 1939   0.04  -0.04     0.01
  MONTH TO DATE    0.31                      0.62  -0.31     0.36
  SINCE MAR 1      0.31                      0.62  -0.31     0.36
  SINCE JAN 1      3.27                      2.39   0.88     2.24

SNOWFALL (IN)
  YESTERDAY        0.0          12.2  1917   0.4   -0.4      0.0
  MONTH TO DATE    1.3                       7.1   -5.8      3.2
  SINCE MAR 1      1.3                       7.1   -5.8      3.2
  SINCE JUL 1     60.3                      72.7  -12.4     57.4
  SNOW DEPTH       4

DEGREE DAYS
 HEATING
  YESTERDAY       52                        40     12       22
  MONTH TO DATE  657                       595     62      462
  SINCE MAR 1    657                       595     62      462
  SINCE JUL 1   6347                      7462  -1115     6299

 COOLING
  YESTERDAY        0                         0      0        0
  MONTH TO DATE    0                         0      0        0
  SINCE MAR 1      0                         0      0        0
  SINCE JAN 1      0                         0      0        0
..................................................................


WIND (MPH)
  HIGHEST WIND SPEED    14   HIGHEST WIND DIRECTION    NW (330)
  HIGHEST GUST SPEED    19   HIGHEST GUST DIRECTION     N (360)
  AVERAGE WIND SPEED     5.0


SKY COVER
  AVERAGE SKY COVER 0.0


WEATHER CONDITIONS
 THE FOLLOWING WEATHER WAS RECORDED YESTERDAY.
  NO SIGNIFICANT WEATHER WAS OBSERVED.


RELATIVE HUMIDITY (PERCENT)
 HIGHEST    87           100 AM
 LOWEST     27           300 PM
 AVERAGE    57

..........................................................


THE DULUTH MN CLIMATE NORMALS FOR TODAY
                         NORMAL    RECORD    YEAR
 MAXIMUM TEMPERATURE (F)   34        64      2015
 MINIMUM TEMPERATURE (F)   17       -11      1956
                                             1897
                                             1879


SUNRISE AND SUNSET
MARCH 15 2017.........SUNRISE   721 AM CDT   SUNSET   715 PM CDT
MARCH 16 2017.........SUNRISE   719 AM CDT   SUNSET   716 PM CDT


-  INDICATES NEGATIVE NUMBERS.
R  INDICATES RECORD WAS SET OR TIED.
MM INDICATES DATA IS MISSING.
T  INDICATES TRACE AMOUNT.




$$
