000
CDUS43 KDLH 052227
CLIDLH


CLIMATE REPORT
NATIONAL WEATHER SERVICE DULUTH MN
523 PM CDT MON JUN 5 2017


...................................

...THE DULUTH MN CLIMATE SUMMARY FOR JUNE 5 2017...
VALID TODAY AS OF 0500 PM LOCAL TIME.

CLIMATE NORMAL PERIOD 1981 TO 2010
CLIMATE RECORD PERIOD 1870 TO 2017


WEATHER ITEM   OBSERVED TIME   RECORD YEAR NORMAL DEPARTURE LAST
                VALUE   (LST)  VALUE       VALUE  FROM      YEAR
                                                  NORMAL
..................................................................
TEMPERATURE (F)
 TODAY
  MAXIMUM         71    330 PM  88    1988  68      3       72
                                      1925
  MINIMUM         51    201 AM  32    2000  46      5       50
  AVERAGE         61                        57      4       61

PRECIPITATION (IN)
  TODAY            0.00          1.76 1968   0.13  -0.13     0.27
  MONTH TO DATE    T                         0.60  -0.60     1.00
  SINCE JUN 1      T                         0.60  -0.60     1.00
  SINCE JAN 1     11.14                      9.52   1.62    11.11

SNOWFALL (IN)
  TODAY            0.0           T    2016   0.0    0.0       T
  MONTH TO DATE    0.0                       0.0    0.0       T
  SINCE JUL 1     67.0                      86.1  -19.1     81.4
  SNOW DEPTH       0

DEGREE DAYS
 HEATING
  TODAY            4                         8     -4        4
  MONTH TO DATE   10                        44    -34       47
  SINCE JUN 1     10                        44    -34       47
  SINCE JUL 1   8017                      9309  -1292     8091

 COOLING
  TODAY            0                         0      0        0
  MONTH TO DATE    3                         0      3        0
  SINCE JUN 1      3                         0      3        0
  SINCE JAN 1      3                         4     -1        9
..................................................................


WIND (MPH)
  HIGHEST WIND SPEED    20   HIGHEST WIND DIRECTION     E (110)
  HIGHEST GUST SPEED    26   HIGHEST GUST DIRECTION     E (100)
  AVERAGE WIND SPEED    11.1


SKY COVER
  POSSIBLE SUNSHINE  MM
  AVERAGE SKY COVER 0.5


WEATHER CONDITIONS
 THE FOLLOWING WEATHER WAS RECORDED TODAY.
  FOG


RELATIVE HUMIDITY (PERCENT)
 HIGHEST   100           300 AM
 LOWEST     44           300 PM
 AVERAGE    72

..........................................................


THE DULUTH MN CLIMATE NORMALS FOR TOMORROW
                         NORMAL    RECORD    YEAR
 MAXIMUM TEMPERATURE (F)   68        88      1976
 MINIMUM TEMPERATURE (F)   46        33      1897


SUNRISE AND SUNSET
JUNE  5 2017..........SUNRISE   516 AM CDT   SUNSET   859 PM CDT
JUNE  6 2017..........SUNRISE   516 AM CDT   SUNSET   900 PM CDT


-  INDICATES NEGATIVE NUMBERS.
R  INDICATES RECORD WAS SET OR TIED.
MM INDICATES DATA IS MISSING.
T  INDICATES TRACE AMOUNT.




$$
