000
CDUS43 KDLH 082236
CLIDLH


CLIMATE REPORT
NATIONAL WEATHER SERVICE DULUTH MN
535 PM CDT SAT APR 8 2017


...................................

...THE DULUTH MN CLIMATE SUMMARY FOR APRIL 8 2017...
VALID TODAY AS OF 0500 PM LOCAL TIME.

CLIMATE NORMAL PERIOD 1981 TO 2010
CLIMATE RECORD PERIOD 1870 TO 2017


WEATHER ITEM   OBSERVED TIME   RECORD YEAR NORMAL DEPARTURE LAST
                VALUE   (LST)  VALUE       VALUE  FROM      YEAR
                                                  NORMAL
..................................................................
TEMPERATURE (F)
 TODAY
  MAXIMUM         62   1221 PM  74    1987  45     17       30
  MINIMUM         36    245 AM   5    1974  27      9        9
                                      1972
                                      1885
  AVERAGE         49                        36     13       20

PRECIPITATION (IN)
  TODAY            0.00          0.87 1875   0.07  -0.07      T
  MONTH TO DATE    0.11                      0.52  -0.41     0.67
  SINCE MAR 1      1.16                      2.01  -0.85     4.63
  SINCE JAN 1      4.12                      3.78   0.34     6.51

SNOWFALL (IN)
  TODAY            0.0           4.0  1921   0.3   -0.3      0.2
  MONTH TO DATE    0.0                       2.5   -2.5      9.4
  SINCE JUL 1     64.3                      81.3  -17.0     80.9
  SNOW DEPTH       0

DEGREE DAYS
 HEATING
  TODAY           16                        29    -13       45
  MONTH TO DATE  167                       244    -77      301
  SINCE MAR 1   1360                      1454    -94     1329
  SINCE JUL 1   7050                      8321  -1271     7166

 COOLING
  TODAY            0                         0      0        0
  MONTH TO DATE    0                         0      0        0
  SINCE MAR 1      0                         0      0        0
  SINCE JAN 1      0                         0      0        0
..................................................................


WIND (MPH)
  HIGHEST WIND SPEED    16   HIGHEST WIND DIRECTION     S (170)
  HIGHEST GUST SPEED    22   HIGHEST GUST DIRECTION     S (180)
  AVERAGE WIND SPEED    10.0


SKY COVER
  POSSIBLE SUNSHINE  MM
  AVERAGE SKY COVER 0.2


WEATHER CONDITIONS
 THE FOLLOWING WEATHER WAS RECORDED TODAY.
  NO SIGNIFICANT WEATHER WAS OBSERVED.


RELATIVE HUMIDITY (PERCENT)
 HIGHEST    64           600 AM
 LOWEST     37           100 PM
 AVERAGE    51

..........................................................


THE DULUTH MN CLIMATE NORMALS FOR TOMORROW
                         NORMAL    RECORD    YEAR
 MAXIMUM TEMPERATURE (F)   46        80      1887
 MINIMUM TEMPERATURE (F)   27         2      2016


SUNRISE AND SUNSET
APRIL  8 2017.........SUNRISE   634 AM CDT   SUNSET   748 PM CDT
APRIL  9 2017.........SUNRISE   632 AM CDT   SUNSET   749 PM CDT


-  INDICATES NEGATIVE NUMBERS.
R  INDICATES RECORD WAS SET OR TIED.
MM INDICATES DATA IS MISSING.
T  INDICATES TRACE AMOUNT.




$$
