000
CDUS43 KDLH 072228
CLIDLH


CLIMATE REPORT
NATIONAL WEATHER SERVICE DULUTH MN
528 PM CDT THU JUL 7 2016


...................................

...THE DULUTH MN CLIMATE SUMMARY FOR JULY 7 2016...
VALID TODAY AS OF 0515 PM LOCAL TIME.

CLIMATE NORMAL PERIOD 1981 TO 2010
CLIMATE RECORD PERIOD 1870 TO 2016


WEATHER ITEM   OBSERVED TIME   RECORD YEAR NORMAL DEPARTURE LAST
                VALUE   (LST)  VALUE       VALUE  FROM      YEAR
                                                  NORMAL
..................................................................
TEMPERATURE (F)
 TODAY
  MAXIMUM         72    414 PM 100    1936  76     -4       73
  MINIMUM         60    529 AM  38    1984  55      5       52
                                      1972
  AVERAGE         66                        65      1       63

PRECIPITATION (IN)
  TODAY            T             2.17 1978   0.14  -0.14     0.00
  MONTH TO DATE    T                         1.03  -1.03     1.99
  SINCE JUN 1      4.46                      5.26  -0.80     5.63
  SINCE JAN 1     14.57                     14.18   0.39    12.02

SNOWFALL (IN)
  TODAY            0.0           0.0  2002   0.0    0.0      0.0
                                      2001
  MONTH TO DATE    0.0                       0.0    0.0      0.0
  SINCE JUL 1      0.0                       0.0    0.0      0.0
  SNOW DEPTH       0

DEGREE DAYS
 HEATING
  TODAY            0                         2     -2        2
  MONTH TO DATE    7                        20    -13       10
  SINCE JUN 1    149                       199    -50      131
  SINCE JUL 1      7                        20    -13       10

 COOLING
  TODAY            1                         3     -2        0
  MONTH TO DATE   17                        18     -1       12
  SINCE JUN 1     60                        48     12       34
  SINCE JAN 1     69                        52     17       38
..................................................................


WIND (MPH)
  HIGHEST WIND SPEED    12   HIGHEST WIND DIRECTION     E (80)
  HIGHEST GUST SPEED    14   HIGHEST GUST DIRECTION     E (80)
  AVERAGE WIND SPEED     4.9


SKY COVER
  POSSIBLE SUNSHINE  MM
  AVERAGE SKY COVER 0.6


WEATHER CONDITIONS
 THE FOLLOWING WEATHER WAS RECORDED TODAY.
  LIGHT RAIN


RELATIVE HUMIDITY (PERCENT)
 HIGHEST    97           600 AM
 LOWEST     73          1200 PM
 AVERAGE    85

..........................................................


THE DULUTH MN CLIMATE NORMALS FOR TOMORROW
                         NORMAL    RECORD    YEAR
 MAXIMUM TEMPERATURE (F)   76        98      1936
 MINIMUM TEMPERATURE (F)   55        37      1961


SUNRISE AND SUNSET
JULY  7 2016..........SUNRISE   523 AM CDT   SUNSET   904 PM CDT
JULY  8 2016..........SUNRISE   524 AM CDT   SUNSET   903 PM CDT


-  INDICATES NEGATIVE NUMBERS.
R  INDICATES RECORD WAS SET OR TIED.
MM INDICATES DATA IS MISSING.
T  INDICATES TRACE AMOUNT.




$$
