000
CDUS43 KDLH 310621
CLIDLH


CLIMATE REPORT
NATIONAL WEATHER SERVICE DULUTH MN
119 AM CDT THU AUG 31 2017


...................................

...THE DULUTH MN CLIMATE SUMMARY FOR AUGUST 30 2017...

CLIMATE NORMAL PERIOD 1981 TO 2010
CLIMATE RECORD PERIOD 1870 TO 2017


WEATHER ITEM   OBSERVED TIME   RECORD YEAR NORMAL DEPARTURE LAST
                VALUE   (LST)  VALUE       VALUE  FROM      YEAR
                                                  NORMAL
..................................................................
TEMPERATURE (F)
 YESTERDAY
  MAXIMUM         72   1105 AM  95    1961  71      1       76
  MINIMUM         53   1159 PM  38    2009  52      1       56
  AVERAGE         63                        62      1       66

PRECIPITATION (IN)
  YESTERDAY        0.05          2.18 1944   0.12  -0.07     0.00
  MONTH TO DATE    7.23                      3.57   3.66     4.96
  SINCE JUN 1     16.55                     11.65   4.90    13.81
  SINCE JAN 1     27.69                     20.57   7.12    23.92

SNOWFALL (IN)
  YESTERDAY        0.0           0.0  2002   0.0    0.0      0.0
                                      2001
  MONTH TO DATE    0.0                       0.0    0.0      0.0
  SINCE JUN 1      T                         0.0    0.0       T
  SINCE JUL 1      T                         0.0    0.0      0.0
  SNOW DEPTH       0

DEGREE DAYS
 HEATING
  YESTERDAY        2                         5     -3        0
  MONTH TO DATE  107                        81     26       23
  SINCE JUN 1    291                       323    -32      194
  SINCE JUL 1    160                       144     16       52

 COOLING
  YESTERDAY        0                         1     -1        1
  MONTH TO DATE   17                        66    -49      112
  SINCE JUN 1    100                       186    -86      258
  SINCE JAN 1    100                       190    -90      267
..................................................................


WIND (MPH)
  HIGHEST WIND SPEED    22   HIGHEST WIND DIRECTION    NE (60)
  HIGHEST GUST SPEED    26   HIGHEST GUST DIRECTION     E (70)
  AVERAGE WIND SPEED    11.6


SKY COVER
  AVERAGE SKY COVER 0.4


WEATHER CONDITIONS
 THE FOLLOWING WEATHER WAS RECORDED YESTERDAY.
  THUNDERSTORM
  LIGHT RAIN
  FOG


RELATIVE HUMIDITY (PERCENT)
 HIGHEST   100           100 AM
 LOWEST     44          1100 AM
 AVERAGE    72

..........................................................


THE DULUTH MN CLIMATE NORMALS FOR TODAY
                         NORMAL    RECORD    YEAR
 MAXIMUM TEMPERATURE (F)   71        92      1961
 MINIMUM TEMPERATURE (F)   52        33      1970


SUNRISE AND SUNSET
AUGUST 31 2017........SUNRISE   627 AM CDT   SUNSET   749 PM CDT
SEPTEMBER  1 2017.....SUNRISE   629 AM CDT   SUNSET   748 PM CDT


-  INDICATES NEGATIVE NUMBERS.
R  INDICATES RECORD WAS SET OR TIED.
MM INDICATES DATA IS MISSING.
T  INDICATES TRACE AMOUNT.




$$
