000
CDUS43 KDLH 020629
CLIDLH


CLIMATE REPORT
NATIONAL WEATHER SERVICE DULUTH MN
1228 AM CST MON JAN 2 2017


...................................

...THE DULUTH MN CLIMATE SUMMARY FOR JANUARY 1 2017...

CLIMATE NORMAL PERIOD 1981 TO 2010
CLIMATE RECORD PERIOD 1870 TO 2017


WEATHER ITEM   OBSERVED TIME   RECORD YEAR NORMAL DEPARTURE LAST
                VALUE   (LST)  VALUE       VALUE  FROM      YEAR
                                                  NORMAL
..................................................................
TEMPERATURE (F)
 YESTERDAY
  MAXIMUM         25    641 AM  43    1897  19      6       26
  MINIMUM         11    801 PM -30    1974   3      8       15
  AVERAGE         18                        11      7       21

PRECIPITATION (IN)
  YESTERDAY        T             0.82 1916   0.04  -0.04      T
  MONTH TO DATE    T                         0.04  -0.04      T
  SINCE DEC 1      2.07                      1.25   0.82     3.70
  SINCE JAN 1      T                         0.04  -0.04      T

SNOWFALL (IN)
  YESTERDAY        0.1           9.5  2005   0.7   -0.6       T
  MONTH TO DATE    0.1                       0.7   -0.6       T
  SINCE DEC 1     21.4                      18.4    3.0     24.6
  SINCE JUL 1     29.5                      34.5   -5.0     29.0
  SNOW DEPTH       8

DEGREE DAYS
 HEATING
  YESTERDAY       47                        54     -7       44
  MONTH TO DATE   47                        54     -7       44
  SINCE DEC 1   1559                      1610    -51     1231
  SINCE JUL 1   3041                      3823   -782     2894

 COOLING
  YESTERDAY        0                         0      0        0
  MONTH TO DATE    0                         0      0        0
  SINCE DEC 1      0                         0      0        0
  SINCE JAN 1      0                         0      0        0
..................................................................


WIND (MPH)
  HIGHEST WIND SPEED    17   HIGHEST WIND DIRECTION    NW (310)
  HIGHEST GUST SPEED    22   HIGHEST GUST DIRECTION    NW (310)
  AVERAGE WIND SPEED     9.9


SKY COVER
  AVERAGE SKY COVER 0.8


WEATHER CONDITIONS
 THE FOLLOWING WEATHER WAS RECORDED YESTERDAY.
  LIGHT SNOW
  FOG


RELATIVE HUMIDITY (PERCENT)
 HIGHEST    88           500 AM
 LOWEST     59           500 PM
 AVERAGE    74

..........................................................


THE DULUTH MN CLIMATE NORMALS FOR TODAY
                         NORMAL    RECORD    YEAR
 MAXIMUM TEMPERATURE (F)   19        45      1889
 MINIMUM TEMPERATURE (F)    3       -41      1885


SUNRISE AND SUNSET
JANUARY  2 2017.......SUNRISE   753 AM CST   SUNSET   432 PM CST
JANUARY  3 2017.......SUNRISE   753 AM CST   SUNSET   433 PM CST


-  INDICATES NEGATIVE NUMBERS.
R  INDICATES RECORD WAS SET OR TIED.
MM INDICATES DATA IS MISSING.
T  INDICATES TRACE AMOUNT.




$$
