000
CDUS43 KDLH 140628
CLIDLH


CLIMATE REPORT
NATIONAL WEATHER SERVICE DULUTH MN
1227 AM CST WED JAN 14 2015


...................................

...THE DULUTH MN CLIMATE SUMMARY FOR JANUARY 13 2015...

CLIMATE NORMAL PERIOD 1981 TO 2010
CLIMATE RECORD PERIOD 1870 TO 2015


WEATHER ITEM   OBSERVED TIME   RECORD YEAR NORMAL DEPARTURE LAST
                VALUE   (LST)  VALUE       VALUE  FROM      YEAR
                                                  NORMAL
..................................................................
TEMPERATURE (F)
 YESTERDAY
  MAXIMUM         12   1055 PM  48    1894  19     -7       30
  MINIMUM        -14   1204 AM -34    1929   1    -15       10
  AVERAGE         -1                        10    -11       20

PRECIPITATION (IN)
  YESTERDAY        T             0.65 1995   0.03  -0.03      T
  MONTH TO DATE    0.19                      0.45  -0.26     0.35
  SINCE DEC 1      1.45                      1.66  -0.21     3.23
  SINCE JAN 1      0.19                      0.45  -0.26     0.35

SNOWFALL (IN)
  YESTERDAY        T            10.6  1971   0.7   -0.7       T
  MONTH TO DATE    2.9                       8.8   -5.9      1.4
  SINCE DEC 1     11.5                      26.5  -15.0     41.3
  SINCE JUL 1     28.0                      42.6  -14.6     46.3
  SNOW DEPTH       6

DEGREE DAYS
 HEATING
  YESTERDAY       66                        55     11       45
  MONTH TO DATE  840                       712    128      823
  SINCE DEC 1   2181                      2268    -87     2689
  SINCE JUL 1   4396                      4481    -85     4646

 COOLING
  YESTERDAY        0                         0      0        0
  MONTH TO DATE    0                         0      0        0
  SINCE DEC 1      0                         0      0        0
  SINCE JAN 1      0                         0      0        0
..................................................................


WIND (MPH)
  HIGHEST WIND SPEED    22   HIGHEST WIND DIRECTION    SW (210)
  HIGHEST GUST SPEED    29   HIGHEST GUST DIRECTION    SW (220)
  AVERAGE WIND SPEED    12.0


SKY COVER
  AVERAGE SKY COVER 0.3


WEATHER CONDITIONS
 THE FOLLOWING WEATHER WAS RECORDED YESTERDAY.
  LIGHT SNOW


RELATIVE HUMIDITY (PERCENT)
 HIGHEST    70          1200 AM
 LOWEST     46           400 PM
 AVERAGE    58

..........................................................


THE DULUTH MN CLIMATE NORMALS FOR TODAY
                         NORMAL    RECORD    YEAR
 MAXIMUM TEMPERATURE (F)   19        51      1894
 MINIMUM TEMPERATURE (F)    1       -38      1965


SUNRISE AND SUNSET
JANUARY 14 2015.......SUNRISE   750 AM CST   SUNSET   446 PM CST
JANUARY 15 2015.......SUNRISE   749 AM CST   SUNSET   447 PM CST


-  INDICATES NEGATIVE NUMBERS.
R  INDICATES RECORD WAS SET OR TIED.
MM INDICATES DATA IS MISSING.
T  INDICATES TRACE AMOUNT.




$$
