000
CDUS43 KDLH 170629
CLIDLH


CLIMATE REPORT
NATIONAL WEATHER SERVICE DULUTH MN
128 AM CDT FRI OCT 17 2014


...................................

...THE DULUTH MN CLIMATE SUMMARY FOR OCTOBER 16 2014...

CLIMATE NORMAL PERIOD 1981 TO 2010
CLIMATE RECORD PERIOD 1870 TO 2014


WEATHER ITEM   OBSERVED TIME   RECORD YEAR NORMAL DEPARTURE LAST
                VALUE   (LST)  VALUE       VALUE  FROM      YEAR
                                                  NORMAL
..................................................................
TEMPERATURE (F)
 YESTERDAY
  MAXIMUM         56    158 PM  81    1953  52      4       55
  MINIMUM         42    814 AM  16    1952  35      7       37
  AVERAGE         49                        43      6       46

PRECIPITATION (IN)
  YESTERDAY        0.31          2.09 1998   0.09   0.22      T
  MONTH TO DATE    1.34                      1.64  -0.30     3.14
  SINCE SEP 1      2.98                      5.75  -2.77     4.40
  SINCE JAN 1     27.93                     26.45   1.48    25.99

SNOWFALL (IN)
  YESTERDAY        0.0           0.4  1992   0.1   -0.1      0.0
  MONTH TO DATE    T                         0.6   -0.6      0.0
  SINCE SEP 1      T                         0.7   -0.7      0.0
  SINCE JUL 1      T                         0.7   -0.7      0.0
  SNOW DEPTH       0

DEGREE DAYS
 HEATING
  YESTERDAY       16                        22     -6       19
  MONTH TO DATE  316                       302     14      183
  SINCE SEP 1    543                       600    -57      351
  SINCE JUL 1    620                       749   -129      425

 COOLING
  YESTERDAY        0                         0      0        0
  MONTH TO DATE    0                         0      0        0
  SINCE SEP 1      9                        14     -5       24
  SINCE JAN 1    179                       204    -25      375
..................................................................


WIND (MPH)
  HIGHEST WIND SPEED    21   HIGHEST WIND DIRECTION     E (100)
  HIGHEST GUST SPEED    25   HIGHEST GUST DIRECTION     E (100)
  AVERAGE WIND SPEED     9.8


SKY COVER
  AVERAGE SKY COVER 0.7


WEATHER CONDITIONS
 THE FOLLOWING WEATHER WAS RECORDED YESTERDAY.
  HEAVY RAIN
  RAIN
  LIGHT RAIN
  FOG
  FOG W/VISIBILITY <= 1/4 MILE


RELATIVE HUMIDITY (PERCENT)
 HIGHEST    96           200 AM
 LOWEST     61           100 PM
 AVERAGE    79

..........................................................


THE DULUTH MN CLIMATE NORMALS FOR TODAY
                         NORMAL    RECORD    YEAR
 MAXIMUM TEMPERATURE (F)   51        80      1961
 MINIMUM TEMPERATURE (F)   35        12      1952


SUNRISE AND SUNSET
OCTOBER 17 2014.......SUNRISE   729 AM CDT   SUNSET   618 PM CDT
OCTOBER 18 2014.......SUNRISE   731 AM CDT   SUNSET   616 PM CDT


-  INDICATES NEGATIVE NUMBERS.
R  INDICATES RECORD WAS SET OR TIED.
MM INDICATES DATA IS MISSING.
T  INDICATES TRACE AMOUNT.




$$
