114
CDUS43 KDLH 110633
CLIDLH


CLIMATE REPORT
NATIONAL WEATHER SERVICE DULUTH MN
1232 AM CST SAT FEB 11 2017


...................................

...THE DULUTH MN CLIMATE SUMMARY FOR FEBRUARY 10 2017...

CLIMATE NORMAL PERIOD 1981 TO 2010
CLIMATE RECORD PERIOD 1870 TO 2017


WEATHER ITEM   OBSERVED TIME   RECORD YEAR NORMAL DEPARTURE LAST
                VALUE   (LST)  VALUE       VALUE  FROM      YEAR
                                                  NORMAL
..................................................................
TEMPERATURE (F)
 YESTERDAY
  MAXIMUM         39    942 PM  45    1977  23     16       10
  MINIMUM         12   1231 AM -32    1885   4      8      -11
  AVERAGE         26                        13     13        0

PRECIPITATION (IN)
  YESTERDAY        0.03          0.71 2009   0.02   0.01      T
  MONTH TO DATE    0.41                      0.23   0.18     0.28
  SINCE DEC 1      3.64                      2.40   1.24     5.03
  SINCE JAN 1      1.57                      1.19   0.38     1.33

SNOWFALL (IN)
  YESTERDAY        0.4           6.2  1965   0.4    0.0       T
  MONTH TO DATE    5.5                       4.1    1.4      5.1
  SINCE DEC 1     42.3                      41.2    1.1     42.7
  SINCE JUL 1     50.4                      57.3   -6.9     47.1
  SNOW DEPTH      14

DEGREE DAYS
 HEATING
  YESTERDAY       39                        52    -13       65
  MONTH TO DATE  538                       528     10      508
  SINCE DEC 1   3561                      3783   -222     3306
  SINCE JUL 1   5043                      5996   -953     4969

 COOLING
  YESTERDAY        0                         0      0        0
  MONTH TO DATE    0                         0      0        0
  SINCE DEC 1      0                         0      0        0
  SINCE JAN 1      0                         0      0        0
..................................................................


WIND (MPH)
  HIGHEST WIND SPEED    26   HIGHEST WIND DIRECTION     S (200)
  HIGHEST GUST SPEED    35   HIGHEST GUST DIRECTION     S (190)
  AVERAGE WIND SPEED    12.9


SKY COVER
  AVERAGE SKY COVER 0.6


WEATHER CONDITIONS
 THE FOLLOWING WEATHER WAS RECORDED YESTERDAY.
  LIGHT SNOW
  HAZE


RELATIVE HUMIDITY (PERCENT)
 HIGHEST    84           200 AM
 LOWEST     59           300 PM
 AVERAGE    72

..........................................................


THE DULUTH MN CLIMATE NORMALS FOR TODAY
                         NORMAL    RECORD    YEAR
 MAXIMUM TEMPERATURE (F)   23        43      1918
 MINIMUM TEMPERATURE (F)    5       -32      1988


SUNRISE AND SUNSET
FEBRUARY 11 2017......SUNRISE   718 AM CST   SUNSET   528 PM CST
FEBRUARY 12 2017......SUNRISE   717 AM CST   SUNSET   529 PM CST


-  INDICATES NEGATIVE NUMBERS.
R  INDICATES RECORD WAS SET OR TIED.
MM INDICATES DATA IS MISSING.
T  INDICATES TRACE AMOUNT.




$$
