000
CDUS43 KDLH 080618
CLIDLH


CLIMATE REPORT
NATIONAL WEATHER SERVICE DULUTH MN
118 AM CDT MON MAY 8 2017


...................................

...THE DULUTH MN CLIMATE SUMMARY FOR MAY 7 2017...

CLIMATE NORMAL PERIOD 1981 TO 2010
CLIMATE RECORD PERIOD 1870 TO 2017


WEATHER ITEM   OBSERVED TIME   RECORD YEAR NORMAL DEPARTURE LAST
                VALUE   (LST)  VALUE       VALUE  FROM      YEAR
                                                  NORMAL
..................................................................
TEMPERATURE (F)
 YESTERDAY
  MAXIMUM         53    401 PM  88    1896  60     -7       65
  MINIMUM         32    331 AM  24    1907  38     -6       43
  AVERAGE         43                        49     -6       54

PRECIPITATION (IN)
  YESTERDAY        0.00          0.66 1930   0.09  -0.09     0.00
  MONTH TO DATE    0.53                      0.70  -0.17     0.51
  SINCE MAR 1      4.60                      4.62  -0.02     6.87
  SINCE JAN 1      7.56                      6.39   1.17     8.75

SNOWFALL (IN)
  YESTERDAY        0.0           4.4  2010   0.0    0.0      0.0
  MONTH TO DATE    0.8                       0.2    0.6       T
  SINCE MAR 1      8.0                      20.3  -12.3     27.1
  SINCE JUL 1     67.0                      85.9  -18.9     81.3
  SNOW DEPTH       0

DEGREE DAYS
 HEATING
  YESTERDAY       22                        16      6       11
  MONTH TO DATE  130                       121      9       80
  SINCE MAR 1   2001                      2093    -92     1917
  SINCE JUL 1   7691                      8960  -1269     7754

 COOLING
  YESTERDAY        0                         0      0        0
  MONTH TO DATE    0                         0      0        7
  SINCE MAR 1      0                         0      0        7
  SINCE JAN 1      0                         0      0        7
..................................................................


WIND (MPH)
  HIGHEST WIND SPEED    15   HIGHEST WIND DIRECTION     E (110)
  HIGHEST GUST SPEED    19   HIGHEST GUST DIRECTION    SE (120)
  AVERAGE WIND SPEED     8.6


SKY COVER
  AVERAGE SKY COVER 0.1


WEATHER CONDITIONS
 THE FOLLOWING WEATHER WAS RECORDED YESTERDAY.
  NO SIGNIFICANT WEATHER WAS OBSERVED.


RELATIVE HUMIDITY (PERCENT)
 HIGHEST    75           300 AM
 LOWEST     24           600 PM
 AVERAGE    50

..........................................................


THE DULUTH MN CLIMATE NORMALS FOR TODAY
                         NORMAL    RECORD    YEAR
 MAXIMUM TEMPERATURE (F)   60        87      1896
 MINIMUM TEMPERATURE (F)   38        22      1966


SUNRISE AND SUNSET
MAY  8 2017...........SUNRISE   543 AM CDT   SUNSET   828 PM CDT
MAY  9 2017...........SUNRISE   541 AM CDT   SUNSET   829 PM CDT


-  INDICATES NEGATIVE NUMBERS.
R  INDICATES RECORD WAS SET OR TIED.
MM INDICATES DATA IS MISSING.
T  INDICATES TRACE AMOUNT.




$$
