000
CDUS43 KDLH 300642
CLIDLH


CLIMATE REPORT
NATIONAL WEATHER SERVICE DULUTH MN
1240 AM CST THU NOV 30 2017


...................................

...THE DULUTH MN CLIMATE SUMMARY FOR NOVEMBER 29 2017...

CLIMATE NORMAL PERIOD 1981 TO 2010
CLIMATE RECORD PERIOD 1870 TO 2017


WEATHER ITEM   OBSERVED TIME   RECORD YEAR NORMAL DEPARTURE LAST
                VALUE   (LST)  VALUE       VALUE  FROM      YEAR
                                                  NORMAL
..................................................................
TEMPERATURE (F)
 YESTERDAY
  MAXIMUM         37   1002 PM  53    1932  28      9       42
  MINIMUM         12    621 AM -29    1875  15     -3       34
  AVERAGE         25                        21      4       38

PRECIPITATION (IN)
  YESTERDAY        0.00          0.51 1987   0.06  -0.06     0.09
  MONTH TO DATE    1.31                      2.03  -0.72     2.57
  SINCE SEP 1      8.26                      8.99  -0.73     7.64
  SINCE JAN 1     35.95                     29.69   6.26    31.56

SNOWFALL (IN)
  YESTERDAY        0.0           3.6  1991   0.6   -0.6       T
  MONTH TO DATE   10.5                      13.1   -2.6      8.1
  SINCE SEP 1     21.6                      15.5    6.1      8.1
  SINCE JUL 1     21.6                      15.5    6.1      8.1
  SNOW DEPTH       T

DEGREE DAYS
 HEATING
  YESTERDAY       40                        44     -4       27
  MONTH TO DATE 1138                      1046     92      706
  SINCE SEP 1   1944                      2022    -78     1399
  SINCE JUL 1   2114                      2171    -57     1453

 COOLING
  YESTERDAY        0                         0      0        0
  MONTH TO DATE    0                         0      0        0
  SINCE SEP 1     26                        14     12       14
  SINCE JAN 1    126                       204    -78      281
..................................................................


WIND (MPH)
  HIGHEST WIND SPEED    24   HIGHEST WIND DIRECTION    SW (220)
  HIGHEST GUST SPEED    31   HIGHEST GUST DIRECTION    SW (210)
  AVERAGE WIND SPEED    10.2


SKY COVER
  AVERAGE SKY COVER 0.1


WEATHER CONDITIONS
 THE FOLLOWING WEATHER WAS RECORDED YESTERDAY.
  NO SIGNIFICANT WEATHER WAS OBSERVED.


RELATIVE HUMIDITY (PERCENT)
 HIGHEST    88           600 AM
 LOWEST     48           900 PM
 AVERAGE    68

..........................................................


THE DULUTH MN CLIMATE NORMALS FOR TODAY
                         NORMAL    RECORD    YEAR
 MAXIMUM TEMPERATURE (F)   28        52      1962
 MINIMUM TEMPERATURE (F)   14       -23      1964


SUNRISE AND SUNSET
NOVEMBER 30 2017......SUNRISE   732 AM CST   SUNSET   423 PM CST
DECEMBER  1 2017......SUNRISE   733 AM CST   SUNSET   422 PM CST


-  INDICATES NEGATIVE NUMBERS.
R  INDICATES RECORD WAS SET OR TIED.
MM INDICATES DATA IS MISSING.
T  INDICATES TRACE AMOUNT.




$$
