000
CDUS43 KDLH 230620
CLIDLH


CLIMATE REPORT
NATIONAL WEATHER SERVICE DULUTH MN
1219 AM CST WED NOV 23 2016


...................................

...THE DULUTH MN CLIMATE SUMMARY FOR NOVEMBER 22 2016...

CLIMATE NORMAL PERIOD 1981 TO 2010
CLIMATE RECORD PERIOD 1870 TO 2016


WEATHER ITEM   OBSERVED TIME   RECORD YEAR NORMAL DEPARTURE LAST
                VALUE   (LST)  VALUE       VALUE  FROM      YEAR
                                                  NORMAL
..................................................................
TEMPERATURE (F)
 YESTERDAY
  MAXIMUM         32   1111 PM  52    2012  32      0       26
                                      2006
                                      1966
  MINIMUM         27    331 AM  -9    1880  18      9       11
  AVERAGE         30                        25      5       19

PRECIPITATION (IN)
  YESTERDAY        0.10          1.14 1886   0.06   0.04     0.04
  MONTH TO DATE    1.25                      1.61  -0.36     2.70
  SINCE SEP 1      6.32                      8.57  -2.25    11.41
  SINCE JAN 1     30.24                     29.27   0.97    28.54

SNOWFALL (IN)
  YESTERDAY        1.1           8.5  1886   0.5    0.6      0.8
  MONTH TO DATE    4.6                       9.1   -4.5      3.7
  SINCE SEP 1      4.6                      11.5   -6.9      3.7
  SINCE JUL 1      4.6                      11.5   -6.9      3.7
  SNOW DEPTH       2

DEGREE DAYS
 HEATING
  YESTERDAY       35                        40     -5       46
  MONTH TO DATE  498                       751   -253      543
  SINCE SEP 1   1191                      1727   -536     1266
  SINCE JUL 1   1245                      1876   -631     1362

 COOLING
  YESTERDAY        0                         0      0        0
  MONTH TO DATE    0                         0      0        0
  SINCE SEP 1     14                        14      0       58
  SINCE JAN 1    281                       204     77      336
..................................................................


WIND (MPH)
  HIGHEST WIND SPEED    20   HIGHEST WIND DIRECTION     E (110)
  HIGHEST GUST SPEED    25   HIGHEST GUST DIRECTION     E (110)
  AVERAGE WIND SPEED    11.2


SKY COVER
  AVERAGE SKY COVER 0.8


WEATHER CONDITIONS
 THE FOLLOWING WEATHER WAS RECORDED YESTERDAY.
  LIGHT SNOW
  FOG


RELATIVE HUMIDITY (PERCENT)
 HIGHEST    92           600 PM
 LOWEST     59           100 PM
 AVERAGE    76

..........................................................


THE DULUTH MN CLIMATE NORMALS FOR TODAY
                         NORMAL    RECORD    YEAR
 MAXIMUM TEMPERATURE (F)   31        51      1907
 MINIMUM TEMPERATURE (F)   18       -10      1956


SUNRISE AND SUNSET
NOVEMBER 23 2016......SUNRISE   723 AM CST   SUNSET   427 PM CST
NOVEMBER 24 2016......SUNRISE   724 AM CST   SUNSET   426 PM CST


-  INDICATES NEGATIVE NUMBERS.
R  INDICATES RECORD WAS SET OR TIED.
MM INDICATES DATA IS MISSING.
T  INDICATES TRACE AMOUNT.




$$
