000
CDUS43 KDLH 122309
CLIDLH


CLIMATE REPORT
NATIONAL WEATHER SERVICE DULUTH MN
609 PM CDT TUE JUL 12 2016


...................................

...THE DULUTH MN CLIMATE SUMMARY FOR JULY 12 2016...
VALID TODAY AS OF 550 PM LOCAL TIME.

CLIMATE NORMAL PERIOD 1981 TO 2010
CLIMATE RECORD PERIOD 1870 TO 2016


WEATHER ITEM   OBSERVED TIME   RECORD YEAR NORMAL DEPARTURE LAST
                VALUE   (LST)  VALUE       VALUE  FROM      YEAR
                                                  NORMAL
..................................................................
TEMPERATURE (F)
 TODAY
  MAXIMUM         81    336 PM 102    1936  76      5       78
  MINIMUM         63   1253 AM  42    1990  55      8       65
                                      1975
  AVERAGE         72                        66      6       72

PRECIPITATION (IN)
  TODAY            0.01          2.07 1971   0.13  -0.12     0.88
  MONTH TO DATE    3.13                      1.67   1.46     2.87
  SINCE JUN 1      7.59                      5.90   1.69     6.51
  SINCE JAN 1     17.70                     14.82   2.88    12.90

SNOWFALL (IN)
  TODAY            0.0           0.0  2002   0.0    0.0      0.0
                                      2001
  MONTH TO DATE    0.0                       0.0    0.0      0.0
  SINCE JUL 1      0.0                       0.0    0.0      0.0
  SNOW DEPTH       0

DEGREE DAYS
 HEATING
  TODAY            0                         2     -2        0
  MONTH TO DATE   13                        30    -17       13
  SINCE JUN 1    155                       209    -54      134
  SINCE JUL 1     13                        30    -17       13

 COOLING
  TODAY            7                         3      4        7
  MONTH TO DATE   24                        33     -9       40
  SINCE JUN 1     67                        63      4       62
  SINCE JAN 1     76                        67      9       66
..................................................................


WIND (MPH)
  HIGHEST WIND SPEED    29   HIGHEST WIND DIRECTION     W (250)
  HIGHEST GUST SPEED    37   HIGHEST GUST DIRECTION     W (270)
  AVERAGE WIND SPEED    17.6


SKY COVER
  POSSIBLE SUNSHINE  MM
  AVERAGE SKY COVER 0.4


WEATHER CONDITIONS
 THE FOLLOWING WEATHER WAS RECORDED TODAY.
  THUNDERSTORM
  LIGHT RAIN
  FOG


RELATIVE HUMIDITY (PERCENT)
 HIGHEST    93           200 AM
 LOWEST     45           300 PM
 AVERAGE    69

..........................................................


THE DULUTH MN CLIMATE NORMALS FOR TOMORROW
                         NORMAL    RECORD    YEAR
 MAXIMUM TEMPERATURE (F)   77       106      1936
 MINIMUM TEMPERATURE (F)   56        39      1990


SUNRISE AND SUNSET
JULY 12 2016..........SUNRISE   527 AM CDT   SUNSET   901 PM CDT
JULY 13 2016..........SUNRISE   528 AM CDT   SUNSET   900 PM CDT


-  INDICATES NEGATIVE NUMBERS.
R  INDICATES RECORD WAS SET OR TIED.
MM INDICATES DATA IS MISSING.
T  INDICATES TRACE AMOUNT.




$$
