000
CDUS43 KDLH 170633
CLIDLH


CLIMATE REPORT
NATIONAL WEATHER SERVICE DULUTH MN
131 AM CDT THU JUL 17 2014


...................................

...THE DULUTH MN CLIMATE SUMMARY FOR JULY 16 2014...

CLIMATE NORMAL PERIOD 1981 TO 2010
CLIMATE RECORD PERIOD 1870 TO 2014


WEATHER ITEM   OBSERVED TIME   RECORD YEAR NORMAL DEPARTURE LAST
                VALUE   (LST)  VALUE       VALUE  FROM      YEAR
                                                  NORMAL
..................................................................
TEMPERATURE (F)
 YESTERDAY
  MAXIMUM         75    337 PM  97    1936  77     -2       92
  MINIMUM         45    246 AM  44    1958  56    -11       64
  AVERAGE         60                        66     -6       78

PRECIPITATION (IN)
  YESTERDAY        0.00          2.92 1927   0.12  -0.12     0.00
  MONTH TO DATE    2.46                      2.16   0.30     0.84
  SINCE JUN 1      6.93                      6.39   0.54     5.38
  SINCE JAN 1     19.36                     15.31   4.05    18.72

SNOWFALL (IN)
  YESTERDAY        0.0                       0.0    0.0      0.0
  MONTH TO DATE    0.0                       0.0    0.0      0.0
  SINCE JUN 1      T                         0.0    0.0      0.0
  SINCE JUL 1      0.0                       0.0    0.0      0.0
  SNOW DEPTH       0

DEGREE DAYS
 HEATING
  YESTERDAY        5                         2      3        0
  MONTH TO DATE   34                        38     -4        9
  SINCE JUN 1    196                       217    -21      155
  SINCE JUL 1     34                        38     -4        9

 COOLING
  YESTERDAY        0                         3     -3       13
  MONTH TO DATE   29                        45    -16       86
  SINCE JUN 1     58                        75    -17      139
  SINCE JAN 1     76                        79     -3      140
..................................................................


WIND (MPH)
  HIGHEST WIND SPEED    12   HIGHEST WIND DIRECTION     W (260)
  HIGHEST GUST SPEED    16   HIGHEST GUST DIRECTION     W (270)
  AVERAGE WIND SPEED     5.0


SKY COVER
  AVERAGE SKY COVER 0.2


WEATHER CONDITIONS
 THE FOLLOWING WEATHER WAS RECORDED YESTERDAY.
  NO SIGNIFICANT WEATHER WAS OBSERVED.


RELATIVE HUMIDITY (PERCENT)
 HIGHEST    86           200 AM
 LOWEST     35           300 PM
 AVERAGE    61

..........................................................


THE DULUTH MN CLIMATE NORMALS FOR TODAY
                         NORMAL    RECORD    YEAR
 MAXIMUM TEMPERATURE (F)   77        94      1964
 MINIMUM TEMPERATURE (F)   56        40      1971


SUNRISE AND SUNSET
JULY 17 2014..........SUNRISE   532 AM CDT   SUNSET   858 PM CDT
JULY 18 2014..........SUNRISE   533 AM CDT   SUNSET   857 PM CDT


-  INDICATES NEGATIVE NUMBERS.
R  INDICATES RECORD WAS SET OR TIED.
MM INDICATES DATA IS MISSING.
T  INDICATES TRACE AMOUNT.




$$
