000
CDUS43 KDLH 010632
CLIDLH


CLIMATE REPORT
NATIONAL WEATHER SERVICE DULUTH MN
1232 AM CST MON FEB 1 2016


...................................

...THE DULUTH MN CLIMATE SUMMARY FOR JANUARY 31 2016...

CLIMATE NORMAL PERIOD 1981 TO 2010
CLIMATE RECORD PERIOD 1870 TO 2016


WEATHER ITEM   OBSERVED TIME   RECORD YEAR NORMAL DEPARTURE LAST
                VALUE   (LST)  VALUE       VALUE  FROM      YEAR
                                                  NORMAL
..................................................................
TEMPERATURE (F)
 YESTERDAY
  MAXIMUM         40    307 PM  48    1892  20     20       21
  MINIMUM         20    759 AM -33    1982   2     18        1
  AVERAGE         30                        11     19       11

PRECIPITATION (IN)
  YESTERDAY        0.00          0.45 1885   0.03  -0.03      T
  MONTH TO DATE    1.05                      0.96   0.09     0.46
  SINCE DEC 1      4.75                      2.17   2.58     1.72
  SINCE JAN 1      1.05                      0.96   0.09     0.46

SNOWFALL (IN)
  YESTERDAY        0.0           3.2  1981   0.5   -0.5       T
  MONTH TO DATE   13.0                      19.4   -6.4      6.6
  SINCE DEC 1     37.6                      37.1    0.5     15.2
  SINCE JUL 1     42.0                      53.2  -11.2     31.7
  SNOW DEPTH      12

DEGREE DAYS
 HEATING
  YESTERDAY       35                        54    -19       54
  MONTH TO DATE 1611                      1698    -87     1616
  SINCE DEC 1   2798                      3255   -457     2957
  SINCE JUL 1   4461                      5468  -1007     5172

 COOLING
  YESTERDAY        0                         0      0        0
  MONTH TO DATE    0                         0      0        0
  SINCE DEC 1      0                         0      0        0
  SINCE JAN 1      0                         0      0        0
..................................................................


WIND (MPH)
  HIGHEST WIND SPEED    14   HIGHEST WIND DIRECTION     W (270)
  HIGHEST GUST SPEED    16   HIGHEST GUST DIRECTION    NW (320)
  AVERAGE WIND SPEED     7.5


SKY COVER
  AVERAGE SKY COVER 0.3


WEATHER CONDITIONS
 THE FOLLOWING WEATHER WAS RECORDED YESTERDAY.
  FOG


RELATIVE HUMIDITY (PERCENT)
 HIGHEST    96           700 AM
 LOWEST     54           400 PM
 AVERAGE    75

..........................................................


THE DULUTH MN CLIMATE NORMALS FOR TODAY
                         NORMAL    RECORD    YEAR
 MAXIMUM TEMPERATURE (F)   20        49      1931
 MINIMUM TEMPERATURE (F)    2       -33      1996


SUNRISE AND SUNSET
FEBRUARY  1 2016......SUNRISE   733 AM CST   SUNSET   511 PM CST
FEBRUARY  2 2016......SUNRISE   732 AM CST   SUNSET   513 PM CST


-  INDICATES NEGATIVE NUMBERS.
R  INDICATES RECORD WAS SET OR TIED.
MM INDICATES DATA IS MISSING.
T  INDICATES TRACE AMOUNT.




$$
