000
CDUS43 KDLH 282259
CLIDLH


CLIMATE REPORT
NATIONAL WEATHER SERVICE DULUTH MN
458 PM CST THU DEC 28 2017


...................................

...THE DULUTH CLIMATE SUMMARY FOR DECEMBER 28 2017...
VALID TODAY AS OF 0400 PM LOCAL TIME.

CLIMATE NORMAL PERIOD 1981 TO 2010
CLIMATE RECORD PERIOD 1870 TO 2017


WEATHER ITEM   OBSERVED TIME   RECORD YEAR NORMAL DEPARTURE LAST
                VALUE   (LST)  VALUE       VALUE  FROM      YEAR
                                                  NORMAL
..................................................................
TEMPERATURE (F)
 TODAY
  MAXIMUM          1    335 PM  42    1896  20    -19       28
  MINIMUM        -10   1225 AM -35    1917   3    -13        9
  AVERAGE         -4                        11    -15       19

PRECIPITATION (IN)
  TODAY            0.08          0.58 1927   0.04   0.04     0.07
  MONTH TO DATE    0.83                      1.10  -0.27     2.00
  SINCE DEC 1      0.83                      1.10  -0.27     2.00
  SINCE JAN 1     36.78                     30.85   5.93    33.59

SNOWFALL (IN)
  TODAY            0.5           7.0  1969   0.6   -0.1      1.0
  MONTH TO DATE   13.2                      15.8   -2.6     19.7
  SINCE JUL 1     34.8                      31.9    2.9     27.8
  SNOW DEPTH       6

DEGREE DAYS
 HEATING
  TODAY           69                        54     15       46
  MONTH TO DATE 1448                      1396     52     1369
  SINCE DEC 1   1448                      1396     52     1369
  SINCE JUL 1   3594                      3609    -15     2851

 COOLING
  TODAY            0                         0      0        0
  MONTH TO DATE    0                         0      0        0
  SINCE DEC 1      0                         0      0        0
  SINCE JAN 1    126                       204    -78      281
..................................................................


WIND (MPH)
  HIGHEST WIND SPEED    13   HIGHEST WIND DIRECTION    SE (140)
  HIGHEST GUST SPEED    15   HIGHEST GUST DIRECTION    SE (140)
  AVERAGE WIND SPEED     6.3


SKY COVER
  AVERAGE SKY COVER 0.9


WEATHER CONDITIONS
 THE FOLLOWING WEATHER WAS RECORDED TODAY.
  LIGHT SNOW
  FOG
  HAZE


RELATIVE HUMIDITY (PERCENT)
 HIGHEST    87           700 AM
 LOWEST     71           200 AM
 AVERAGE    79

..........................................................


THE DULUTH CLIMATE NORMALS FOR TOMORROW
                         NORMAL    RECORD    YEAR
 MAXIMUM TEMPERATURE (F)   19        46      1999
 MINIMUM TEMPERATURE (F)    3       -30      1917


SUNRISE AND SUNSET
DECEMBER 28 2017......SUNRISE   754 AM CST   SUNSET   428 PM CST
DECEMBER 29 2017......SUNRISE   754 AM CST   SUNSET   428 PM CST


-  INDICATES NEGATIVE NUMBERS.
R  INDICATES RECORD WAS SET OR TIED.
MM INDICATES DATA IS MISSING.
T  INDICATES TRACE AMOUNT.




$$
