000
CDUS43 KDLH 130619
CLIDLH


CLIMATE REPORT
NATIONAL WEATHER SERVICE DULUTH MN
1218 AM CST TUE JAN 13 2015


...................................

...THE DULUTH MN CLIMATE SUMMARY FOR JANUARY 12 2015...

CLIMATE NORMAL PERIOD 1981 TO 2010
CLIMATE RECORD PERIOD 1870 TO 2015


WEATHER ITEM   OBSERVED TIME   RECORD YEAR NORMAL DEPARTURE LAST
                VALUE   (LST)  VALUE       VALUE  FROM      YEAR
                                                  NORMAL
..................................................................
TEMPERATURE (F)
 YESTERDAY
  MAXIMUM          4    328 PM  45    1987  19    -15       34
  MINIMUM        -16   1105 PM -34    1912   1    -17       21
  AVERAGE         -6                        10    -16       28

PRECIPITATION (IN)
  YESTERDAY        0.00          0.95 1972   0.04  -0.04     0.11
  MONTH TO DATE    0.19                      0.42  -0.23     0.35
  SINCE DEC 1      1.45                      1.63  -0.18     3.23
  SINCE JAN 1      0.19                      0.42  -0.23     0.35

SNOWFALL (IN)
  YESTERDAY        0.0          13.4  1972   0.7   -0.7      0.0
  MONTH TO DATE    2.9                       8.1   -5.2      1.4
  SINCE DEC 1     11.5                      25.8  -14.3     41.3
  SINCE JUL 1     28.0                      41.9  -13.9     46.3
  SNOW DEPTH       6

DEGREE DAYS
 HEATING
  YESTERDAY       71                        55     16       37
  MONTH TO DATE  774                       657    117      778
  SINCE DEC 1   2115                      2213    -98     2644
  SINCE JUL 1   4330                      4426    -96     4601

 COOLING
  YESTERDAY        0                         0      0        0
  MONTH TO DATE    0                         0      0        0
  SINCE DEC 1      0                         0      0        0
  SINCE JAN 1      0                         0      0        0
..................................................................


WIND (MPH)
  HIGHEST WIND SPEED    15   HIGHEST WIND DIRECTION    NW (330)
  HIGHEST GUST SPEED    21   HIGHEST GUST DIRECTION    NW (330)
  AVERAGE WIND SPEED     7.0


SKY COVER
  AVERAGE SKY COVER 0.0


WEATHER CONDITIONS
 THE FOLLOWING WEATHER WAS RECORDED YESTERDAY.
  NO SIGNIFICANT WEATHER WAS OBSERVED.


RELATIVE HUMIDITY (PERCENT)
 HIGHEST    79           700 AM
 LOWEST     44           300 PM
 AVERAGE    62

..........................................................


THE DULUTH MN CLIMATE NORMALS FOR TODAY
                         NORMAL    RECORD    YEAR
 MAXIMUM TEMPERATURE (F)   19        48      1894
 MINIMUM TEMPERATURE (F)    1       -34      1929


SUNRISE AND SUNSET
JANUARY 13 2015.......SUNRISE   750 AM CST   SUNSET   444 PM CST
JANUARY 14 2015.......SUNRISE   750 AM CST   SUNSET   446 PM CST


-  INDICATES NEGATIVE NUMBERS.
R  INDICATES RECORD WAS SET OR TIED.
MM INDICATES DATA IS MISSING.
T  INDICATES TRACE AMOUNT.




$$
