000
CDUS43 KDLH 030632
CLIDLH


CLIMATE REPORT
NATIONAL WEATHER SERVICE DULUTH MN
131 AM CDT MON JUL 3 2017


...................................

...THE DULUTH MN CLIMATE SUMMARY FOR JULY 2 2017...

CLIMATE NORMAL PERIOD 1981 TO 2010
CLIMATE RECORD PERIOD 1870 TO 2017


WEATHER ITEM   OBSERVED TIME   RECORD YEAR NORMAL DEPARTURE LAST
                VALUE   (LST)  VALUE       VALUE  FROM      YEAR
                                                  NORMAL
..................................................................
TEMPERATURE (F)
 YESTERDAY
  MAXIMUM         75    340 PM  90    1937  75      0       75
  MINIMUM         51    431 AM  42    1994  54     -3       50
                                      1980
                                      1971
  AVERAGE         63                        64     -1       63

PRECIPITATION (IN)
  YESTERDAY        0.00          1.98 1979   0.15  -0.15     0.00
  MONTH TO DATE    T                         0.30  -0.30     0.00
  SINCE JUN 1      5.21                      4.53   0.68     4.46
  SINCE JAN 1     16.35                     13.45   2.90    14.57

SNOWFALL (IN)
  YESTERDAY        0.0           T    1955   0.0    0.0      0.0
  MONTH TO DATE    0.0                       0.0    0.0      0.0
  SINCE JUN 1      T                         0.0    0.0       T
  SINCE JUL 1      0.0                       0.0    0.0      0.0
  SNOW DEPTH       0

DEGREE DAYS
 HEATING
  YESTERDAY        2                         3     -1        2
  MONTH TO DATE    4                         6     -2        7
  SINCE JUN 1    135                       185    -50      149
  SINCE JUL 1      4                         6     -2        7

 COOLING
  YESTERDAY        0                         2     -2        0
  MONTH TO DATE    0                         4     -4        0
  SINCE JUN 1     13                        34    -21       43
  SINCE JAN 1     13                        38    -25       52
..................................................................


WIND (MPH)
  HIGHEST WIND SPEED    14   HIGHEST WIND DIRECTION    NW (330)
  HIGHEST GUST SPEED    21   HIGHEST GUST DIRECTION    NW (300)
  AVERAGE WIND SPEED     6.7


SKY COVER
  AVERAGE SKY COVER 0.2


WEATHER CONDITIONS
 THE FOLLOWING WEATHER WAS RECORDED YESTERDAY.
  NO SIGNIFICANT WEATHER WAS OBSERVED.


RELATIVE HUMIDITY (PERCENT)
 HIGHEST   100           100 AM
 LOWEST     46           300 PM
 AVERAGE    73

..........................................................


THE DULUTH MN CLIMATE NORMALS FOR TODAY
                         NORMAL    RECORD    YEAR
 MAXIMUM TEMPERATURE (F)   75        93      1990
 MINIMUM TEMPERATURE (F)   54        40      1963


SUNRISE AND SUNSET
JULY  3 2017..........SUNRISE   520 AM CDT   SUNSET   905 PM CDT
JULY  4 2017..........SUNRISE   520 AM CDT   SUNSET   905 PM CDT


-  INDICATES NEGATIVE NUMBERS.
R  INDICATES RECORD WAS SET OR TIED.
MM INDICATES DATA IS MISSING.
T  INDICATES TRACE AMOUNT.




$$
