000
CDUS43 KDLH 170620
CLIDLH


CLIMATE REPORT
NATIONAL WEATHER SERVICE DULUTH MN
120 AM CDT MON AUG 17 2015


...................................

...THE DULUTH MN CLIMATE SUMMARY FOR AUGUST 16 2015...

CLIMATE NORMAL PERIOD 1981 TO 2010
CLIMATE RECORD PERIOD 1870 TO 2015


WEATHER ITEM   OBSERVED TIME   RECORD YEAR NORMAL DEPARTURE LAST
                VALUE   (LST)  VALUE       VALUE  FROM      YEAR
                                                  NORMAL
..................................................................
TEMPERATURE (F)
 YESTERDAY
  MAXIMUM         85    106 PM  91    1988  75     10       73
  MINIMUM         62   1159 PM  35    1976  55      7       59
  AVERAGE         74                        65      9       66

PRECIPITATION (IN)
  YESTERDAY        T             2.51 1972   0.11  -0.11     0.04
  MONTH TO DATE    1.54                      1.86  -0.32     1.73
  SINCE JUN 1      8.19                      9.94  -1.75     9.62
  SINCE JAN 1     14.58                     18.86  -4.28    22.05

SNOWFALL (IN)
  YESTERDAY        0.0           0.0  2002   0.0    0.0      0.0
                                      2001
  MONTH TO DATE    0.0                       0.0    0.0      0.0
  SINCE JUN 1      T                         0.0    0.0       T
  SINCE JUL 1      0.0                       0.0    0.0      0.0
  SNOW DEPTH       0

DEGREE DAYS
 HEATING
  YESTERDAY        0                         2     -2        0
  MONTH TO DATE   15                        32    -17        7
  SINCE JUN 1    151                       274   -123      209
  SINCE JUL 1     30                        95    -65       47

 COOLING
  YESTERDAY        9                         2      7        1
  MONTH TO DATE   72                        42     30       30
  SINCE JUN 1    250                       162     88      144
  SINCE JAN 1    254                       166     88      162
..................................................................


WIND (MPH)
  HIGHEST WIND SPEED    22   HIGHEST WIND DIRECTION     W (280)
  HIGHEST GUST SPEED    28   HIGHEST GUST DIRECTION    SW (220)
  AVERAGE WIND SPEED    11.9


SKY COVER
  AVERAGE SKY COVER 0.4


WEATHER CONDITIONS
 THE FOLLOWING WEATHER WAS RECORDED YESTERDAY.
  LIGHT RAIN


RELATIVE HUMIDITY (PERCENT)
 HIGHEST    90           600 AM
 LOWEST     43           100 PM
 AVERAGE    67

..........................................................


THE DULUTH MN CLIMATE NORMALS FOR TODAY
                         NORMAL    RECORD    YEAR
 MAXIMUM TEMPERATURE (F)   74        91      1934
 MINIMUM TEMPERATURE (F)   55        39      1981


SUNRISE AND SUNSET
AUGUST 17 2015........SUNRISE   608 AM CDT   SUNSET   816 PM CDT
AUGUST 18 2015........SUNRISE   610 AM CDT   SUNSET   814 PM CDT


-  INDICATES NEGATIVE NUMBERS.
R  INDICATES RECORD WAS SET OR TIED.
MM INDICATES DATA IS MISSING.
T  INDICATES TRACE AMOUNT.




$$
