000
CDUS43 KDLH 310622
CLIDLH


CLIMATE REPORT
NATIONAL WEATHER SERVICE DULUTH MN
1221 AM CST TUE JAN 31 2017


...................................

...THE DULUTH MN CLIMATE SUMMARY FOR JANUARY 30 2017...

CLIMATE NORMAL PERIOD 1981 TO 2010
CLIMATE RECORD PERIOD 1870 TO 2017


WEATHER ITEM   OBSERVED TIME   RECORD YEAR NORMAL DEPARTURE LAST
                VALUE   (LST)  VALUE       VALUE  FROM      YEAR
                                                  NORMAL
..................................................................
TEMPERATURE (F)
 YESTERDAY
  MAXIMUM         20   1034 PM  44    1890  20      0       41
  MINIMUM          9    145 AM -35    1994   2      7       27
  AVERAGE         15                        11      4       34

PRECIPITATION (IN)
  YESTERDAY        0.30          0.51 2001   0.02   0.28     0.00
  MONTH TO DATE    1.13                      0.93   0.20     1.05
  SINCE DEC 1      3.20                      2.14   1.06     4.75
  SINCE JAN 1      1.13                      0.93   0.20     1.05

SNOWFALL (IN)
  YESTERDAY        4.0           4.7  1974   0.5    3.5      0.0
  MONTH TO DATE   15.0                      18.9   -3.9     13.0
  SINCE DEC 1     36.3                      36.6   -0.3     37.6
  SINCE JUL 1     44.4                      52.7   -8.3     42.0
  SNOW DEPTH       8

DEGREE DAYS
 HEATING
  YESTERDAY       50                        54     -4       31
  MONTH TO DATE 1471                      1644   -173     1576
  SINCE DEC 1   2983                      3200   -217     2763
  SINCE JUL 1   4465                      5413   -948     4426

 COOLING
  YESTERDAY        0                         0      0        0
  MONTH TO DATE    0                         0      0        0
  SINCE DEC 1      0                         0      0        0
  SINCE JAN 1      0                         0      0        0
..................................................................


WIND (MPH)
  HIGHEST WIND SPEED    15   HIGHEST WIND DIRECTION     E (110)
  HIGHEST GUST SPEED    15   HIGHEST GUST DIRECTION     E (110)
  AVERAGE WIND SPEED     9.6


SKY COVER
  AVERAGE SKY COVER 1.0


WEATHER CONDITIONS
 THE FOLLOWING WEATHER WAS RECORDED YESTERDAY.
  SNOW
  LIGHT SNOW
  FOG
  FOG W/VISIBILITY <= 1/4 MILE


RELATIVE HUMIDITY (PERCENT)
 HIGHEST    92           100 PM
 LOWEST     59           600 AM
 AVERAGE    76

..........................................................


THE DULUTH MN CLIMATE NORMALS FOR TODAY
                         NORMAL    RECORD    YEAR
 MAXIMUM TEMPERATURE (F)   20        48      1892
 MINIMUM TEMPERATURE (F)    2       -33      1982


SUNRISE AND SUNSET
JANUARY 31 2017.......SUNRISE   734 AM CST   SUNSET   511 PM CST
FEBRUARY  1 2017......SUNRISE   732 AM CST   SUNSET   512 PM CST


-  INDICATES NEGATIVE NUMBERS.
R  INDICATES RECORD WAS SET OR TIED.
MM INDICATES DATA IS MISSING.
T  INDICATES TRACE AMOUNT.




$$
