000
CDUS43 KDLH 152223
CLIDLH


CLIMATE REPORT
NATIONAL WEATHER SERVICE DULUTH MN
523 PM CDT WED JUL 15 2015


...................................

...THE DULUTH MN CLIMATE SUMMARY FOR JULY 15 2015...
VALID TODAY AS OF 0500 PM LOCAL TIME.

CLIMATE NORMAL PERIOD 1981 TO 2010
CLIMATE RECORD PERIOD 1870 TO 2015


WEATHER ITEM   OBSERVED TIME   RECORD YEAR NORMAL DEPARTURE LAST
                VALUE   (LST)  VALUE       VALUE  FROM      YEAR
                                                  NORMAL
..................................................................
TEMPERATURE (F)
 TODAY
  MAXIMUM         73    138 PM  96    2006  77     -4       71
  MINIMUM         55    329 AM  43    1962  56     -1       51
                                      1912
  AVERAGE         64                        66     -2       61

PRECIPITATION (IN)
  TODAY            0.00          1.31 1907   0.12  -0.12     0.00
  MONTH TO DATE    2.93                      2.04   0.89     2.46
  SINCE JUN 1      6.57                      6.27   0.30     6.93
  SINCE JAN 1     12.96                     15.19  -2.23    19.36

SNOWFALL (IN)
  TODAY            0.0           0.0  2002   0.0    0.0      0.0
                                      2001
  MONTH TO DATE    0.0                       0.0    0.0      0.0
  SINCE JUL 1      0.0                       0.0    0.0      0.0
  SNOW DEPTH       0

DEGREE DAYS
 HEATING
  TODAY            1                         2     -1        4
  MONTH TO DATE   15                        36    -21       29
  SINCE JUN 1    136                       215    -79      191
  SINCE JUL 1     15                        36    -21       29

 COOLING
  TODAY            0                         3     -3        0
  MONTH TO DATE   46                        42      4       29
  SINCE JUN 1     68                        72     -4       58
  SINCE JAN 1     72                        76     -4       76
..................................................................


WIND (MPH)
  HIGHEST WIND SPEED    14   HIGHEST WIND DIRECTION    SE (140)
  HIGHEST GUST SPEED    16   HIGHEST GUST DIRECTION    SE (140)
  AVERAGE WIND SPEED     7.6


SKY COVER
  POSSIBLE SUNSHINE  MM
  AVERAGE SKY COVER 0.5


WEATHER CONDITIONS
 THE FOLLOWING WEATHER WAS RECORDED TODAY.
  NO SIGNIFICANT WEATHER WAS OBSERVED.


RELATIVE HUMIDITY (PERCENT)
 HIGHEST    93           400 AM
 LOWEST     57          1200 PM
 AVERAGE    75

..........................................................


THE DULUTH MN CLIMATE NORMALS FOR TOMORROW
                         NORMAL    RECORD    YEAR
 MAXIMUM TEMPERATURE (F)   77        97      1936
 MINIMUM TEMPERATURE (F)   56        44      1958


SUNRISE AND SUNSET
JULY 15 2015..........SUNRISE   529 AM CDT   SUNSET   859 PM CDT
JULY 16 2015..........SUNRISE   530 AM CDT   SUNSET   859 PM CDT


-  INDICATES NEGATIVE NUMBERS.
R  INDICATES RECORD WAS SET OR TIED.
MM INDICATES DATA IS MISSING.
T  INDICATES TRACE AMOUNT.




$$
