000
CDUS43 KDLH 090632
CLIDLH


CLIMATE REPORT
NATIONAL WEATHER SERVICE DULUTH MN
129 AM CDT MON MAY 9 2016


...................................

...THE DULUTH MN CLIMATE SUMMARY FOR MAY 8 2016...

CLIMATE NORMAL PERIOD 1981 TO 2010
CLIMATE RECORD PERIOD 1870 TO 2016


WEATHER ITEM   OBSERVED TIME   RECORD YEAR NORMAL DEPARTURE LAST
                VALUE   (LST)  VALUE       VALUE  FROM      YEAR
                                                  NORMAL
..................................................................
TEMPERATURE (F)
 YESTERDAY
  MAXIMUM         64    150 PM  87    1896  60      4       55
  MINIMUM         36    455 AM  22    1966  38     -2       40
  AVERAGE         50                        49      1       48

PRECIPITATION (IN)
  YESTERDAY        0.00          1.45 2000   0.10  -0.10      T
  MONTH TO DATE    0.51                      0.80  -0.29     0.50
  SINCE MAR 1      6.87                      4.72   2.15     2.32
  SINCE JAN 1      8.75                      6.49   2.26     3.16

SNOWFALL (IN)
  YESTERDAY        0.0           5.0  1924   0.1   -0.1      0.0
  MONTH TO DATE    T                         0.3   -0.3      0.0
  SINCE MAR 1     27.1                      20.4    6.7      9.3
  SINCE JUL 1     81.3                      86.0   -4.7     49.2
  SNOW DEPTH       0

DEGREE DAYS
 HEATING
  YESTERDAY       15                        16     -1       17
  MONTH TO DATE   95                       137    -42       76
  SINCE MAR 1   1932                      2109   -177     1810
  SINCE JUL 1   7769                      8976  -1207     8649

 COOLING
  YESTERDAY        0                         0      0        0
  MONTH TO DATE    7                         0      7        0
  SINCE MAR 1      7                         0      7        0
  SINCE JAN 1      7                         0      7        0
..................................................................


WIND (MPH)
  HIGHEST WIND SPEED    17   HIGHEST WIND DIRECTION     E (110)
  HIGHEST GUST SPEED    20   HIGHEST GUST DIRECTION     E (110)
  AVERAGE WIND SPEED     7.2


SKY COVER
  AVERAGE SKY COVER 0.1


WEATHER CONDITIONS
 THE FOLLOWING WEATHER WAS RECORDED YESTERDAY.
  NO SIGNIFICANT WEATHER WAS OBSERVED.


RELATIVE HUMIDITY (PERCENT)
 HIGHEST    82           500 AM
 LOWEST     30           100 PM
 AVERAGE    56

..........................................................


THE DULUTH MN CLIMATE NORMALS FOR TODAY
                         NORMAL    RECORD    YEAR
 MAXIMUM TEMPERATURE (F)   60        88      1896
 MINIMUM TEMPERATURE (F)   39        20      1966


SUNRISE AND SUNSET
MAY  9 2016...........SUNRISE   541 AM CDT   SUNSET   830 PM CDT
MAY 10 2016...........SUNRISE   540 AM CDT   SUNSET   831 PM CDT


-  INDICATES NEGATIVE NUMBERS.
R  INDICATES RECORD WAS SET OR TIED.
MM INDICATES DATA IS MISSING.
T  INDICATES TRACE AMOUNT.




$$
