000
CDUS43 KDLH 160619
CLIDLH


CLIMATE REPORT
NATIONAL WEATHER SERVICE DULUTH MN
118 AM CDT FRI JUN 16 2017


...................................

...THE DULUTH MN CLIMATE SUMMARY FOR JUNE 15 2017...

CLIMATE NORMAL PERIOD 1981 TO 2010
CLIMATE RECORD PERIOD 1870 TO 2017


WEATHER ITEM   OBSERVED TIME   RECORD YEAR NORMAL DEPARTURE LAST
                VALUE   (LST)  VALUE       VALUE  FROM      YEAR
                                                  NORMAL
..................................................................
TEMPERATURE (F)
 YESTERDAY
  MAXIMUM         76    338 PM  88    1913  71      5       60
                                      1894
  MINIMUM         48    334 AM  35    1989  49     -1       50
                                      1968
                                      1948
  AVERAGE         62                        60      2       55

PRECIPITATION (IN)
  YESTERDAY        T             1.90 1874   0.14  -0.14     0.41
  MONTH TO DATE    2.40                      1.95   0.45     3.25
  SINCE JUN 1      2.40                      1.95   0.45     3.25
  SINCE JAN 1     13.54                     10.87   2.67    13.36

SNOWFALL (IN)
  YESTERDAY        0.0           0.0  2002   0.0    0.0      0.0
                                      2001
  MONTH TO DATE    T                         0.0    0.0       T
  SINCE JUN 1      T                         0.0    0.0       T
  SINCE JUL 1     67.0                      86.1  -19.1     81.4
  SNOW DEPTH       0

DEGREE DAYS
 HEATING
  YESTERDAY        3                         6     -3       10
  MONTH TO DATE   50                       114    -64      121
  SINCE JUN 1     50                       114    -64      121
  SINCE JUL 1   8057                      9379  -1322     8165

 COOLING
  YESTERDAY        0                         1     -1        0
  MONTH TO DATE   10                         6      4        5
  SINCE JUN 1     10                         6      4        5
  SINCE JAN 1     10                        10      0       14
..................................................................


WIND (MPH)
  HIGHEST WIND SPEED    28   HIGHEST WIND DIRECTION     W (270)
  HIGHEST GUST SPEED    35   HIGHEST GUST DIRECTION     W (270)
  AVERAGE WIND SPEED    11.5


SKY COVER
  AVERAGE SKY COVER 0.4


WEATHER CONDITIONS
 THE FOLLOWING WEATHER WAS RECORDED YESTERDAY.
  LIGHT RAIN
  FOG


RELATIVE HUMIDITY (PERCENT)
 HIGHEST   100          1200 AM
 LOWEST     49           400 PM
 AVERAGE    75

..........................................................


THE DULUTH MN CLIMATE NORMALS FOR TODAY
                         NORMAL    RECORD    YEAR
 MAXIMUM TEMPERATURE (F)   71        88      1910
                                             1907
 MINIMUM TEMPERATURE (F)   50        35      1982
                                             1980


SUNRISE AND SUNSET
JUNE 16 2017..........SUNRISE   514 AM CDT   SUNSET   905 PM CDT
JUNE 17 2017..........SUNRISE   514 AM CDT   SUNSET   905 PM CDT


-  INDICATES NEGATIVE NUMBERS.
R  INDICATES RECORD WAS SET OR TIED.
MM INDICATES DATA IS MISSING.
T  INDICATES TRACE AMOUNT.




$$
