000
CDUS43 KDLH 040720
CLIDLH


CLIMATE REPORT
NATIONAL WEATHER SERVICE DULUTH MN
220 AM CDT WED MAY 4 2016


...................................

...THE DULUTH MN CLIMATE SUMMARY FOR MAY 3 2016...

CLIMATE NORMAL PERIOD 1981 TO 2010
CLIMATE RECORD PERIOD 1870 TO 2016


WEATHER ITEM   OBSERVED TIME   RECORD YEAR NORMAL DEPARTURE LAST
                VALUE   (LST)  VALUE       VALUE  FROM      YEAR
                                                  NORMAL
..................................................................
TEMPERATURE (F)
 YESTERDAY
  MAXIMUM         68    338 PM  85    1952  58     10       77
  MINIMUM         45    118 AM  16    1907  37      8       51
  AVERAGE         57                        47     10       64

PRECIPITATION (IN)
  YESTERDAY        T             1.67 1912   0.10  -0.10     0.01
  MONTH TO DATE    T                         0.30  -0.30     0.01
  SINCE MAR 1      6.36                      4.22   2.14     1.83
  SINCE JAN 1      8.24                      5.99   2.25     2.67

SNOWFALL (IN)
  YESTERDAY        0.0           1.9  1954   0.0    0.0      0.0
  MONTH TO DATE    0.0                       0.1   -0.1      0.0
  SINCE MAR 1     27.1                      20.2    6.9      9.3
  SINCE JUL 1     81.3                      85.8   -4.5     49.2
  SNOW DEPTH       0

DEGREE DAYS
 HEATING
  YESTERDAY        8                        18    -10        1
  MONTH TO DATE   47                        54     -7       17
  SINCE MAR 1   1884                      2026   -142     1751
  SINCE JUL 1   7721                      8893  -1172     8590

 COOLING
  YESTERDAY        0                         0      0        0
  MONTH TO DATE    0                         0      0        0
  SINCE MAR 1      0                         0      0        0
  SINCE JAN 1      0                         0      0        0
..................................................................


WIND (MPH)
  HIGHEST WIND SPEED    29   HIGHEST WIND DIRECTION     W (280)
  HIGHEST GUST SPEED    38   HIGHEST GUST DIRECTION     W (270)
  AVERAGE WIND SPEED    15.3


SKY COVER
  AVERAGE SKY COVER 0.4


WEATHER CONDITIONS
 THE FOLLOWING WEATHER WAS RECORDED YESTERDAY.
  LIGHT RAIN


RELATIVE HUMIDITY (PERCENT)
 HIGHEST    58           100 AM
 LOWEST     22           400 PM
 AVERAGE    40

..........................................................


THE DULUTH MN CLIMATE NORMALS FOR TODAY
                         NORMAL    RECORD    YEAR
 MAXIMUM TEMPERATURE (F)   58        86      1980
 MINIMUM TEMPERATURE (F)   37        23      1967


SUNRISE AND SUNSET
MAY  4 2016...........SUNRISE   548 AM CDT   SUNSET   823 PM CDT
MAY  5 2016...........SUNRISE   547 AM CDT   SUNSET   824 PM CDT


-  INDICATES NEGATIVE NUMBERS.
R  INDICATES RECORD WAS SET OR TIED.
MM INDICATES DATA IS MISSING.
T  INDICATES TRACE AMOUNT.




$$
