000
CDUS43 KDLH 302239
CLIDLH


CLIMATE REPORT
NATIONAL WEATHER SERVICE DULUTH MN
437 PM CST FRI DEC 30 2016


...................................

...THE DULUTH MN CLIMATE SUMMARY FOR DECEMBER 30 2016...
VALID TODAY AS OF 0400 PM LOCAL TIME.

CLIMATE NORMAL PERIOD 1981 TO 2010
CLIMATE RECORD PERIOD 1870 TO 2016


WEATHER ITEM   OBSERVED TIME   RECORD YEAR NORMAL DEPARTURE LAST
                VALUE   (LST)  VALUE       VALUE  FROM      YEAR
                                                  NORMAL
..................................................................
TEMPERATURE (F)
 TODAY
  MAXIMUM         16    205 PM  43    1901  19     -3       22
  MINIMUM         10    906 AM -26    1938   3      7       15
  AVERAGE         13                        11      2       19

PRECIPITATION (IN)
  TODAY            0.04          0.83 2010   0.03   0.01      T
  MONTH TO DATE    2.04                      1.17   0.87     3.70
  SINCE DEC 1      2.04                      1.17   0.87     3.70
  SINCE JAN 1     33.63                     30.92   2.71    32.29

SNOWFALL (IN)
  TODAY            0.5          10.3  1996   0.7   -0.2       T
  MONTH TO DATE   20.3                      17.1    3.2     24.4
  SINCE JUL 1     28.4                      33.2   -4.8     28.8
  SNOW DEPTH       8

DEGREE DAYS
 HEATING
  TODAY           52                        54     -2       46
  MONTH TO DATE 1465                      1504    -39     1139
  SINCE DEC 1   1465                      1504    -39     1139
  SINCE JUL 1   2947                      3717   -770     2802

 COOLING
  TODAY            0                         0      0        0
  MONTH TO DATE    0                         0      0        0
  SINCE DEC 1      0                         0      0        0
  SINCE JAN 1    281                       204     77      336
..................................................................


WIND (MPH)
  HIGHEST WIND SPEED    16   HIGHEST WIND DIRECTION    NW (310)
  HIGHEST GUST SPEED    26   HIGHEST GUST DIRECTION    NW (300)
  AVERAGE WIND SPEED     6.3


SKY COVER
  POSSIBLE SUNSHINE  MM
  AVERAGE SKY COVER 0.8


WEATHER CONDITIONS
 THE FOLLOWING WEATHER WAS RECORDED TODAY.
  LIGHT SNOW
  FOG


RELATIVE HUMIDITY (PERCENT)
 HIGHEST    92           700 AM
 LOWEST     73           200 AM
 AVERAGE    83

..........................................................


THE DULUTH MN CLIMATE NORMALS FOR TOMORROW
                         NORMAL    RECORD    YEAR
 MAXIMUM TEMPERATURE (F)   19        49      1904
 MINIMUM TEMPERATURE (F)    3       -31      1946


SUNRISE AND SUNSET
DECEMBER 30 2016......SUNRISE   754 AM CST   SUNSET   429 PM CST
DECEMBER 31 2016......SUNRISE   754 AM CST   SUNSET   430 PM CST


-  INDICATES NEGATIVE NUMBERS.
R  INDICATES RECORD WAS SET OR TIED.
MM INDICATES DATA IS MISSING.
T  INDICATES TRACE AMOUNT.




$$
