000
CDUS43 KDLH 142245
CLIDLH


CLIMATE REPORT
NATIONAL WEATHER SERVICE DULUTH MN
444 PM CST FRI NOV 14 2014


...................................

...THE DULUTH MN CLIMATE SUMMARY FOR NOVEMBER 14 2014...
VALID TODAY AS OF 0400 PM LOCAL TIME.

CLIMATE NORMAL PERIOD 1981 TO 2010
CLIMATE RECORD PERIOD 1870 TO 2014


WEATHER ITEM   OBSERVED TIME   RECORD YEAR NORMAL DEPARTURE LAST
                VALUE   (LST)  VALUE       VALUE  FROM      YEAR
                                                  NORMAL
..................................................................
TEMPERATURE (F)
 TODAY
  MAXIMUM         22    332 PM  63    1953  36    -14       47
  MINIMUM          7    617 AM  -3    1959  23    -16       31
                                      1919
  AVERAGE         15                        30    -15       39

PRECIPITATION (IN)
  TODAY            T             0.76 1909   0.07  -0.07     0.00
  MONTH TO DATE    0.70                      1.04  -0.34     0.41
  SINCE SEP 1      4.14                      8.00  -3.86     5.60
  SINCE JAN 1     29.09                     28.70   0.39    27.19

SNOWFALL (IN)
  TODAY            T             3.8  2010   0.4   -0.4      0.0
  MONTH TO DATE   10.2                       4.8    5.4      1.1
  SINCE JUL 1     10.3                       7.2    3.1      1.4
  SNOW DEPTH       5

DEGREE DAYS
 HEATING
  TODAY           50                        35     15       26
  MONTH TO DATE  495                       448     47      462
  SINCE SEP 1   1344                      1424    -80     1240
  SINCE JUL 1   1421                      1573   -152     1314

 COOLING
  TODAY            0                         0      0        0
  MONTH TO DATE    0                         0      0        0
  SINCE SEP 1      9                        14     -5       24
  SINCE JAN 1    179                       204    -25      375
..................................................................


WIND (MPH)
  HIGHEST WIND SPEED    14   HIGHEST WIND DIRECTION     W (260)
  HIGHEST GUST SPEED    18   HIGHEST GUST DIRECTION    NW (310)
  AVERAGE WIND SPEED     8.9


SKY COVER
  POSSIBLE SUNSHINE  MM
  AVERAGE SKY COVER 0.3


WEATHER CONDITIONS
 THE FOLLOWING WEATHER WAS RECORDED TODAY.
  LIGHT SNOW
  FOG


RELATIVE HUMIDITY (PERCENT)
 HIGHEST    91           100 AM
 LOWEST     57           300 PM
 AVERAGE    74

..........................................................


THE DULUTH MN CLIMATE NORMALS FOR TOMORROW
                         NORMAL    RECORD    YEAR
 MAXIMUM TEMPERATURE (F)   36        64      1939
 MINIMUM TEMPERATURE (F)   22        -4      1933
                                             1932


SUNRISE AND SUNSET
NOVEMBER 14 2014......SUNRISE   710 AM CST   SUNSET   436 PM CST
NOVEMBER 15 2014......SUNRISE   711 AM CST   SUNSET   434 PM CST


-  INDICATES NEGATIVE NUMBERS.
R  INDICATES RECORD WAS SET OR TIED.
MM INDICATES DATA IS MISSING.
T  INDICATES TRACE AMOUNT.




$$
