272
CDUS43 KDLH 090619
CLIDLH


CLIMATE REPORT
NATIONAL WEATHER SERVICE DULUTH MN
1219 AM CST THU NOV 9 2017


...................................

...THE DULUTH MN CLIMATE SUMMARY FOR NOVEMBER 8 2017...

CLIMATE NORMAL PERIOD 1981 TO 2010
CLIMATE RECORD PERIOD 1870 TO 2017


WEATHER ITEM   OBSERVED TIME   RECORD YEAR NORMAL DEPARTURE LAST
                VALUE   (LST)  VALUE       VALUE  FROM      YEAR
                                                  NORMAL
..................................................................
TEMPERATURE (F)
 YESTERDAY
  MAXIMUM         28    147 PM  69    1999  40    -12       56
  MINIMUM         17    439 AM  -5    2003  26     -9       36
  AVERAGE         23                        33    -10       46

PRECIPITATION (IN)
  YESTERDAY        0.05          1.83 1932   0.07  -0.02     0.00
  MONTH TO DATE    0.95                      0.59   0.36     0.01
  SINCE SEP 1      7.90                      7.55   0.35     5.08
  SINCE JAN 1     35.59                     28.25   7.34    29.00

SNOWFALL (IN)
  YESTERDAY        0.6           6.8  1943   0.3    0.3      0.0
  MONTH TO DATE    8.2                       2.3    5.9      0.0
  SINCE SEP 1     19.3                       4.7   14.6       T
  SINCE JUL 1     19.3                       4.7   14.6       T
  SNOW DEPTH       3

DEGREE DAYS
 HEATING
  YESTERDAY       42                        32     10       19
  MONTH TO DATE  311                       244     67      120
  SINCE SEP 1   1117                      1220   -103      813
  SINCE JUL 1   1287                      1369    -82      867

 COOLING
  YESTERDAY        0                         0      0        0
  MONTH TO DATE    0                         0      0        0
  SINCE SEP 1     26                        14     12       14
  SINCE JAN 1    126                       204    -78      281
..................................................................


WIND (MPH)
  HIGHEST WIND SPEED    16   HIGHEST WIND DIRECTION     W (290)
  HIGHEST GUST SPEED    20   HIGHEST GUST DIRECTION     N (340)
  AVERAGE WIND SPEED     9.3


SKY COVER
  AVERAGE SKY COVER 0.6


WEATHER CONDITIONS
 THE FOLLOWING WEATHER WAS RECORDED YESTERDAY.
  LIGHT SNOW
  FOG


RELATIVE HUMIDITY (PERCENT)
 HIGHEST    92           700 AM
 LOWEST     63           300 PM
 AVERAGE    78

..........................................................


THE DULUTH MN CLIMATE NORMALS FOR TODAY
                         NORMAL    RECORD    YEAR
 MAXIMUM TEMPERATURE (F)   39        71      1999
 MINIMUM TEMPERATURE (F)   26         5      1959
                                             1945


SUNRISE AND SUNSET
NOVEMBER  9 2017......SUNRISE   703 AM CST   SUNSET   441 PM CST
NOVEMBER 10 2017......SUNRISE   705 AM CST   SUNSET   440 PM CST


-  INDICATES NEGATIVE NUMBERS.
R  INDICATES RECORD WAS SET OR TIED.
MM INDICATES DATA IS MISSING.
T  INDICATES TRACE AMOUNT.




$$
