000
CDUS43 KDLH 142223
CLIDLH


CLIMATE REPORT
NATIONAL WEATHER SERVICE DULUTH MN
523 PM CDT TUE JUL 14 2015


...................................

...THE DULUTH MN CLIMATE SUMMARY FOR JULY 14 2015...
VALID TODAY AS OF 0500 PM LOCAL TIME.

CLIMATE NORMAL PERIOD 1981 TO 2010
CLIMATE RECORD PERIOD 1870 TO 2015


WEATHER ITEM   OBSERVED TIME   RECORD YEAR NORMAL DEPARTURE LAST
                VALUE   (LST)  VALUE       VALUE  FROM      YEAR
                                                  NORMAL
..................................................................
TEMPERATURE (F)
 TODAY
  MAXIMUM         71    726 AM  98    1901  77     -6       62
  MINIMUM         62   1119 AM  37    1987  56      6       50
  AVERAGE         67                        66      1       56

PRECIPITATION (IN)
  TODAY            0.00          1.60 1980   0.13  -0.13     0.25
  MONTH TO DATE    2.93                      1.92   1.01     2.46
  SINCE JUN 1      6.57                      6.15   0.42     6.93
  SINCE JAN 1     12.96                     15.07  -2.11    19.36

SNOWFALL (IN)
  TODAY            0.0           0.0  2002   0.0    0.0      0.0
                                      2001
  MONTH TO DATE    0.0                       0.0    0.0      0.0
  SINCE JUL 1      0.0                       0.0    0.0      0.0
  SNOW DEPTH       0

DEGREE DAYS
 HEATING
  TODAY            0                         2     -2        9
  MONTH TO DATE   13                        34    -21       25
  SINCE JUN 1    134                       213    -79      187
  SINCE JUL 1     13                        34    -21       25

 COOLING
  TODAY            2                         3     -1        0
  MONTH TO DATE   48                        39      9       29
  SINCE JUN 1     70                        69      1       58
  SINCE JAN 1     74                        73      1       76
..................................................................


WIND (MPH)
  HIGHEST WIND SPEED    23   HIGHEST WIND DIRECTION     E (110)
  HIGHEST GUST SPEED    28   HIGHEST GUST DIRECTION     E (110)
  AVERAGE WIND SPEED    10.8


SKY COVER
  POSSIBLE SUNSHINE  MM
  AVERAGE SKY COVER 0.5


WEATHER CONDITIONS
 THE FOLLOWING WEATHER WAS RECORDED TODAY.
  FOG


RELATIVE HUMIDITY (PERCENT)
 HIGHEST    93           200 AM
 LOWEST     51           300 PM
 AVERAGE    72

..........................................................


THE DULUTH MN CLIMATE NORMALS FOR TOMORROW
                         NORMAL    RECORD    YEAR
 MAXIMUM TEMPERATURE (F)   77        96      2006
 MINIMUM TEMPERATURE (F)   56        43      1962
                                             1912


SUNRISE AND SUNSET
JULY 14 2015..........SUNRISE   528 AM CDT   SUNSET   900 PM CDT
JULY 15 2015..........SUNRISE   529 AM CDT   SUNSET   859 PM CDT


-  INDICATES NEGATIVE NUMBERS.
R  INDICATES RECORD WAS SET OR TIED.
MM INDICATES DATA IS MISSING.
T  INDICATES TRACE AMOUNT.




$$
