376
CDUS43 KDLH 150625
CLIDLH


CLIMATE REPORT
NATIONAL WEATHER SERVICE DULUTH MN
125 AM CDT MON AUG 15 2016


...................................

...THE DULUTH MN CLIMATE SUMMARY FOR AUGUST 14 2016...

CLIMATE NORMAL PERIOD 1981 TO 2010
CLIMATE RECORD PERIOD 1870 TO 2016


WEATHER ITEM   OBSERVED TIME   RECORD YEAR NORMAL DEPARTURE LAST
                VALUE   (LST)  VALUE       VALUE  FROM      YEAR
                                                  NORMAL
..................................................................
TEMPERATURE (F)
 YESTERDAY
  MAXIMUM         79    340 PM  93    2015  75      4       93
                                      1961
                                      1938
  MINIMUM         57    523 AM  36    1964  55      2       57
  AVERAGE         68                        65      3       75

PRECIPITATION (IN)
  YESTERDAY        0.00          1.64 2000   0.12  -0.12     0.00
  MONTH TO DATE    1.88                      1.63   0.25     1.54
  SINCE JUN 1     10.73                      9.71   1.02     8.19
  SINCE JAN 1     20.84                     18.63   2.21    14.58

SNOWFALL (IN)
  YESTERDAY        0.0           0.0  2002   0.0    0.0      0.0
                                      2001
  MONTH TO DATE    0.0                       0.0    0.0      0.0
  SINCE JUN 1      T                         0.0    0.0       T
  SINCE JUL 1      0.0                       0.0    0.0      0.0
  SNOW DEPTH       0

DEGREE DAYS
 HEATING
  YESTERDAY        0                         2     -2        0
  MONTH TO DATE    6                        28    -22       15
  SINCE JUN 1    177                       270    -93      151
  SINCE JUL 1     35                        91    -56       30

 COOLING
  YESTERDAY        3                         2      1       10
  MONTH TO DATE   55                        38     17       51
  SINCE JUN 1    201                       158     43      229
  SINCE JAN 1    210                       162     48      233
..................................................................


WIND (MPH)
  HIGHEST WIND SPEED    13   HIGHEST WIND DIRECTION     W (290)
  HIGHEST GUST SPEED    18   HIGHEST GUST DIRECTION    NW (300)
  AVERAGE WIND SPEED     6.0


SKY COVER
  AVERAGE SKY COVER 0.3


WEATHER CONDITIONS
 THE FOLLOWING WEATHER WAS RECORDED YESTERDAY.
  FOG


RELATIVE HUMIDITY (PERCENT)
 HIGHEST   100           200 AM
 LOWEST     48           400 PM
 AVERAGE    74

..........................................................


THE DULUTH MN CLIMATE NORMALS FOR TODAY
                         NORMAL    RECORD    YEAR
 MAXIMUM TEMPERATURE (F)   75        92      1930
                                             1922
 MINIMUM TEMPERATURE (F)   55        35      1976


SUNRISE AND SUNSET
AUGUST 15 2016........SUNRISE   607 AM CDT   SUNSET   818 PM CDT
AUGUST 16 2016........SUNRISE   608 AM CDT   SUNSET   816 PM CDT


-  INDICATES NEGATIVE NUMBERS.
R  INDICATES RECORD WAS SET OR TIED.
MM INDICATES DATA IS MISSING.
T  INDICATES TRACE AMOUNT.




$$
