000
CDUS43 KDLH 280643
CLIDLH


CLIMATE REPORT
NATIONAL WEATHER SERVICE DULUTH MN
1240 AM CST THU JAN 28 2016


...................................

...THE DULUTH MN CLIMATE SUMMARY FOR JANUARY 27 2016...

CLIMATE NORMAL PERIOD 1981 TO 2010
CLIMATE RECORD PERIOD 1870 TO 2016


WEATHER ITEM   OBSERVED TIME   RECORD YEAR NORMAL DEPARTURE LAST
                VALUE   (LST)  VALUE       VALUE  FROM      YEAR
                                                  NORMAL
..................................................................
TEMPERATURE (F)
 YESTERDAY
  MAXIMUM         36   1015 PM  46    1906  20     16       28
  MINIMUM         11    319 AM -33    1885   2      9       25
  AVERAGE         24                        10     14       27

PRECIPITATION (IN)
  YESTERDAY        0.18          0.87 1916   0.03   0.15      T
  MONTH TO DATE    0.92                      0.86   0.06     0.46
  SINCE DEC 1      4.62                      2.07   2.55     1.72
  SINCE JAN 1      0.92                      0.86   0.06     0.46

SNOWFALL (IN)
  YESTERDAY        1.4           9.0  1916   0.6    0.8       T
  MONTH TO DATE   12.3                      17.4   -5.1      6.6
  SINCE DEC 1     36.9                      35.1    1.8     15.2
  SINCE JUL 1     41.3                      51.2   -9.9     31.7
  SNOW DEPTH      13

DEGREE DAYS
 HEATING
  YESTERDAY       41                        55    -14       38
  MONTH TO DATE 1448                      1482    -34     1420
  SINCE DEC 1   2635                      3038   -403     2761
  SINCE JUL 1   4298                      5251   -953     4976

 COOLING
  YESTERDAY        0                         0      0        0
  MONTH TO DATE    0                         0      0        0
  SINCE DEC 1      0                         0      0        0
  SINCE JAN 1      0                         0      0        0
..................................................................


WIND (MPH)
  HIGHEST WIND SPEED    31   HIGHEST WIND DIRECTION     W (270)
  HIGHEST GUST SPEED    42   HIGHEST GUST DIRECTION     W (290)
  AVERAGE WIND SPEED    18.2


SKY COVER
  AVERAGE SKY COVER 1.0


WEATHER CONDITIONS
 THE FOLLOWING WEATHER WAS RECORDED YESTERDAY.
  RAIN
  LIGHT RAIN
  SNOW
  LIGHT SNOW
  FOG
  FOG W/VISIBILITY <= 1/4 MILE
  BLOWING SNOW


RELATIVE HUMIDITY (PERCENT)
 HIGHEST    89           500 PM
 LOWEST     73           100 AM
 AVERAGE    81

..........................................................


THE DULUTH MN CLIMATE NORMALS FOR TODAY
                         NORMAL    RECORD    YEAR
 MAXIMUM TEMPERATURE (F)   20        51      1877
 MINIMUM TEMPERATURE (F)    2       -37      1966


SUNRISE AND SUNSET
JANUARY 28 2016.......SUNRISE   738 AM CST   SUNSET   505 PM CST
JANUARY 29 2016.......SUNRISE   737 AM CST   SUNSET   507 PM CST


-  INDICATES NEGATIVE NUMBERS.
R  INDICATES RECORD WAS SET OR TIED.
MM INDICATES DATA IS MISSING.
T  INDICATES TRACE AMOUNT.




$$
