727
CDUS43 KDLH 112228
CLIDLH


CLIMATE REPORT
NATIONAL WEATHER SERVICE DULUTH MN
527 PM CDT TUE JUL 11 2017


...................................

...THE DULUTH MN CLIMATE SUMMARY FOR JULY 11 2017...
VALID TODAY AS OF 0500 PM LOCAL TIME.

CLIMATE NORMAL PERIOD 1981 TO 2010
CLIMATE RECORD PERIOD 1870 TO 2017


WEATHER ITEM   OBSERVED TIME   RECORD YEAR NORMAL DEPARTURE LAST
                VALUE   (LST)  VALUE       VALUE  FROM      YEAR
                                                  NORMAL
..................................................................
TEMPERATURE (F)
 TODAY
  MAXIMUM         76   1132 AM  92    1936  76      0       70
  MINIMUM         53    212 AM  41    1985  55     -2       58
  AVERAGE         65                        66     -1       64

PRECIPITATION (IN)
  TODAY            T             2.27 2016   0.12  -0.12     2.27
                                      1914
  MONTH TO DATE    2.02                      1.54   0.48     3.12
  SINCE JUN 1      7.23                      5.77   1.46     7.58
  SINCE JAN 1     18.37                     14.69   3.68    17.69

SNOWFALL (IN)
  TODAY            0.0           T    2007   0.0    0.0      0.0
  MONTH TO DATE    0.0                       0.0    0.0      0.0
  SINCE JUL 1      0.0                       0.0    0.0      0.0
  SNOW DEPTH       0

DEGREE DAYS
 HEATING
  TODAY            0                         2     -2        1
  MONTH TO DATE   11                        28    -17       13
  SINCE JUN 1    142                       207    -65      155
  SINCE JUL 1     11                        28    -17       13

 COOLING
  TODAY            0                         3     -3        0
  MONTH TO DATE   23                        30     -7       17
  SINCE JUN 1     36                        60    -24       60
  SINCE JAN 1     36                        64    -28       69
..................................................................


WIND (MPH)
  HIGHEST WIND SPEED    20   HIGHEST WIND DIRECTION    SE (120)
  HIGHEST GUST SPEED    24   HIGHEST GUST DIRECTION    SE (120)
  AVERAGE WIND SPEED     4.9


SKY COVER
  POSSIBLE SUNSHINE  MM
  AVERAGE SKY COVER 0.3


WEATHER CONDITIONS
 THE FOLLOWING WEATHER WAS RECORDED TODAY.
  NO SIGNIFICANT WEATHER WAS OBSERVED.


RELATIVE HUMIDITY (PERCENT)
 HIGHEST    93           100 AM
 LOWEST     46          1100 AM
 AVERAGE    70

..........................................................


THE DULUTH MN CLIMATE NORMALS FOR TOMORROW
                         NORMAL    RECORD    YEAR
 MAXIMUM TEMPERATURE (F)   76       102      1936
 MINIMUM TEMPERATURE (F)   55        42      1990
                                             1975


SUNRISE AND SUNSET
JULY 11 2017..........SUNRISE   526 AM CDT   SUNSET   901 PM CDT
JULY 12 2017..........SUNRISE   527 AM CDT   SUNSET   901 PM CDT


-  INDICATES NEGATIVE NUMBERS.
R  INDICATES RECORD WAS SET OR TIED.
MM INDICATES DATA IS MISSING.
T  INDICATES TRACE AMOUNT.




$$
