912
CDUS43 KDLH 152232
CLIDLH


CLIMATE REPORT
NATIONAL WEATHER SERVICE DULUTH MN
528 PM CDT SAT APR 15 2017


...................................

...THE DULUTH MN CLIMATE SUMMARY FOR APRIL 15 2017...
VALID TODAY AS OF 0500 PM LOCAL TIME.

CLIMATE NORMAL PERIOD 1981 TO 2010
CLIMATE RECORD PERIOD 1870 TO 2017


WEATHER ITEM   OBSERVED TIME   RECORD YEAR NORMAL DEPARTURE LAST
                VALUE   (LST)  VALUE       VALUE  FROM      YEAR
                                                  NORMAL
..................................................................
TEMPERATURE (F)
 TODAY
  MAXIMUM         70    354 PM  79    1913  49     21       68
  MINIMUM         47    630 AM  11    1935  30     17       47
  AVERAGE         59                        39     20       58

PRECIPITATION (IN)
  TODAY            0.00          2.02 2012   0.08  -0.08     0.00
  MONTH TO DATE    0.43                      1.07  -0.64     0.71
  SINCE MAR 1      1.48                      2.56  -1.08     4.67
  SINCE JAN 1      4.44                      4.33   0.11     6.55

SNOWFALL (IN)
  TODAY            0.0           9.7  1961   0.3   -0.3      0.0
  MONTH TO DATE    0.0                       4.5   -4.5      9.8
  SINCE JUL 1     64.3                      83.3  -19.0     81.3
  SNOW DEPTH       0

DEGREE DAYS
 HEATING
  TODAY            6                        26    -20        7
  MONTH TO DATE  299                       434   -135      496
  SINCE MAR 1   1492                      1644   -152     1524
  SINCE JUL 1   7182                      8511  -1329     7361

 COOLING
  TODAY            0                         0      0        0
  MONTH TO DATE    0                         0      0        0
  SINCE MAR 1      0                         0      0        0
  SINCE JAN 1      0                         0      0        0
..................................................................


WIND (MPH)
  HIGHEST WIND SPEED    14   HIGHEST WIND DIRECTION    NW (310)
  HIGHEST GUST SPEED    17   HIGHEST GUST DIRECTION     N (340)
  AVERAGE WIND SPEED     7.0


SKY COVER
  POSSIBLE SUNSHINE  MM
  AVERAGE SKY COVER 0.9


WEATHER CONDITIONS
 THE FOLLOWING WEATHER WAS RECORDED TODAY.
  FOG
  HAZE


RELATIVE HUMIDITY (PERCENT)
 HIGHEST    93           600 AM
 LOWEST     37           400 PM
 AVERAGE    65

..........................................................


THE DULUTH MN CLIMATE NORMALS FOR TOMORROW
                         NORMAL    RECORD    YEAR
 MAXIMUM TEMPERATURE (F)   50        76      1958
 MINIMUM TEMPERATURE (F)   30         4      1875


SUNRISE AND SUNSET
APRIL 15 2017.........SUNRISE   621 AM CDT   SUNSET   758 PM CDT
APRIL 16 2017.........SUNRISE   619 AM CDT   SUNSET   759 PM CDT


-  INDICATES NEGATIVE NUMBERS.
R  INDICATES RECORD WAS SET OR TIED.
MM INDICATES DATA IS MISSING.
T  INDICATES TRACE AMOUNT.




$$
