000
CDUS43 KDLH 190628
CLIDLH


CLIMATE REPORT
NATIONAL WEATHER SERVICE DULUTH MN
1226 AM CST SAT NOV 19 2016


...................................

...THE DULUTH MN CLIMATE SUMMARY FOR NOVEMBER 18 2016...

CLIMATE NORMAL PERIOD 1981 TO 2010
CLIMATE RECORD PERIOD 1870 TO 2016


WEATHER ITEM   OBSERVED TIME   RECORD YEAR NORMAL DEPARTURE LAST
                VALUE   (LST)  VALUE       VALUE  FROM      YEAR
                                                  NORMAL
..................................................................
TEMPERATURE (F)
 YESTERDAY
  MAXIMUM         40   1211 AM  64    1904  34      6       57
  MINIMUM         26   1159 PM  -4    1932  21      5       39
  AVERAGE         33                        27      6       48

PRECIPITATION (IN)
  YESTERDAY        0.74          0.75 1991   0.07   0.67     0.54
  MONTH TO DATE    1.02                      1.34  -0.32     2.63
  SINCE SEP 1      6.09                      8.30  -2.21    11.34
  SINCE JAN 1     30.01                     29.00   1.01    28.47

SNOWFALL (IN)
  YESTERDAY        6.5 R         4.2  1886   0.5    6.0      0.0
  MONTH TO DATE    6.5                       6.9   -0.4      2.5
  SINCE SEP 1      6.5                       9.3   -2.8      2.5
  SINCE JUL 1      6.5                       9.3   -2.8      2.5
  SNOW DEPTH       0

DEGREE DAYS
 HEATING
  YESTERDAY       32                        38     -6       17
  MONTH TO DATE  334                       595   -261      373
  SINCE SEP 1   1027                      1571   -544     1096
  SINCE JUL 1   1081                      1720   -639     1192

 COOLING
  YESTERDAY        0                         0      0        0
  MONTH TO DATE    0                         0      0        0
  SINCE SEP 1     14                        14      0       58
  SINCE JAN 1    281                       204     77      336
..................................................................


WIND (MPH)
  HIGHEST WIND SPEED    32   HIGHEST WIND DIRECTION    NW (330)
  HIGHEST GUST SPEED    45   HIGHEST GUST DIRECTION     N (350)
  AVERAGE WIND SPEED    20.0


SKY COVER
  AVERAGE SKY COVER 1.0


WEATHER CONDITIONS
 THE FOLLOWING WEATHER WAS RECORDED YESTERDAY.
  THUNDERSTORM
  RAIN
  LIGHT RAIN
  HEAVY SNOW
  SNOW
  LIGHT SNOW
  SLEET
  FOG
  FOG W/VISIBILITY <= 1/4 MILE
  HAZE
  BLOWING SNOW


RELATIVE HUMIDITY (PERCENT)
 HIGHEST   100          1200 AM
 LOWEST     81           900 PM
 AVERAGE    91

..........................................................


THE DULUTH MN CLIMATE NORMALS FOR TODAY
                         NORMAL    RECORD    YEAR
 MAXIMUM TEMPERATURE (F)   34        55      1912
 MINIMUM TEMPERATURE (F)   20       -10      1932


SUNRISE AND SUNSET
NOVEMBER 19 2016......SUNRISE   718 AM CST   SUNSET   430 PM CST
NOVEMBER 20 2016......SUNRISE   719 AM CST   SUNSET   429 PM CST


-  INDICATES NEGATIVE NUMBERS.
R  INDICATES RECORD WAS SET OR TIED.
MM INDICATES DATA IS MISSING.
T  INDICATES TRACE AMOUNT.




$$
