000
CDUS43 KDLH 031245
CLIDLH


CLIMATE REPORT
NATIONAL WEATHER SERVICE DULUTH MN
745 AM CDT THU SEP 3 2015


...................................

...THE DULUTH MN CLIMATE SUMMARY FOR SEPTEMBER 2 2015...

CLIMATE NORMAL PERIOD 1981 TO 2010
CLIMATE RECORD PERIOD 1870 TO 2015


WEATHER ITEM   OBSERVED TIME   RECORD YEAR NORMAL DEPARTURE LAST
                VALUE   (LST)  VALUE       VALUE  FROM      YEAR
                                                  NORMAL
..................................................................
TEMPERATURE (F)
 YESTERDAY
  MAXIMUM         75    208 PM  92    1983  70      5       76
  MINIMUM         61   1006 PM  34    1974  51     10       51
                                      1946
  AVERAGE         68                        61      7       64

PRECIPITATION (IN)
  YESTERDAY        2.02          2.20 1985   0.13   1.89      T
  MONTH TO DATE    2.02                      0.27   1.75     0.25
  SINCE SEP 1      2.02                      0.27   1.75     0.25
  SINCE JAN 1     19.15                     20.97  -1.82    25.20

SNOWFALL (IN)
  YESTERDAY        0.0           0.0  2002   0.0    0.0      0.0
                                      2001
  MONTH TO DATE    0.0                       0.0    0.0      0.0
  SINCE SEP 1      0.0                       0.0    0.0      0.0
  SINCE JUL 1      0.0                       0.0    0.0      0.0
  SNOW DEPTH       0

DEGREE DAYS
 HEATING
  YESTERDAY        0                         5     -5        1
  MONTH TO DATE    0                        10    -10        2
  SINCE SEP 1      0                        10    -10        2
  SINCE JUL 1     96                       159    -63       79

 COOLING
  YESTERDAY        3                         1      2        0
  MONTH TO DATE   14                         2     12        0
  SINCE SEP 1     14                         2     12        0
  SINCE JAN 1    292                       192    100      170
..................................................................


WIND (MPH)
  HIGHEST WIND SPEED    28   HIGHEST WIND DIRECTION     S (160)
  HIGHEST GUST SPEED    36   HIGHEST GUST DIRECTION     S (160)
  AVERAGE WIND SPEED     8.7


SKY COVER
  AVERAGE SKY COVER 0.6


WEATHER CONDITIONS
 THE FOLLOWING WEATHER WAS RECORDED YESTERDAY.
  THUNDERSTORM
  HEAVY RAIN
  RAIN
  LIGHT RAIN
  FOG


RELATIVE HUMIDITY (PERCENT)
 HIGHEST   100           300 AM
 LOWEST     74           200 PM
 AVERAGE    87

..........................................................


THE DULUTH MN CLIMATE NORMALS FOR TODAY
                         NORMAL    RECORD    YEAR
 MAXIMUM TEMPERATURE (F)   70        89      1960
 MINIMUM TEMPERATURE (F)   51        32      1974


SUNRISE AND SUNSET
SEPTEMBER  3 2015.....SUNRISE   631 AM CDT   SUNSET   745 PM CDT
SEPTEMBER  4 2015.....SUNRISE   632 AM CDT   SUNSET   743 PM CDT


-  INDICATES NEGATIVE NUMBERS.
R  INDICATES RECORD WAS SET OR TIED.
MM INDICATES DATA IS MISSING.
T  INDICATES TRACE AMOUNT.




$$
