000
CDUS43 KDLH 270625
CLIDLH


CLIMATE REPORT
NATIONAL WEATHER SERVICE DULUTH MN
1225 AM CST SAT DEC 27 2014


...................................

...THE DULUTH MN CLIMATE SUMMARY FOR DECEMBER 26 2014...

CLIMATE NORMAL PERIOD 1981 TO 2010
CLIMATE RECORD PERIOD 1870 TO 2014


WEATHER ITEM   OBSERVED TIME   RECORD YEAR NORMAL DEPARTURE LAST
                VALUE   (LST)  VALUE       VALUE  FROM      YEAR
                                                  NORMAL
..................................................................
TEMPERATURE (F)
 YESTERDAY
  MAXIMUM         30    324 PM  43    2011  20     10       13
  MINIMUM         24   1159 PM -27    1934   4     20       -6
  AVERAGE         27                        12     15        4

PRECIPITATION (IN)
  YESTERDAY        0.01          0.43 1938   0.04  -0.03      T
  MONTH TO DATE    1.26                      1.03   0.23     2.87
  SINCE DEC 1      1.26                      1.03   0.23     2.87
  SINCE JAN 1     30.63                     30.78  -0.15    30.47

SNOWFALL (IN)
  YESTERDAY        T             4.5  1968   0.6   -0.6       T
  MONTH TO DATE    8.6                      14.5   -5.9     39.8
  SINCE DEC 1      8.6                      14.5   -5.9     39.8
  SINCE JUL 1     25.1                      30.6   -5.5     44.8
  SNOW DEPTH       5

DEGREE DAYS
 HEATING
  YESTERDAY       38                        53    -15       61
  MONTH TO DATE 1042                      1289   -247     1547
  SINCE DEC 1   1042                      1289   -247     1547
  SINCE JUL 1   3257                      3502   -245     3504

 COOLING
  YESTERDAY        0                         0      0        0
  MONTH TO DATE    0                         0      0        0
  SINCE DEC 1      0                         0      0        0
  SINCE JAN 1    179                       204    -25      375
..................................................................


WIND (MPH)
  HIGHEST WIND SPEED    12   HIGHEST WIND DIRECTION     N (10)
  HIGHEST GUST SPEED    16   HIGHEST GUST DIRECTION     N (350)
  AVERAGE WIND SPEED     7.6


SKY COVER
  AVERAGE SKY COVER 1.0


WEATHER CONDITIONS
 THE FOLLOWING WEATHER WAS RECORDED YESTERDAY.
  LIGHT SNOW


RELATIVE HUMIDITY (PERCENT)
 HIGHEST    81           700 AM
 LOWEST     68           900 PM
 AVERAGE    75

..........................................................


THE DULUTH MN CLIMATE NORMALS FOR TODAY
                         NORMAL    RECORD    YEAR
 MAXIMUM TEMPERATURE (F)   20        40      2003
 MINIMUM TEMPERATURE (F)    4       -28      1924
                                             1917


SUNRISE AND SUNSET
DECEMBER 27 2014......SUNRISE   753 AM CST   SUNSET   426 PM CST
DECEMBER 28 2014......SUNRISE   753 AM CST   SUNSET   427 PM CST


-  INDICATES NEGATIVE NUMBERS.
R  INDICATES RECORD WAS SET OR TIED.
MM INDICATES DATA IS MISSING.
T  INDICATES TRACE AMOUNT.




$$
