000
CDUS43 KDLH 260623
CLIDLH


CLIMATE REPORT
NATIONAL WEATHER SERVICE DULUTH MN
1222 AM CST THU FEB 26 2015


...................................

...THE DULUTH MN CLIMATE SUMMARY FOR FEBRUARY 25 2015...

CLIMATE NORMAL PERIOD 1981 TO 2010
CLIMATE RECORD PERIOD 1870 TO 2015


WEATHER ITEM   OBSERVED TIME   RECORD YEAR NORMAL DEPARTURE LAST
                VALUE   (LST)  VALUE       VALUE  FROM      YEAR
                                                  NORMAL
..................................................................
TEMPERATURE (F)
 YESTERDAY
  MAXIMUM         10    345 PM  53    1976  27    -17        5
  MINIMUM         -5    752 AM -26    1990  10    -15      -12
  AVERAGE          3                        18    -15       -3

PRECIPITATION (IN)
  YESTERDAY        0.00          1.06 2007   0.04  -0.04     0.00
  MONTH TO DATE    0.38                      0.69  -0.31     2.12
  SINCE DEC 1      2.10                      2.86  -0.76     5.73
  SINCE JAN 1      0.84                      1.65  -0.81     2.85

SNOWFALL (IN)
  YESTERDAY        0.0          11.3  2007   0.5   -0.5      0.0
  MONTH TO DATE    8.2                      10.8   -2.6     29.5
  SINCE DEC 1     23.4                      47.9  -24.5     78.8
  SINCE JUL 1     39.9                      64.0  -24.1     83.8
  SNOW DEPTH      10

DEGREE DAYS
 HEATING
  YESTERDAY       62                        46     16       68
  MONTH TO DATE 1483                      1262    221     1453
  SINCE DEC 1   4440                      4517    -77     5274
  SINCE JUL 1   6655                      6730    -75     7231

 COOLING
  YESTERDAY        0                         0      0        0
  MONTH TO DATE    0                         0      0        0
  SINCE DEC 1      0                         0      0        0
  SINCE JAN 1      0                         0      0        0
..................................................................


WIND (MPH)
  HIGHEST WIND SPEED    15   HIGHEST WIND DIRECTION    NW (310)
  HIGHEST GUST SPEED    20   HIGHEST GUST DIRECTION     N (340)
  AVERAGE WIND SPEED     8.3


SKY COVER
  AVERAGE SKY COVER 0.1


WEATHER CONDITIONS
 THE FOLLOWING WEATHER WAS RECORDED YESTERDAY.
  NO SIGNIFICANT WEATHER WAS OBSERVED.


RELATIVE HUMIDITY (PERCENT)
 HIGHEST    64           500 AM
 LOWEST     41           500 PM
 AVERAGE    53

..........................................................


THE DULUTH MN CLIMATE NORMALS FOR TODAY
                         NORMAL    RECORD    YEAR
 MAXIMUM TEMPERATURE (F)   28        58      1895
 MINIMUM TEMPERATURE (F)   10       -22      1919


SUNRISE AND SUNSET
FEBRUARY 26 2015......SUNRISE   654 AM CST   SUNSET   550 PM CST
FEBRUARY 27 2015......SUNRISE   652 AM CST   SUNSET   551 PM CST


-  INDICATES NEGATIVE NUMBERS.
R  INDICATES RECORD WAS SET OR TIED.
MM INDICATES DATA IS MISSING.
T  INDICATES TRACE AMOUNT.




$$
