000
CDUS43 KDLH 290645
CLIDLH


CLIMATE REPORT
NATIONAL WEATHER SERVICE DULUTH MN
143 AM CDT MON AUG 29 2016


...................................

...THE DULUTH MN CLIMATE SUMMARY FOR AUGUST 28 2016...

CLIMATE NORMAL PERIOD 1981 TO 2010
CLIMATE RECORD PERIOD 1870 TO 2016


WEATHER ITEM   OBSERVED TIME   RECORD YEAR NORMAL DEPARTURE LAST
                VALUE   (LST)  VALUE       VALUE  FROM      YEAR
                                                  NORMAL
..................................................................
TEMPERATURE (F)
 YESTERDAY
  MAXIMUM         74    352 PM  91    1984  72      2       79
  MINIMUM         55    310 AM  34    1982  53      2       58
  AVERAGE         65                        62      3       69

PRECIPITATION (IN)
  YESTERDAY        0.00          2.89 1951   0.13  -0.13     0.00
  MONTH TO DATE    3.24                      3.33  -0.09     4.04
  SINCE JUN 1     12.09                     11.41   0.68    10.69
  SINCE JAN 1     22.20                     20.33   1.87    17.08

SNOWFALL (IN)
  YESTERDAY        0.0           0.0  2002   0.0    0.0      0.0
                                      2001
  MONTH TO DATE    0.0                       0.0    0.0      0.0
  SINCE JUN 1      T                         0.0    0.0       T
  SINCE JUL 1      0.0                       0.0    0.0      0.0
  SNOW DEPTH       0

DEGREE DAYS
 HEATING
  YESTERDAY        0                         4     -4        0
  MONTH TO DATE   23                        72    -49       81
  SINCE JUN 1    194                       314   -120      217
  SINCE JUL 1     52                       135    -83       96

 COOLING
  YESTERDAY        0                         1     -1        4
  MONTH TO DATE  103                        64     39       80
  SINCE JUN 1    249                       184     65      258
  SINCE JAN 1    258                       188     70      262
..................................................................


WIND (MPH)
  HIGHEST WIND SPEED    13   HIGHEST WIND DIRECTION    SE (120)
  HIGHEST GUST SPEED    16   HIGHEST GUST DIRECTION     E (110)
  AVERAGE WIND SPEED     6.5


SKY COVER
  AVERAGE SKY COVER 0.7


WEATHER CONDITIONS
 THE FOLLOWING WEATHER WAS RECORDED YESTERDAY.
  FOG
  FOG W/VISIBILITY <= 1/4 MILE


RELATIVE HUMIDITY (PERCENT)
 HIGHEST   100           200 AM
 LOWEST     68           300 PM
 AVERAGE    84

..........................................................


THE DULUTH MN CLIMATE NORMALS FOR TODAY
                         NORMAL    RECORD    YEAR
 MAXIMUM TEMPERATURE (F)   72        91      1961
                                             1921
                                             1905
 MINIMUM TEMPERATURE (F)   52        33      1976


SUNRISE AND SUNSET
AUGUST 29 2016........SUNRISE   625 AM CDT   SUNSET   753 PM CDT
AUGUST 30 2016........SUNRISE   626 AM CDT   SUNSET   751 PM CDT


-  INDICATES NEGATIVE NUMBERS.
R  INDICATES RECORD WAS SET OR TIED.
MM INDICATES DATA IS MISSING.
T  INDICATES TRACE AMOUNT.




$$
