000
CDUS43 KDLH 300649
CLIDLH


CLIMATE REPORT
NATIONAL WEATHER SERVICE DULUTH MN
147 AM CDT TUE SEP 30 2014


...................................

...THE DULUTH MN CLIMATE SUMMARY FOR SEPTEMBER 29 2014...

CLIMATE NORMAL PERIOD 1981 TO 2010
CLIMATE RECORD PERIOD 1870 TO 2014


WEATHER ITEM   OBSERVED TIME   RECORD YEAR NORMAL DEPARTURE LAST
                VALUE   (LST)  VALUE       VALUE  FROM      YEAR
                                                  NORMAL
..................................................................
TEMPERATURE (F)
 YESTERDAY
  MAXIMUM         51   1228 AM  83    1892  59     -8       71
  MINIMUM         44   1159 PM  25    1984  41      3       42
  AVERAGE         48                        50     -2       57

PRECIPITATION (IN)
  YESTERDAY        0.11          2.88 1881   0.13  -0.02     0.00
  MONTH TO DATE    1.64                      3.99  -2.35     1.26
  SINCE SEP 1      1.64                      3.99  -2.35     1.26
  SINCE JAN 1     26.59                     24.69   1.90    22.85

SNOWFALL (IN)
  YESTERDAY        0.0           T    1993   0.0    0.0      0.0
  MONTH TO DATE    0.0                       0.1   -0.1      0.0
  SINCE SEP 1      0.0                       0.1   -0.1      0.0
  SINCE JUL 1      0.0                       0.1   -0.1      0.0
  SNOW DEPTH       0

DEGREE DAYS
 HEATING
  YESTERDAY       17                        15      2        8
  MONTH TO DATE  208                       281    -73      168
  SINCE SEP 1    208                       281    -73      168
  SINCE JUL 1    285                       430   -145      242

 COOLING
  YESTERDAY        0                         0      0        0
  MONTH TO DATE    9                        13     -4       23
  SINCE SEP 1      9                        13     -4       23
  SINCE JAN 1    179                       203    -24      374
..................................................................


WIND (MPH)
  HIGHEST WIND SPEED    17   HIGHEST WIND DIRECTION     E (90)
  HIGHEST GUST SPEED    23   HIGHEST GUST DIRECTION     E (100)
  AVERAGE WIND SPEED    10.1


SKY COVER
  AVERAGE SKY COVER 1.0


WEATHER CONDITIONS
 THE FOLLOWING WEATHER WAS RECORDED YESTERDAY.
  LIGHT RAIN
  FOG
  HAZE


RELATIVE HUMIDITY (PERCENT)
 HIGHEST    93           300 AM
 LOWEST     76           100 PM
 AVERAGE    85

..........................................................


THE DULUTH MN CLIMATE NORMALS FOR TODAY
                         NORMAL    RECORD    YEAR
 MAXIMUM TEMPERATURE (F)   59        82      1897
 MINIMUM TEMPERATURE (F)   40        26      1972


SUNRISE AND SUNSET
SEPTEMBER 30 2014.....SUNRISE   706 AM CDT   SUNSET   650 PM CDT
OCTOBER  1 2014.......SUNRISE   707 AM CDT   SUNSET   648 PM CDT


-  INDICATES NEGATIVE NUMBERS.
R  INDICATES RECORD WAS SET OR TIED.
MM INDICATES DATA IS MISSING.
T  INDICATES TRACE AMOUNT.




$$
