000
CDUS43 KDLH 302232
CLIDLH


CLIMATE REPORT
NATIONAL WEATHER SERVICE DULUTH MN
431 PM CST SAT DEC 30 2017


...................................

...THE DULUTH CLIMATE SUMMARY FOR DECEMBER 30 2017...
VALID TODAY AS OF 0400 PM LOCAL TIME.

CLIMATE NORMAL PERIOD 1981 TO 2010
CLIMATE RECORD PERIOD 1870 TO 2017


WEATHER ITEM   OBSERVED TIME   RECORD YEAR NORMAL DEPARTURE LAST
                VALUE   (LST)  VALUE       VALUE  FROM      YEAR
                                                  NORMAL
..................................................................
TEMPERATURE (F)
 TODAY
  MAXIMUM         -7    319 PM  43    1901  19    -26       20
  MINIMUM        -20    852 AM -26    1938   3    -23       10
  AVERAGE        -13                        11    -24       15

PRECIPITATION (IN)
  TODAY            T             0.83 2010   0.03  -0.03     0.04
  MONTH TO DATE    0.83                      1.17  -0.34     2.04
  SINCE DEC 1      0.83                      1.17  -0.34     2.04
  SINCE JAN 1     36.78                     30.92   5.86    33.63

SNOWFALL (IN)
  TODAY            T            10.3  1996   0.7   -0.7      0.8
  MONTH TO DATE   13.4                      17.1   -3.7     20.6
  SINCE JUL 1     35.0                      33.2    1.8     28.7
  SNOW DEPTH       5

DEGREE DAYS
 HEATING
  TODAY           78                        54     24       50
  MONTH TO DATE 1601                      1504     97     1463
  SINCE DEC 1   1601                      1504     97     1463
  SINCE JUL 1   3747                      3717     30     2945

 COOLING
  TODAY            0                         0      0        0
  MONTH TO DATE    0                         0      0        0
  SINCE DEC 1      0                         0      0        0
  SINCE JAN 1    126                       204    -78      281
..................................................................


WIND (MPH)
  HIGHEST WIND SPEED    23   HIGHEST WIND DIRECTION    NW (330)
  HIGHEST GUST SPEED    30   HIGHEST GUST DIRECTION    NW (320)
  AVERAGE WIND SPEED    14.0


SKY COVER
  AVERAGE SKY COVER 0.0


WEATHER CONDITIONS
 THE FOLLOWING WEATHER WAS RECORDED TODAY.
  HAZE
  BLOWING SNOW


RELATIVE HUMIDITY (PERCENT)
 HIGHEST    81           100 AM
 LOWEST     63          1200 PM
 AVERAGE    72

..........................................................


THE DULUTH CLIMATE NORMALS FOR TOMORROW
                         NORMAL    RECORD    YEAR
 MAXIMUM TEMPERATURE (F)   19        49      1904
 MINIMUM TEMPERATURE (F)    3       -31      1946


SUNRISE AND SUNSET
DECEMBER 30 2017......SUNRISE   754 AM CST   SUNSET   429 PM CST
DECEMBER 31 2017......SUNRISE   754 AM CST   SUNSET   430 PM CST


-  INDICATES NEGATIVE NUMBERS.
R  INDICATES RECORD WAS SET OR TIED.
MM INDICATES DATA IS MISSING.
T  INDICATES TRACE AMOUNT.




$$
