715
CDUS43 KDLH 120639
CLIDLH


CLIMATE REPORT
NATIONAL WEATHER SERVICE DULUTH MN
139 AM CDT FRI AUG 12 2016


...................................

...THE DULUTH MN CLIMATE SUMMARY FOR AUGUST 11 2016...

CLIMATE NORMAL PERIOD 1981 TO 2010
CLIMATE RECORD PERIOD 1870 TO 2016


WEATHER ITEM   OBSERVED TIME   RECORD YEAR NORMAL DEPARTURE LAST
                VALUE   (LST)  VALUE       VALUE  FROM      YEAR
                                                  NORMAL
..................................................................
TEMPERATURE (F)
 YESTERDAY
  MAXIMUM         72    214 PM  94    1947  75     -3       80
  MINIMUM         61   1248 AM  37    1982  55      6       56
  AVERAGE         67                        65      2       68

PRECIPITATION (IN)
  YESTERDAY        0.02          1.56 1962   0.12  -0.10     0.00
  MONTH TO DATE    1.74                      1.26   0.48     1.46
  SINCE JUN 1     10.59                      9.34   1.25     8.11
  SINCE JAN 1     20.70                     18.26   2.44    14.50

SNOWFALL (IN)
  YESTERDAY        0.0           0.0  2002   0.0    0.0      0.0
                                      2001
  MONTH TO DATE    0.0                       0.0    0.0      0.0
  SINCE JUN 1      T                         0.0    0.0       T
  SINCE JUL 1      0.0                       0.0    0.0      0.0
  SNOW DEPTH       0

DEGREE DAYS
 HEATING
  YESTERDAY        0                         2     -2        0
  MONTH TO DATE    4                        22    -18       15
  SINCE JUN 1    175                       264    -89      151
  SINCE JUL 1     33                        85    -52       30

 COOLING
  YESTERDAY        2                         2      0        3
  MONTH TO DATE   48                        32     16       21
  SINCE JUN 1    194                       152     42      199
  SINCE JAN 1    203                       156     47      203
..................................................................


WIND (MPH)
  HIGHEST WIND SPEED    16   HIGHEST WIND DIRECTION     E (90)
  HIGHEST GUST SPEED    22   HIGHEST GUST DIRECTION     E (100)
  AVERAGE WIND SPEED     6.9


SKY COVER
  AVERAGE SKY COVER 1.0


WEATHER CONDITIONS
 THE FOLLOWING WEATHER WAS RECORDED YESTERDAY.
  LIGHT RAIN
  FOG
  FOG W/VISIBILITY <= 1/4 MILE


RELATIVE HUMIDITY (PERCENT)
 HIGHEST   100          1200 AM
 LOWEST     84           100 PM
 AVERAGE    92

..........................................................


THE DULUTH MN CLIMATE NORMALS FOR TODAY
                         NORMAL    RECORD    YEAR
 MAXIMUM TEMPERATURE (F)   75        89      1965
 MINIMUM TEMPERATURE (F)   55        42      1990


SUNRISE AND SUNSET
AUGUST 12 2016........SUNRISE   603 AM CDT   SUNSET   823 PM CDT
AUGUST 13 2016........SUNRISE   604 AM CDT   SUNSET   821 PM CDT


-  INDICATES NEGATIVE NUMBERS.
R  INDICATES RECORD WAS SET OR TIED.
MM INDICATES DATA IS MISSING.
T  INDICATES TRACE AMOUNT.




$$
