000
CDUS43 KDLH 050624
CLIDLH


CLIMATE REPORT
NATIONAL WEATHER SERVICE DULUTH MN
123 AM CDT FRI MAY 5 2017


...................................

...THE DULUTH MN CLIMATE SUMMARY FOR MAY 4 2017...

CLIMATE NORMAL PERIOD 1981 TO 2010
CLIMATE RECORD PERIOD 1870 TO 2017


WEATHER ITEM   OBSERVED TIME   RECORD YEAR NORMAL DEPARTURE LAST
                VALUE   (LST)  VALUE       VALUE  FROM      YEAR
                                                  NORMAL
..................................................................
TEMPERATURE (F)
 YESTERDAY
  MAXIMUM         60    603 PM  86    1980  58      2       62
  MINIMUM         40   1159 PM  23    1967  37      3       38
  AVERAGE         50                        48      2       50

PRECIPITATION (IN)
  YESTERDAY        T             1.35 1982   0.10  -0.10     0.00
  MONTH TO DATE    0.53                      0.40   0.13      T
  SINCE MAR 1      4.60                      4.32   0.28     6.36
  SINCE JAN 1      7.56                      6.09   1.47     8.24

SNOWFALL (IN)
  YESTERDAY        0.0           2.0  1890   0.0    0.0      0.0
  MONTH TO DATE    0.8                       0.1    0.7      0.0
  SINCE MAR 1      8.0                      20.2  -12.2     27.1
  SINCE JUL 1     67.0                      85.8  -18.8     81.3
  SNOW DEPTH       0

DEGREE DAYS
 HEATING
  YESTERDAY       15                        17     -2       15
  MONTH TO DATE   71                        71      0       62
  SINCE MAR 1   1942                      2043   -101     1899
  SINCE JUL 1   7632                      8910  -1278     7736

 COOLING
  YESTERDAY        0                         0      0        0
  MONTH TO DATE    0                         0      0        0
  SINCE MAR 1      0                         0      0        0
  SINCE JAN 1      0                         0      0        0
..................................................................


WIND (MPH)
  HIGHEST WIND SPEED    17   HIGHEST WIND DIRECTION    SE (120)
  HIGHEST GUST SPEED    19   HIGHEST GUST DIRECTION    SE (120)
  AVERAGE WIND SPEED     8.1


SKY COVER
  AVERAGE SKY COVER 0.5


WEATHER CONDITIONS
 THE FOLLOWING WEATHER WAS RECORDED YESTERDAY.
  LIGHT RAIN
  FOG
  FOG W/VISIBILITY <= 1/4 MILE


RELATIVE HUMIDITY (PERCENT)
 HIGHEST   100           300 AM
 LOWEST     47           300 PM
 AVERAGE    74

..........................................................


THE DULUTH MN CLIMATE NORMALS FOR TODAY
                         NORMAL    RECORD    YEAR
 MAXIMUM TEMPERATURE (F)   59        87      1918
 MINIMUM TEMPERATURE (F)   38        19      1989


SUNRISE AND SUNSET
MAY  5 2017...........SUNRISE   547 AM CDT   SUNSET   824 PM CDT
MAY  6 2017...........SUNRISE   545 AM CDT   SUNSET   825 PM CDT


-  INDICATES NEGATIVE NUMBERS.
R  INDICATES RECORD WAS SET OR TIED.
MM INDICATES DATA IS MISSING.
T  INDICATES TRACE AMOUNT.




$$
