000
CDUS43 KDLH 250620
CLIDLH


CLIMATE REPORT
NATIONAL WEATHER SERVICE DULUTH MN
118 AM CDT TUE MAR 25 2014


...................................

...THE DULUTH MN CLIMATE SUMMARY FOR MARCH 24 2014...

CLIMATE NORMAL PERIOD 1981 TO 2010
CLIMATE RECORD PERIOD 1870 TO 2014


WEATHER ITEM   OBSERVED TIME   RECORD YEAR NORMAL DEPARTURE LAST
                VALUE   (LST)  VALUE       VALUE  FROM      YEAR
                                                  NORMAL
..................................................................
TEMPERATURE (F)
 YESTERDAY
  MAXIMUM         25    354 PM  70    2012  38    -13       29
  MINIMUM         -1    316 AM -21    1974  21    -22       22
  AVERAGE         12                        29    -17       26

PRECIPITATION (IN)
  YESTERDAY        T             1.06 1988   0.06  -0.06      T
  MONTH TO DATE    0.91                      1.12  -0.21     1.57
  SINCE MAR 1      0.91                      1.12  -0.21     1.57
  SINCE JAN 1      3.76                      2.89   0.87     4.12

SNOWFALL (IN)
  YESTERDAY        T             7.0  1975   0.3   -0.3       T
  MONTH TO DATE   14.9                      11.0    3.9     25.5
  SINCE MAR 1     14.9                      11.0    3.9     25.5
  SINCE JUL 1     98.7                      76.6   22.1     78.3
  SNOW DEPTH      27

DEGREE DAYS
 HEATING
  YESTERDAY       53                        36     17       39
  MONTH TO DATE 1160                       973    187     1112
  SINCE MAR 1   1160                       973    187     1112
  SINCE JUL 1   8601                      7840    761     7620

 COOLING
  YESTERDAY        0                         0      0        0
  MONTH TO DATE    0                         0      0        0
  SINCE MAR 1      0                         0      0        0
  SINCE JAN 1      0                         0      0        0
..................................................................


WIND (MPH)
  HIGHEST WIND SPEED    25   HIGHEST WIND DIRECTION     W (280)
  HIGHEST GUST SPEED    32   HIGHEST GUST DIRECTION     W (290)
  AVERAGE WIND SPEED    14.6


SKY COVER
  AVERAGE SKY COVER 0.4


WEATHER CONDITIONS
 THE FOLLOWING WEATHER WAS RECORDED YESTERDAY.
  LIGHT SNOW
  HAZE


RELATIVE HUMIDITY (PERCENT)
 HIGHEST    79           300 AM
 LOWEST     40           300 PM
 AVERAGE    60

..........................................................


THE DULUTH MN CLIMATE NORMALS FOR TODAY
                         NORMAL    RECORD    YEAR
 MAXIMUM TEMPERATURE (F)   38        64      1925
 MINIMUM TEMPERATURE (F)   21        -8      1955


SUNRISE AND SUNSET
MARCH 25 2014.........SUNRISE   701 AM CDT   SUNSET   728 PM CDT
MARCH 26 2014.........SUNRISE   700 AM CDT   SUNSET   730 PM CDT


-  INDICATES NEGATIVE NUMBERS.
R  INDICATES RECORD WAS SET OR TIED.
MM INDICATES DATA IS MISSING.
T  INDICATES TRACE AMOUNT.




$$
