000
CDUS43 KDLH 050627
CLIDLH


CLIMATE REPORT
NATIONAL WEATHER SERVICE DULUTH MN
126 AM CDT TUE JUL 5 2016


...................................

...THE DULUTH MN CLIMATE SUMMARY FOR JULY 4 2016...

CLIMATE NORMAL PERIOD 1981 TO 2010
CLIMATE RECORD PERIOD 1870 TO 2016


WEATHER ITEM   OBSERVED TIME   RECORD YEAR NORMAL DEPARTURE LAST
                VALUE   (LST)  VALUE       VALUE  FROM      YEAR
                                                  NORMAL
..................................................................
TEMPERATURE (F)
 YESTERDAY
  MAXIMUM         76    329 PM  95    1881  75      1       76
  MINIMUM         56    421 AM  40    1972  54      2       58
  AVERAGE         66                        65      1       67

PRECIPITATION (IN)
  YESTERDAY        0.00          1.87 1949   0.15  -0.15     0.00
                                      1913
  MONTH TO DATE    0.00                      0.60  -0.60     0.12
  SINCE JUN 1      4.46                      4.83  -0.37     3.76
  SINCE JAN 1     14.57                     13.75   0.82    10.15

SNOWFALL (IN)
  YESTERDAY        0.0           0.0  2002   0.0    0.0      0.0
                                      2001
  MONTH TO DATE    0.0                       0.0    0.0      0.0
  SINCE JUN 1      T                         0.0    0.0       T
  SINCE JUL 1      0.0                       0.0    0.0      0.0
  SNOW DEPTH       0

DEGREE DAYS
 HEATING
  YESTERDAY        0                         3     -3        0
  MONTH TO DATE    7                        12     -5        5
  SINCE JUN 1    149                       191    -42      126
  SINCE JUL 1      7                        12     -5        5

 COOLING
  YESTERDAY        1                         3     -2        2
  MONTH TO DATE    1                         9     -8        7
  SINCE JUN 1     44                        39      5       29
  SINCE JAN 1     53                        43     10       33
..................................................................


WIND (MPH)
  HIGHEST WIND SPEED    18   HIGHEST WIND DIRECTION    SW (220)
  HIGHEST GUST SPEED    24   HIGHEST GUST DIRECTION     W (250)
  AVERAGE WIND SPEED     9.7


SKY COVER
  AVERAGE SKY COVER 0.5


WEATHER CONDITIONS
 THE FOLLOWING WEATHER WAS RECORDED YESTERDAY.
  NO SIGNIFICANT WEATHER WAS OBSERVED.


RELATIVE HUMIDITY (PERCENT)
 HIGHEST    80           400 AM
 LOWEST     57          1200 PM
 AVERAGE    69

..........................................................


THE DULUTH MN CLIMATE NORMALS FOR TODAY
                         NORMAL    RECORD    YEAR
 MAXIMUM TEMPERATURE (F)   76        94      1886
 MINIMUM TEMPERATURE (F)   54        36      1967


SUNRISE AND SUNSET
JULY  5 2016..........SUNRISE   521 AM CDT   SUNSET   905 PM CDT
JULY  6 2016..........SUNRISE   522 AM CDT   SUNSET   904 PM CDT


-  INDICATES NEGATIVE NUMBERS.
R  INDICATES RECORD WAS SET OR TIED.
MM INDICATES DATA IS MISSING.
T  INDICATES TRACE AMOUNT.




$$
