000
CDUS43 KDLH 080619
CLIDLH


CLIMATE REPORT
NATIONAL WEATHER SERVICE DULUTH MN
1218 AM CST WED NOV 8 2017


...................................

...THE DULUTH MN CLIMATE SUMMARY FOR NOVEMBER 7 2017...

CLIMATE NORMAL PERIOD 1981 TO 2010
CLIMATE RECORD PERIOD 1870 TO 2017


WEATHER ITEM   OBSERVED TIME   RECORD YEAR NORMAL DEPARTURE LAST
                VALUE   (LST)  VALUE       VALUE  FROM      YEAR
                                                  NORMAL
..................................................................
TEMPERATURE (F)
 YESTERDAY
  MAXIMUM         25    331 PM  65    1874  40    -15       61
  MINIMUM          9    724 AM  -1    1991  27    -18       46
  AVERAGE         17                        34    -17       54

PRECIPITATION (IN)
  YESTERDAY        0.00          1.78 1915   0.07  -0.07     0.00
  MONTH TO DATE    0.90                      0.52   0.38     0.01
  SINCE SEP 1      7.85                      7.48   0.37     5.08
  SINCE JAN 1     35.54                     28.18   7.36    29.00

SNOWFALL (IN)
  YESTERDAY        0.0           9.1  1947   0.3   -0.3      0.0
  MONTH TO DATE    7.6                       2.0    5.6      0.0
  SINCE SEP 1     18.7                       4.4   14.3       T
  SINCE JUL 1     18.7                       4.4   14.3       T
  SNOW DEPTH       3

DEGREE DAYS
 HEATING
  YESTERDAY       48                        32     16       11
  MONTH TO DATE  269                       212     57      101
  SINCE SEP 1   1075                      1188   -113      794
  SINCE JUL 1   1245                      1337    -92      848

 COOLING
  YESTERDAY        0                         0      0        0
  MONTH TO DATE    0                         0      0        0
  SINCE SEP 1     26                        14     12       14
  SINCE JAN 1    126                       204    -78      281
..................................................................


WIND (MPH)
  HIGHEST WIND SPEED    20   HIGHEST WIND DIRECTION     W (280)
  HIGHEST GUST SPEED    23   HIGHEST GUST DIRECTION     W (280)
  AVERAGE WIND SPEED    11.2


SKY COVER
  AVERAGE SKY COVER 0.2


WEATHER CONDITIONS
 THE FOLLOWING WEATHER WAS RECORDED YESTERDAY.
  HAZE


RELATIVE HUMIDITY (PERCENT)
 HIGHEST   100           800 AM
 LOWEST     55           100 PM
 AVERAGE    78

..........................................................


THE DULUTH MN CLIMATE NORMALS FOR TODAY
                         NORMAL    RECORD    YEAR
 MAXIMUM TEMPERATURE (F)   40        69      1999
 MINIMUM TEMPERATURE (F)   26        -5      2003


SUNRISE AND SUNSET
NOVEMBER  8 2017......SUNRISE   702 AM CST   SUNSET   443 PM CST
NOVEMBER  9 2017......SUNRISE   703 AM CST   SUNSET   441 PM CST


-  INDICATES NEGATIVE NUMBERS.
R  INDICATES RECORD WAS SET OR TIED.
MM INDICATES DATA IS MISSING.
T  INDICATES TRACE AMOUNT.




$$
