072
CDUS43 KDLH 132236
CLIDLH


CLIMATE REPORT
NATIONAL WEATHER SERVICE DULUTH MN
533 PM CDT WED SEP 13 2017


...................................

...THE DULUTH CLIMATE SUMMARY FOR SEPTEMBER 13 2017...
VALID TODAY AS OF 0500 PM LOCAL TIME.

CLIMATE NORMAL PERIOD 1981 TO 2010
CLIMATE RECORD PERIOD 1870 TO 2017


WEATHER ITEM   OBSERVED TIME   RECORD YEAR NORMAL DEPARTURE LAST
                VALUE   (LST)  VALUE       VALUE  FROM      YEAR
                                                  NORMAL
..................................................................
TEMPERATURE (F)
 TODAY
  MAXIMUM         82    246 PM  84    1990  66     16       62
  MINIMUM         61    549 AM  30    1975  47     14       44
                                      1963
                                      1923
  AVERAGE         72                        57     15       53

PRECIPITATION (IN)
  TODAY            0.00          2.34 1998   0.15  -0.15     0.00
  MONTH TO DATE    0.86                      1.81  -0.95     2.22
  SINCE SEP 1      0.86                      1.81  -0.95     2.22
  SINCE JAN 1     28.55                     22.51   6.04    26.14

SNOWFALL (IN)
  TODAY            0.0           T    1949   0.0    0.0      0.0
  MONTH TO DATE    0.0                       0.0    0.0      0.0
  SINCE JUL 1      T                         0.0    0.0      0.0
  SNOW DEPTH       0

DEGREE DAYS
 HEATING
  TODAY            0                         9     -9       12
  MONTH TO DATE   85                        88     -3       29
  SINCE SEP 1     85                        88     -3       29
  SINCE JUL 1    255                       237     18       83

 COOLING
  TODAY            7                         1      6        0
  MONTH TO DATE    8                        13     -5       14
  SINCE SEP 1      8                        13     -5       14
  SINCE JAN 1    108                       203    -95      281
..................................................................


WIND (MPH)
  HIGHEST WIND SPEED    15   HIGHEST WIND DIRECTION     S (190)
  HIGHEST GUST SPEED    18   HIGHEST GUST DIRECTION     S (200)
  AVERAGE WIND SPEED     8.5


SKY COVER
  AVERAGE SKY COVER 0.0


WEATHER CONDITIONS
 THE FOLLOWING WEATHER WAS RECORDED TODAY.
  FOG
  HAZE


RELATIVE HUMIDITY (PERCENT)
 HIGHEST   100           200 AM
 LOWEST     58           200 PM
 AVERAGE    79

..........................................................


THE DULUTH CLIMATE NORMALS FOR TOMORROW
                         NORMAL    RECORD    YEAR
 MAXIMUM TEMPERATURE (F)   66        84      1920
 MINIMUM TEMPERATURE (F)   47        30      1964


SUNRISE AND SUNSET
SEPTEMBER 13 2017.....SUNRISE   644 AM CDT   SUNSET   724 PM CDT
SEPTEMBER 14 2017.....SUNRISE   646 AM CDT   SUNSET   722 PM CDT


-  INDICATES NEGATIVE NUMBERS.
R  INDICATES RECORD WAS SET OR TIED.
MM INDICATES DATA IS MISSING.
T  INDICATES TRACE AMOUNT.




$$
