000
CDUS43 KDLH 240622
CLIDLH


CLIMATE REPORT
NATIONAL WEATHER SERVICE DULUTH MN
120 AM CDT TUE MAY 24 2016


...................................

...THE DULUTH MN CLIMATE SUMMARY FOR MAY 23 2016...

CLIMATE NORMAL PERIOD 1981 TO 2010
CLIMATE RECORD PERIOD 1870 TO 2016


WEATHER ITEM   OBSERVED TIME   RECORD YEAR NORMAL DEPARTURE LAST
                VALUE   (LST)  VALUE       VALUE  FROM      YEAR
                                                  NORMAL
..................................................................
TEMPERATURE (F)
 YESTERDAY
  MAXIMUM         79    140 PM  84    1980  64     15       78
  MINIMUM         53   1255 AM  28    1917  43     10       53
  AVERAGE         66                        54     12       66

PRECIPITATION (IN)
  YESTERDAY        0.15          3.93 2010   0.11   0.04     0.00
  MONTH TO DATE    1.01                      2.36  -1.35     2.87
  SINCE MAR 1      7.37                      6.28   1.09     4.69
  SINCE JAN 1      9.25                      8.05   1.20     5.53

SNOWFALL (IN)
  YESTERDAY        0.0           0.5  1924   0.0    0.0      0.0
  MONTH TO DATE    0.1                       0.4   -0.3       T
  SINCE MAR 1     27.2                      20.5    6.7      9.3
  SINCE JUL 1     81.4                      86.1   -4.7     49.2
  SNOW DEPTH       0

DEGREE DAYS
 HEATING
  YESTERDAY        0                        12    -12        0
  MONTH TO DATE  305                       342    -37      326
  SINCE MAR 1   2142                      2314   -172     2060
  SINCE JUL 1   7979                      9181  -1202     8899

 COOLING
  YESTERDAY        1                         0      1        1
  MONTH TO DATE    8                         0      8        1
  SINCE MAR 1      8                         0      8        1
  SINCE JAN 1      8                         0      8        1
..................................................................


WIND (MPH)
  HIGHEST WIND SPEED    24   HIGHEST WIND DIRECTION    SW (230)
  HIGHEST GUST SPEED    31   HIGHEST GUST DIRECTION    SW (230)
  AVERAGE WIND SPEED    12.0


SKY COVER
  AVERAGE SKY COVER 0.5


WEATHER CONDITIONS
 THE FOLLOWING WEATHER WAS RECORDED YESTERDAY.
  THUNDERSTORM
  LIGHT RAIN
  FOG


RELATIVE HUMIDITY (PERCENT)
 HIGHEST    97          1100 PM
 LOWEST     46           100 PM
 AVERAGE    72

..........................................................


THE DULUTH MN CLIMATE NORMALS FOR TODAY
                         NORMAL    RECORD    YEAR
 MAXIMUM TEMPERATURE (F)   65        84      2014
                                             1875
 MINIMUM TEMPERATURE (F)   43        31      1949


SUNRISE AND SUNSET
MAY 24 2016...........SUNRISE   524 AM CDT   SUNSET   848 PM CDT
MAY 25 2016...........SUNRISE   523 AM CDT   SUNSET   849 PM CDT


-  INDICATES NEGATIVE NUMBERS.
R  INDICATES RECORD WAS SET OR TIED.
MM INDICATES DATA IS MISSING.
T  INDICATES TRACE AMOUNT.




$$
