000
CDUS43 KDLH 230633
CLIDLH


CLIMATE REPORT
NATIONAL WEATHER SERVICE DULUTH MN
132 AM CDT SAT JUL 23 2016


...................................

...THE DULUTH MN CLIMATE SUMMARY FOR JULY 22 2016...

CLIMATE NORMAL PERIOD 1981 TO 2010
CLIMATE RECORD PERIOD 1870 TO 2016


WEATHER ITEM   OBSERVED TIME   RECORD YEAR NORMAL DEPARTURE LAST
                VALUE   (LST)  VALUE       VALUE  FROM      YEAR
                                                  NORMAL
..................................................................
TEMPERATURE (F)
 YESTERDAY
  MAXIMUM         90    333 PM  95    1941  77     13       82
  MINIMUM         62    358 AM  40    1985  56      6       55
  AVERAGE         76                        66     10       69

PRECIPITATION (IN)
  YESTERDAY        0.00          1.75 1967   0.11  -0.11     0.00
  MONTH TO DATE    4.32                      2.86   1.46     2.97
  SINCE JUN 1      8.78                      7.09   1.69     6.61
  SINCE JAN 1     18.89                     16.01   2.88    13.00

SNOWFALL (IN)
  YESTERDAY        0.0           0.0  2002   0.0    0.0      0.0
                                      2001
  MONTH TO DATE    0.0                       0.0    0.0      0.0
  SINCE JUN 1      T                         0.0    0.0       T
  SINCE JUL 1      0.0                       0.0    0.0      0.0
  SNOW DEPTH       0

DEGREE DAYS
 HEATING
  YESTERDAY        0                         2     -2        0
  MONTH TO DATE   21                        50    -29       15
  SINCE JUN 1    163                       229    -66      136
  SINCE JUL 1     21                        50    -29       15

 COOLING
  YESTERDAY       11                         3      8        4
  MONTH TO DATE   71                        63      8       82
  SINCE JUN 1    114                        93     21      104
  SINCE JAN 1    123                        97     26      108
..................................................................


WIND (MPH)
  HIGHEST WIND SPEED    17   HIGHEST WIND DIRECTION     W (280)
  HIGHEST GUST SPEED    23   HIGHEST GUST DIRECTION    NW (310)
  AVERAGE WIND SPEED     7.9


SKY COVER
  AVERAGE SKY COVER 0.1


WEATHER CONDITIONS
 THE FOLLOWING WEATHER WAS RECORDED YESTERDAY.
  NO SIGNIFICANT WEATHER WAS OBSERVED.


RELATIVE HUMIDITY (PERCENT)
 HIGHEST    93           400 AM
 LOWEST     34           400 PM
 AVERAGE    64

..........................................................


THE DULUTH MN CLIMATE NORMALS FOR TODAY
                         NORMAL    RECORD    YEAR
 MAXIMUM TEMPERATURE (F)   77        93      1945
 MINIMUM TEMPERATURE (F)   56        39      1962


SUNRISE AND SUNSET
JULY 23 2016..........SUNRISE   539 AM CDT   SUNSET   851 PM CDT
JULY 24 2016..........SUNRISE   540 AM CDT   SUNSET   850 PM CDT


-  INDICATES NEGATIVE NUMBERS.
R  INDICATES RECORD WAS SET OR TIED.
MM INDICATES DATA IS MISSING.
T  INDICATES TRACE AMOUNT.




$$
